000
CXUS56 KMFR 011030
CF6RBG
PRELIMINARY LOCAL CLIMATOLOGICAL DATA (WS FORM: F-6)
STATION: ROSEBURG OR
MONTH: DECEMBER
YEAR: 2021
LATITUDE: 43 13 N
LONGITUDE: 123 22 W
TEMPERATURE IN F: :PCPN: SNOW: WIND :SUNSHINE: SKY :PK WND
================================================================================
1 2 3 4 5 6A 6B 7 8 9 10 11 12 13 14 15 16 17 18
12Z AVG MX 2MIN
DY MAX MIN AVG DEP HDD CDD WTR SNW DPTH SPD SPD DIR MIN PSBL S-S WX SPD DR
================================================================================
1 60 44 52 8 13 0 0.00 M M 1.4 7 230 M M 4 128 10 230
2 52 46 49 5 16 0 T M M 1.0 7 320 M M 10 12 11 300
3 50 45 48 4 17 0 0.00 M M 3.4 10 360 M M 10 1 13 360
4 55 44 50 7 15 0 0.00 M M 3.0 9 140 M M 8 12 150
5 51 45 48 5 17 0 0.00 M M 4.1 14 360 M M 10 18 10
6 50 45 48 5 17 0 0.28 M M 1.3 6 360 M M 10 1 7 160
7 55 45 50 7 15 0 0.00 M M 2.6 9 360 M M 9 12 12 10
8 52 37 45 2 20 0 0.01 M M 2.1 13 330 M M 8 1 19 350
9 45 34 40 -3 25 0 0.11 M M 2.0 8 230 M M 9 1 11 230
10 49 36 43 1 22 0 0.01 M M 3.5 9 140 M M 6 1 13 140
11 50 38 44 2 21 0 0.92 M M 8.1 21 170 M M 9 1 35 180
12 48 41 45 3 20 0 0.37 M M 5.2 15 150 M M 8 1 20 150
13 43 35 39 -3 26 0 0.66 M M 2.1 10 180 M M 9 1 17 280
14 45 33 39 -3 26 0 T M M 1.0 7 270 M M 6 12 10 270
15 45 36 41 -1 24 0 0.16 M M 5.5 21 160 M M 9 32 160
16 49 36 43 1 22 0 0.18 M M 1.5 9 160 M M 10 1 13 160
17 49 36 43 1 22 0 0.00 M M 1.3 6 150 M M 5 12 11 210
18 56 40 48 6 17 0 0.00 M M 3.0 12 180 M M 9 18 180
19 53 45 49 7 16 0 0.21 M M 1.3 8 170 M M 9 1 13 170
20 52 45 49 7 16 0 0.05 M M 2.0 8 170 M M 10 11 190
21 48 38 43 1 22 0 0.16 M M 1.6 8 240 M M 9 12 10 240
22 53 36 45 3 20 0 0.17 M M 2.3 14 170 M M 9 12 19 180
23 47 40 44 2 21 0 0.39 M M 2.9 15 310 M M 9 1 24 320
24 43 35 39 -3 26 0 0.75 M M 5.5 15 250 M M 9 1 34 240
25 42 33 38 -4 27 0 0.25 M M 2.6 12 220 M M 9 1 21 170
26 34 32 33 -9 32 0 0.57 M M 4.7 10 170 M M 10 12 16 230
27 35 27 31 -11 34 0 0.28 M M 1.9 8 150 M M 10 1 10 150
28 37 30 34 -8 31 0 0.12 M M 0.3 7 160 M M 10 18 8 160
29 40 30 35 -7 30 0 0.01 M M 1.6 10 10 M M 8 128 12 10
30 41 32 37 -5 28 0 0.04 M M 3.3 12 180 M M 10 18 20 170
31 43 32 38 -4 27 0 0.07 M M 1.8 14 350 M M 8 1 18 350
================================================================================
SM 1472 1171 685 0 5.77 M 83.9 M 269
================================================================================
AV 47.5 37.8 2.7 FASTST M M 9 MAX(MPH)
MISC ----> # 21 170 35 180
================================================================================
NOTES:
# LAST OF SEVERAL OCCURRENCES
COLUMN 17 PEAK WIND IN M.P.H.
PRELIMINARY LOCAL CLIMATOLOGICAL DATA (WS FORM: F-6) , PAGE 2
STATION: ROSEBURG OR
MONTH: DECEMBER
YEAR: 2021
LATITUDE: 43 13 N
LONGITUDE: 123 22 W
[TEMPERATURE DATA] [PRECIPITATION DATA] SYMBOLS USED IN COLUMN 16
AVERAGE MONTHLY: 42.6 TOTAL FOR MONTH: 5.77 1 = FOG OR MIST
DPTR FM NORMAL: 0.1 DPTR FM NORMAL: -0.28 2 = FOG REDUCING VISIBILITY
HIGHEST: 60 ON 1 GRTST 24HR 1.07 ON 11-12 TO 1/4 MILE OR LESS
LOWEST: 27 ON 27 3 = THUNDER
SNOW, ICE PELLETS, HAIL 4 = ICE PELLETS
TOTAL MONTH: M 5 = HAIL
GRTST 24HR M ON M 6 = FREEZING RAIN OR DRIZZLE
GRTST DEPTH: M ON M 7 = DUSTSTORM OR SANDSTORM:
VSBY 1/2 MILE OR LESS
8 = SMOKE OR HAZE
[NO. OF DAYS WITH] [WEATHER - DAYS WITH] 9 = BLOWING SNOW
X = TORNADO
MAX 32 OR BELOW: 0 0.01 INCH OR MORE: 22
MAX 90 OR ABOVE: 0 0.10 INCH OR MORE: 16
MIN 32 OR BELOW: 6 0.50 INCH OR MORE: 4
MIN 0 OR BELOW: 0 1.00 INCH OR MORE: 0
[HDD (BASE 65) ]
TOTAL THIS MO. 685 CLEAR (SCALE 0-3) 0
DPTR FM NORMAL -12 PTCLDY (SCALE 4-7) 7
TOTAL FM JUL 1 1455 CLOUDY (SCALE 8-10) 24
DPTR FM NORMAL -122
[CDD (BASE 65) ]
TOTAL THIS MO. 0
DPTR FM NORMAL 0 [PRESSURE DATA]
TOTAL FM JAN 1 940 HIGHEST SLP 30.50 ON 5
DPTR FM NORMAL 333 LOWEST SLP 29.42 ON 13
[REMARKS]
#FINAL-12-21#