000
CXUS56 KSTO 150922
CF6RBL
PRELIMINARY LOCAL CLIMATOLOGICAL DATA (WS FORM: F-6)
STATION: RED BLUFF
MONTH: AUGUST
YEAR: 2022
LATITUDE: 40 8 N
LONGITUDE: 122-15 E
TEMPERATURE IN F: :PCPN: SNOW: WIND :SUNSHINE: SKY :PK WND
================================================================================
1 2 3 4 5 6A 6B 7 8 9 10 11 12 13 14 15 16 17 18
12Z AVG MX 2MIN
DY MAX MIN AVG DEP HDD CDD WTR SNW DPTH SPD SPD DIR MIN PSBL S-S WX SPD DR
================================================================================
1 88 74 81 -1 0 16 T M M 5.6 13 170 M M 1 15 180
2 104 70 87 5 0 22 0.00 M M 6.5 15 160 M M 0 20 170
3 106 75 91 9 0 26 0.00 0.0 M 5.9 16 160 M M 0 21 160
4 105 77 91 10 0 26 0.00 M M 7.6 20 150 M M 0 25 140
5 94 72 83 2 0 18 0.00 0.0 M 12.2 24 170 M M 1 29 130
6 96 70 83 2 0 18 0.00 0.0 M 6.3 16 150 M M 0 22 160
7 99 69 84 3 0 19 0.00 M M 6.4 16 160 M M 0 20 160
8 97 65 81 0 0 16 0.00 0.0 M 6.2 17 150 M M 0 21 180
9 95 66 81 0 0 16 0.00 M M 12.1 25 130 M M 0 30 140
10 92 63 78 -3 0 13 0.00 M M 6.4 15 160 M M 0 8 21 190
11 96 60 78 -2 0 13 0.00 0.0 M 5.6 16 160 M M 0 20 120
12 96 63 80 0 0 15 0.00 0.0 M 4.2 16 190 M M 0 20 190
13 100 62 81 1 0 16 0.00 0.0 M 4.8 13 130 M M 0 15 120
14 103 63 83 3 0 18 0.00 M M 5.2 13 160 M M 1 8 16 150
15 106 68 87 7 0 22 0.00 M M 4.6 13 170 M M 2 8 15 170
16 108 68 88 8 0 23 0.00 0.0 0 4.9 13 140 M M 1 8 16 130
17 106 72 89 9 0 24 0.00 0.0 0 6.0 18 130 M M 0 23 130
18 108 78 93 13 0 28 0.00 M M 5.1 13 50 M M 0 3 18 180
19 107 73 90 10 0 25 0.00 M M 5.1 14 170 M M 0 20 130
20 107 71 89 10 0 24 0.00 M M 6.8 15 160 M M 0 19 150
21 102 73 88 9 0 23 0.00 M M 7.9 18 180 M M 0 22 160
22 102 65 84 5 0 19 0.00 M M 4.2 14 170 M M 0 17 180
23 104 69 87 8 0 22 0.00 M M 3.9 15 160 M M 0 20 160
24 103 70 87 8 0 22 0.00 M M 6.9 17 140 M M 0 22 150
25 100 67 84 5 0 19 0.00 M M 4.9 18 160 M M 0 24 150
26 101 62 82 3 0 17 0.00 M M 5.3 16 170 M M 0 22 160
27 97 63 80 1 0 15 0.00 M M 4.7 14 150 M M 0 19 150
28 95 62 79 1 0 14 0.00 M M 2.6 10 110 M M 0 14 130
29 99 61 80 2 0 15 0.00 M M 5.8 15 160 M M 0 18 130
30 103 65 84 6 0 19 0.00 M M 4.6 16 140 M M 0 19 170
31 102 63 83 5 0 18 0.00 M M 4.0 15 170 M M 0 19 170
================================================================================
SM 3121 2099 0 601 T 0.0 182.3 M 6
================================================================================
AV100.7 67.7 5.9 FASTST M M 0 MAX(MPH)
MISC ----> 25 130 30 140
================================================================================
NOTES:
# LAST OF SEVERAL OCCURRENCES
COLUMN 17 PEAK WIND IN M.P.H.
PRELIMINARY LOCAL CLIMATOLOGICAL DATA (WS FORM: F-6) , PAGE 2
STATION: RED BLUFF
MONTH: AUGUST
YEAR: 2022
LATITUDE: 40 8 N
LONGITUDE: 122-15 E
[TEMPERATURE DATA] [PRECIPITATION DATA] SYMBOLS USED IN COLUMN 16
AVERAGE MONTHLY: 84.2 TOTAL FOR MONTH: T 1 = FOG OR MIST
DPTR FM NORMAL: 4.3 DPTR FM NORMAL: -0.05 2 = FOG REDUCING VISIBILITY
HIGHEST: 108 ON 18,16 GRTST 24HR T ON 1- 1 TO 1/4 MILE OR LESS
LOWEST: 60 ON 11 3 = THUNDER
SNOW, ICE PELLETS, HAIL 4 = ICE PELLETS
TOTAL MONTH: 0.0 INCH 5 = HAIL
GRTST 24HR 0.0 6 = FREEZING RAIN OR DRIZZLE
GRTST DEPTH: 0 7 = DUSTSTORM OR SANDSTORM:
VSBY 1/2 MILE OR LESS
8 = SMOKE OR HAZE
[NO. OF DAYS WITH] [WEATHER - DAYS WITH] 9 = BLOWING SNOW
X = TORNADO
MAX 32 OR BELOW: 0 0.01 INCH OR MORE: 0
MAX 90 OR ABOVE: 30 0.10 INCH OR MORE: 0
MIN 32 OR BELOW: 0 0.50 INCH OR MORE: 0
MIN 0 OR BELOW: 0 1.00 INCH OR MORE: 0
[HDD (BASE 65) ]
TOTAL THIS MO. 0 CLEAR (SCALE 0-3) 31
DPTR FM NORMAL 0 PTCLDY (SCALE 4-7) 0
TOTAL FM JUL 1 0 CLOUDY (SCALE 8-10) 0
DPTR FM NORMAL 0
[CDD (BASE 65) ]
TOTAL THIS MO. 601
DPTR FM NORMAL 139 [PRESSURE DATA]
TOTAL FM JAN 1 1803 HIGHEST SLP 30.05 ON 10
DPTR FM NORMAL 286 LOWEST SLP 29.65 ON 19
[REMARKS]
#FINAL-08-22#