000
CXUS51 KPHI 151944
CF6RDG
PRELIMINARY LOCAL CLIMATOLOGICAL DATA (WS FORM: F-6)
STATION: READING PA
MONTH: OCTOBER
YEAR: 2020
LATITUDE: 40 22 N
LONGITUDE: 75 58 W
TEMPERATURE IN F: :PCPN: SNOW: WIND :SUNSHINE: SKY :PK WND
================================================================================
1 2 3 4 5 6A 6B 7 8 9 10 11 12 13 14 15 16 17 18
12Z AVG MX 2MIN
DY MAX MIN AVG DEP HDD CDD WTR SNW DPTH SPD SPD DIR MIN PSBL S-S WX SPD DR
================================================================================
1 73 54 64 3 1 0 0.00 0.0 0 4.4 14 280 M M 3 17 280
2 68 47 58 -2 7 0 0.10 0.0 0 6.7 18 300 M M 5 24 280
3 66 44 55 -5 10 0 0.00 0.0 0 3.2 12 330 M M 0 16 310
4 69 41 55 -5 10 0 0.00 0.0 0 2.2 12 130 M M 1 1 16 150
5 65 48 57 -2 8 0 0.02 0.0 0 3.5 12 300 M M 6 1 15 300
6 71 43 57 -2 8 0 0.00 0.0 0 3.7 18 230 M M 4 12 24 200
7 80 50 65 7 0 0 0.00 0.0 0 9.4 30 290 M M 2 1 39 230
8 67 45 56 -2 9 0 0.00 0.0 0 8.7 25 300 M M 1 29 290
9 73 41 57 -1 8 0 0.00 0.0 0 4.3 15 230 M M 0 21 230
10 75 55 65 8 0 0 0.00 0.0 0 6.6 13 220 M M 0 16 220
11 67 58 63 6 2 0 0.19 0.0 0 4.9 13 90 M M 8 1 19 100
12 59 52 56 -1 9 0 0.43 0.0 0 8.2 16 70 M M 10 1 25 70
13 64 49 57 1 8 0 0.05 0.0 0 6.7 15 310 M M 7 18 18 290
14 72 42 57 1 8 0 0.00 0.0 0 3.7 16 250 M M 0 1 20 280
15 76 45 61 5 4 0 0.00 0.0 0 7.0 23 200 M M 1 1 29 200
16 66 49 58 3 7 0 0.01 0.0 0 7.3 17 320 M M 9 21 340
17 61 38 50 -5 15 0 0.00 0.0 0 4.5 18 280 M M 0 22 280
18 66 35 51 -3 14 0 0.00 0.0 0 4.7 16 190 M M 2 1 22 200
19 69 50 60 6 5 0 0.00 0.0 0 5.7 14 160 M M 6 18 160
20 75 59 67 13 0 2 0.00 0.0 0 4.3 12 230 M M 5 14 230
21 72 57 65 12 0 0 0.00 0.0 0 3.5 10 170 M M 7 18 14 190
22 75 59 67 14 0 2 0.00 0.0 0 1.5 10 150 M M 7 12 12 150
23 73 56 65 12 0 0 0.00 0.0 0 4.6 14 190 M M 6 12 21 200
24 72 44 58 6 7 0 0.01 0.0 0 8.7 20 340 M M 7 23 340
25 52 41 47 -5 18 0 0.10 0.0 0 4.1 13 180 M M 6 1 16 190
26 58 45 52 0 13 0 0.12 0.0 0 3.5 9 350 M M 10 12 11 10
27 60 53 57 6 8 0 T 0.0 0 4.2 15 360 M M 8 1 19 350
28 57 51 54 3 11 0 0.11 0.0 0 1.6 7 320 M M 9 1 10 320
29 54 48 51 1 14 0 0.98 0.0 0 7.5 20 40 M M 9 1 26 20
30 49 38 44 -6 21 0 0.28 0.0 0 7.9 20 350 M M 9 1 24 350
31 46 34 40 -10 25 0 0.00 0.0 0 3.1 10 170 M M 8 13 240
================================================================================
SM 2050 1471 250 4 2.40 0.0 159.9 M 156
================================================================================
AV 66.1 47.5 5.2 FASTST M M 5 MAX(MPH)
MISC ----> 30 290 39 230
================================================================================
NOTES:
# LAST OF SEVERAL OCCURRENCES
COLUMN 17 PEAK WIND IN M.P.H.
PRELIMINARY LOCAL CLIMATOLOGICAL DATA (WS FORM: F-6) , PAGE 2
STATION: READING PA
MONTH: OCTOBER
YEAR: 2020
LATITUDE: 40 22 N
LONGITUDE: 75 58 W
[TEMPERATURE DATA] [PRECIPITATION DATA] SYMBOLS USED IN COLUMN 16
AVERAGE MONTHLY: 56.8 TOTAL FOR MONTH: 2.40 1 = FOG OR MIST
DPTR FM NORMAL: 1.6 DPTR FM NORMAL: -1.40 2 = FOG REDUCING VISIBILITY
HIGHEST: 80 ON 7 GRTST 24HR 0.98 ON 29-29 TO 1/4 MILE OR LESS
LOWEST: 34 ON 31 3 = THUNDER
SNOW, ICE PELLETS, HAIL 4 = ICE PELLETS
TOTAL MONTH: 0.0 INCH 5 = HAIL
GRTST 24HR 0.0 6 = FREEZING RAIN OR DRIZZLE
GRTST DEPTH: 0 7 = DUSTSTORM OR SANDSTORM:
VSBY 1/2 MILE OR LESS
8 = SMOKE OR HAZE
[NO. OF DAYS WITH] [WEATHER - DAYS WITH] 9 = BLOWING SNOW
X = TORNADO
MAX 32 OR BELOW: 0 0.01 INCH OR MORE: 12
MAX 90 OR ABOVE: 0 0.10 INCH OR MORE: 8
MIN 32 OR BELOW: 0 0.50 INCH OR MORE: 1
MIN 0 OR BELOW: 0 1.00 INCH OR MORE: 0
[HDD (BASE 65) ]
TOTAL THIS MO. 250 CLEAR (SCALE 0-3) 10
DPTR FM NORMAL -69 PTCLDY (SCALE 4-7) 13
TOTAL FM JUL 1 312 CLOUDY (SCALE 8-10) 8
DPTR FM NORMAL -70
[CDD (BASE 65) ]
TOTAL THIS MO. 4
DPTR FM NORMAL -11 [PRESSURE DATA]
TOTAL FM JAN 1 1301 HIGHEST SLP M ON M
DPTR FM NORMAL 247 LOWEST SLP 29.52 ON 29
[REMARKS]
#FINAL-10-20#