000
CXUS52 KRAH 010945
CF6RDU
PRELIMINARY LOCAL CLIMATOLOGICAL DATA (WS FORM: F-6)
STATION: RALEIGH NC
MONTH: FEBRUARY
YEAR: 2023
LATITUDE: 35 52 N
LONGITUDE: 78 47 W
TEMPERATURE IN F: :PCPN: SNOW: WIND :SUNSHINE: SKY :PK WND
================================================================================
1 2 3 4 5 6A 6B 7 8 9 10 11 12 13 14 15 16 17 18
12Z AVG MX 2MIN
DY MAX MIN AVG DEP HDD CDD WTR SNW DPTH SPD SPD DIR MIN PSBL S-S WX SPD DR
================================================================================
1 53 40 47 4 18 0 0.18 0.0 0 6.9 15 50 M M 10 12 21 40
2 43 38 41 -2 24 0 0.44 0.0 0 3.9 10 230 M M 10 1 14 90
3 49 30 40 -3 25 0 T 0.0 0 6.2 18 310 M M 5 30 280
4 43 23 33 -10 32 0 0.00 0.0 0 6.0 14 220 M M 3 17 90
5 55 32 44 1 21 0 T 0.0 0 5.7 13 220 M M 9 2 15 210
6 64 37 51 8 14 0 0.00 0.0 0 5.4 15 90 M M 3 2 25 20
7 66 34 50 6 15 0 0.00 0.0 0 6.5 18 230 M M 7 21 220
8 75 43 59 15 6 0 0.00 0.0 0 4.2 10 250 M M 7 8 17 240
9 75 51 63 19 2 0 0.00 0.0 0 10.4 25 220 M M 8 31 200
10 75 56 66 22 0 1 0.07 0.0 0 6.9 14 220 M M 9 18 220
11 59 46 53 9 12 0 0.01 0.0 0 7.1 16 90 M M 10 20 90
12 46 38 42 -2 23 0 1.33 0.0 0 9.2 23 40 M M 10 1 30 50
13 67 36 52 7 13 0 0.02 0.0 0 4.9 14 230 M M 4 1 20 280
14 70 34 52 7 13 0 0.00 0.0 0 4.1 12 170 M M 4 16 150
15 76 50 63 18 2 0 0.00 0.0 0 9.4 23 220 M M 8 31 250
16 78 55 67 22 0 2 0.00 0.0 0 12.0 33 230 M M 8 41 230
17 72 40 56 11 9 0 0.20 0.0 0 13.0 28 220 M M 8 1 42 220
18 54 29 42 -4 23 0 0.00 0.0 0 2.6 13 340 M M 0 20 290
19 60 32 46 0 19 0 0.01 0.0 0 7.5 16 220 M M 8 18 21 230
20 60 48 54 8 11 0 T 0.0 0 5.5 14 230 M M 10 17 230
21 77 49 63 17 2 0 T 0.0 0 5.3 22 250 M M 7 29 250
22 81 47 64 18 1 0 0.00 0.0 0 8.7 25 220 M M 7 32 210
23 85 63 74 27 0 9 0.13 0.0 0 12.0 26 240 M M 5 1 32 230
24 72 58 65 18 0 0 T 0.0 0 6.4 16 350 M M 6 1 26 20
25 59 46 53 6 12 0 0.12 0.0 0 5.0 20 110 M M 10 1 26 110
26 57 47 52 5 13 0 0.00 0.0 0 6.1 18 220 M M 10 1 23 240
27 69 45 57 9 8 0 0.01 0.0 0 7.4 22 210 M M 9 12 30 210
28 79 54 67 19 0 2 0.00 0.0 0 7.1 16 280 M M 2 22 260
================================================================================
SM 1819 1201 318 14 2.52 0.0 195.4 M 197
================================================================================
AV 65.0 42.9 7.0 FASTST M M 7 MAX(MPH)
MISC ----> 33 230 42 220
================================================================================
NOTES:
# LAST OF SEVERAL OCCURRENCES
COLUMN 17 PEAK WIND IN M.P.H.
PRELIMINARY LOCAL CLIMATOLOGICAL DATA (WS FORM: F-6) , PAGE 2
STATION: RALEIGH NC
MONTH: FEBRUARY
YEAR: 2023
LATITUDE: 35 52 N
LONGITUDE: 78 47 W
[TEMPERATURE DATA] [PRECIPITATION DATA] SYMBOLS USED IN COLUMN 16
AVERAGE MONTHLY: 53.9 TOTAL FOR MONTH: 2.52 1 = FOG OR MIST
DPTR FM NORMAL: 8.9 DPTR FM NORMAL: -0.26 2 = FOG REDUCING VISIBILITY
HIGHEST: 85 ON 23 GRTST 24HR 1.33 ON 12-12 TO 1/4 MILE OR LESS
LOWEST: 23 ON 4 3 = THUNDER
SNOW, ICE PELLETS, HAIL 4 = ICE PELLETS
TOTAL MONTH: 0.0 INCH 5 = HAIL
GRTST 24HR 0.0 6 = FREEZING RAIN OR DRIZZLE
GRTST DEPTH: 0 7 = DUSTSTORM OR SANDSTORM:
VSBY 1/2 MILE OR LESS
8 = SMOKE OR HAZE
[NO. OF DAYS WITH] [WEATHER - DAYS WITH] 9 = BLOWING SNOW
X = TORNADO
MAX 32 OR BELOW: 0 0.01 INCH OR MORE: 11
MAX 90 OR ABOVE: 0 0.10 INCH OR MORE: 6
MIN 32 OR BELOW: 5 0.50 INCH OR MORE: 1
MIN 0 OR BELOW: 0 1.00 INCH OR MORE: 1
[HDD (BASE 65) ]
TOTAL THIS MO. 318 CLEAR (SCALE 0-3) 4
DPTR FM NORMAL -244 PTCLDY (SCALE 4-7) 13
TOTAL FM JUL 1 1942 CLOUDY (SCALE 8-10) 11
DPTR FM NORMAL -561
[CDD (BASE 65) ]
TOTAL THIS MO. 14
DPTR FM NORMAL 12 [PRESSURE DATA]
TOTAL FM JAN 1 14 HIGHEST SLP 30.68 ON 4
DPTR FM NORMAL 14 LOWEST SLP 29.49 ON 27
[REMARKS]
#FINAL-02-23#