000
CXUS52 KRAH 010945
CF6RDU
PRELIMINARY LOCAL CLIMATOLOGICAL DATA (WS FORM: F-6)
STATION: RALEIGH NC
MONTH: NOVEMBER
YEAR: 2021
LATITUDE: 35 52 N
LONGITUDE: 78 47 W
TEMPERATURE IN F: :PCPN: SNOW: WIND :SUNSHINE: SKY :PK WND
================================================================================
1 2 3 4 5 6A 6B 7 8 9 10 11 12 13 14 15 16 17 18
12Z AVG MX 2MIN
DY MAX MIN AVG DEP HDD CDD WTR SNW DPTH SPD SPD DIR MIN PSBL S-S WX SPD DR
================================================================================
1 70 43 57 1 8 0 0.00 0.0 0 1.9 12 10 M M 1 16 40
2 66 45 56 0 9 0 0.00 0.0 0 5.2 14 20 M M 5 19 40
3 56 44 50 -5 15 0 0.00 0.0 0 6.0 13 40 M M 8 17 40
4 48 39 44 -11 21 0 0.07 0.0 0 4.7 10 50 M M 9 14 100
5 53 34 44 -10 21 0 0.00 0.0 0 6.2 16 40 M M 8 21 20
6 54 38 46 -8 19 0 T 0.0 0 12.0 21 30 M M 9 29 30
7 60 40 50 -4 15 0 0.00 0.0 0 7.8 22 40 M M 6 30 20
8 71 34 53 -1 12 0 0.00 0.0 0 2.7 16 40 M M 0 22 40
9 77 38 58 5 7 0 0.00 0.0 0 3.0 13 230 M M 2 16 230
10 79 43 61 8 4 0 0.00 0.0 0 1.4 7 40 M M 4 10 140
11 75 45 60 7 5 0 0.02 0.0 0 5.7 20 170 M M 7 30 180
12 71 46 59 7 6 0 T 0.0 0 5.2 15 220 M M 5 21 180
13 66 40 53 1 12 0 0.00 0.0 0 6.5 15 280 M M 0 25 300
14 58 29 44 -8 21 0 0.00 0.0 0 3.1 15 230 M M 2 19 230
15 54 33 44 -8 21 0 0.00 0.0 0 4.4 15 300 M M 3 22 290
16 67 30 49 -2 16 0 0.00 0.0 0 3.3 10 220 M M 2 14 200
17 75 42 59 8 6 0 0.00 0.0 0 6.0 18 230 M M 1 24 230
18 76 52 64 13 1 0 0.00 0.0 M 9.8 24 230 M M 5 30 220
19 59 33 46 -4 19 0 T 0.0 0 5.5 15 340 M M 2 25 330
20 54 26 40 -10 25 0 0.00 0.0 0 2.7 12 40 M M 4 13 80
21 64 34 49 -1 16 0 0.00 0.0 0 1.0 7 230 M M 9 10 210
22 57 41 49 -1 16 0 0.52 0.0 0 4.2 12 360 M M 9 1 19 10
23 47 27 37 -12 28 0 0.00 0.0 0 3.5 13 290 M M 1 19 310
24 53 24 39 -10 26 0 0.00 0.0 0 1.6 9 210 M M 2 12 240
25 63 29 46 -3 19 0 0.00 0.0 0 6.4 18 230 M M 4 25 220
26 54 35 45 -4 20 0 0.14 0.0 0 6.3 17 300 M M 4 1 28 310
27 54 28 41 -7 24 0 0.00 0.0 0 3.6 13 340 M M 2 19 340
28 62 35 49 1 16 0 0.00 0.0 0 4.6 12 220 M M 7 14 220
29 49 27 38 -10 27 0 0.00 0.0 0 4.0 14 20 M M 5 22 10
30 59 26 43 -5 22 0 0.00 0.0 0 6.9 23 230 M M 2 28 220
================================================================================
SM 1851 1080 477 0 0.75 0.0 145.2 M 128
================================================================================
AV 61.7 36.0 4.8 FASTST M M 4 MAX(MPH)
MISC ----> 24 230 # 30 20
================================================================================
NOTES:
# LAST OF SEVERAL OCCURRENCES
COLUMN 17 PEAK WIND IN M.P.H.
PRELIMINARY LOCAL CLIMATOLOGICAL DATA (WS FORM: F-6) , PAGE 2
STATION: RALEIGH NC
MONTH: NOVEMBER
YEAR: 2021
LATITUDE: 35 52 N
LONGITUDE: 78 47 W
[TEMPERATURE DATA] [PRECIPITATION DATA] SYMBOLS USED IN COLUMN 16
AVERAGE MONTHLY: 48.9 TOTAL FOR MONTH: 0.75 1 = FOG OR MIST
DPTR FM NORMAL: -2.7 DPTR FM NORMAL: -2.57 2 = FOG REDUCING VISIBILITY
HIGHEST: 79 ON 10 GRTST 24HR 0.52 ON 22-22 TO 1/4 MILE OR LESS
LOWEST: 24 ON 24 3 = THUNDER
SNOW, ICE PELLETS, HAIL 4 = ICE PELLETS
TOTAL MONTH: 0.0 INCH 5 = HAIL
GRTST 24HR 0.0 6 = FREEZING RAIN OR DRIZZLE
GRTST DEPTH: 0 7 = DUSTSTORM OR SANDSTORM:
VSBY 1/2 MILE OR LESS
8 = SMOKE OR HAZE
[NO. OF DAYS WITH] [WEATHER - DAYS WITH] 9 = BLOWING SNOW
X = TORNADO
MAX 32 OR BELOW: 0 0.01 INCH OR MORE: 4
MAX 90 OR ABOVE: 0 0.10 INCH OR MORE: 2
MIN 32 OR BELOW: 9 0.50 INCH OR MORE: 1
MIN 0 OR BELOW: 0 1.00 INCH OR MORE: 0
[HDD (BASE 65) ]
TOTAL THIS MO. 477 CLEAR (SCALE 0-3) 13
DPTR FM NORMAL 65 PTCLDY (SCALE 4-7) 12
TOTAL FM JUL 1 545 CLOUDY (SCALE 8-10) 5
DPTR FM NORMAL -42
[CDD (BASE 65) ]
TOTAL THIS MO. 0
DPTR FM NORMAL -7 [PRESSURE DATA]
TOTAL FM JAN 1 1857 HIGHEST SLP 30.57 ON 20
DPTR FM NORMAL 55 LOWEST SLP 29.84 ON 28
[REMARKS]
#FINAL-11-21#