163
CXUS53 KGRB 041339
CLARHI
CLIMATE REPORT
NATIONAL WEATHER SERVICE GREEN BAY
740 AM CST SAT JAN 4 2020
...TIED 33TH COOLEST YEAR ON RECORD...
...WETTEST YEAR ON RECORD...
...SNOWIEST YEAR ON RECORD...
...TIED 36TH MOST HEATING DEGREE DAYS...
...THE RHINELANDER WI CLIMATE SUMMARY FOR THE YEAR OF 2019...
CLIMATE NORMAL PERIOD 1981 TO 2010
CLIMATE RECORD PERIOD 1908 TO 2020
WEATHER OBSERVED NORMAL DEPART LAST YEAR`S
VALUE DATE(S) VALUE FROM VALUE DATE(S)
NORMAL
................................................................
TEMPERATURE (F)
RECORD
HIGH 108 07/13/1936
LOW -42 02/03/1996
HIGHEST 91 05/31 96 06/29
LOWEST -30 01/31 -24 01/14
AVG. MAXIMUM 50.1 51.5 -1.4 54.6
AVG. MINIMUM 29.9 30.4 -0.5 32.7
MEAN 40.0 41.0 -1.0 43.7
DAYS MAX >= 90 1 2.2 -1.2 16
DAYS MAX <= 32 97 92.2 4.8 76
DAYS MIN <= 32 183 183.3 -0.3 163
DAYS MIN <= 0 41 34.4 6.6 30
PRECIPITATION (INCHES)
RECORD
MAXIMUM 43.15 2019
MINIMUM 16.90 1989
TOTALS 43.15 31.40 11.75 33.20
DAILY AVG. 0.12
DAYS >= .01 152 MM MM 114
DAYS >= .10 89 MM MM 67
DAYS >= .50 25 MM MM 21
DAYS >= 1.00 11 MM MM 7
SNOWFALL (INCHES)
RECORDS
TOTAL 133.9 2019
TOTALS 133.9R MM MM 89.4
SINCE 7/1 43.6 MM MM 16.8
SNOWDEPTH AVG. 5
DAYS >= TRACE 101 MM MM 71
DAYS >= 1.0 25 MM MM 23
GREATEST
SNOW DEPTH 37 03/02 20 02/25
24 HR TOTAL 14.9 MM
DEGREE_DAYS
HEATING TOTAL 9244 9020 224 7538
SINCE 7/1 3606 3626 -20 MM
COOLING TOTAL 272 262 10 566
SINCE 1/1 272 261 11 566
FREEZE DATES
RECORD
EARLIEST 08/27/1915
LATEST 07/30/1928
EARLIEST 09/23
LATEST 05/20
.................................................................
WIND (MPH)
AVERAGE WIND SPEED 6.9
HIGHEST WIND SPEED/DIRECTION 35/280 DATE 02/24
HIGHEST GUST SPEED/DIRECTION 53/280 DATE 02/24
SKY COVER
POSSIBLE SUNSHINE (PERCENT) MM
AVERAGE SKY COVER 0.50
NUMBER OF DAYS FAIR 123
NUMBER OF DAYS PC 130
NUMBER OF DAYS CLOUDY 112
AVERAGE RH (PERCENT) 70
- INDICATES NEGATIVE NUMBERS.
R INDICATES RECORD WAS SET OR TIED.
MM INDICATES DATA IS MISSING.
$$
ECKBERG