000
CXUS55 KGJT 010910
CF6RIL
PRELIMINARY LOCAL CLIMATOLOGICAL DATA (WS FORM: F-6)
STATION: RIFLE CO
MONTH: MAY
YEAR: 2023
LATITUDE: 39 31 N
LONGITUDE: 107 43 W
TEMPERATURE IN F: :PCPN: SNOW: WIND :SUNSHINE: SKY :PK WND
================================================================================
1 2 3 4 5 6A 6B 7 8 9 10 11 12 13 14 15 16 17 18
12Z AVG MX 2MIN
DY MAX MIN AVG DEP HDD CDD WTR SNW DPTH SPD SPD DIR MIN PSBL S-S WX SPD DR
================================================================================
1 81 39 60 8 5 0 0.00 M M 3.9 21 290 M M 0 33 220
2 75 43 59 7 6 0 0.00 M M 5.5 24 260 M M 1 32 270
3 78 37 58 5 7 0 0.00 M M 4.6 15 290 M M 0 21 280
4 71 46 59 6 6 0 0.14 M M 4.7 20 280 M M 4 3 25 280
5 67 40 54 1 11 0 0.00 M M 7.3 33 260 M M 2 44 260
6 65 40 53 -1 12 0 0.06 M M 7.2 26 250 M M 4 34 260
7 63 43 53 -1 12 0 0.09 M M 6.2 22 250 M M 8 27 200
8 75 35 55 1 10 0 0.00 M M 5.9 24 270 M M 2 8 31 260
9 76 40 58 3 7 0 0.00 M M 6.4 22 270 M M 0 27 240
10 74 39 57 2 8 0 0.00 M M 8.0 28 190 M M 2 8 36 190
11 63 49 56 0 9 0 0.02 M M 8.5 22 310 M M 9 31 320
12 71 44 58 2 7 0 0.00 M M 6.5 20 320 M M 5 40 310
13 76 42 59 3 6 0 0.03 M M 4.9 28 210 M M 2 3 39 210
14 74 43 59 2 6 0 0.00 M M 5.6 28 240 M M 4 37 250
15 77 43 60 3 5 0 T M M 6.3 24 160 M M 4 33 340
16 78 43 61 4 4 0 T M M 5.0 26 270 M M 2 3 38 330
17 80 40 60 2 5 0 0.00 M M 3.6 21 220 M M 0 28 200
18 74 45 60 2 5 0 0.04 M M 5.4 28 300 M M 5 3 39 290
19 73 40 57 -1 8 0 0.00 M M 4.3 23 250 M M 1 27 250
20 76 43 60 1 5 0 0.02 M M 4.3 21 260 M M 1 3 26 20
21 80 45 63 4 2 0 0.00 M M 4.3 21 310 M M 0 27 310
22 78 48 63 4 2 0 0.97 M M 5.3 28 310 M M 1 3 39 320
23 79 42 61 1 4 0 0.00 M M 7.0 22 150 M M 1 30 140
24 77 50 64 4 1 0 T M M 7.9 26 150 M M 3 40 140
25 83 41 62 2 3 0 0.00 M M 6.3 24 220 M M 0 32 220
26 84 45 65 4 0 0 0.00 M M 8.5 29 180 M M 0 43 180
27 76 45 61 0 4 0 T M M 8.2 33 270 M M 1 45 260
28 82 38 60 -2 5 0 0.00 M M 7.0 22 280 M M 0 29 270
29 83 42 63 1 2 0 0.00 M M 6.8 26 260 M M 0 33 270
30 83 41 62 0 3 0 0.00 M M 5.3 24 210 M M 0 8 32 200
31 81 46 64 2 1 0 0.00 M M 5.7 35 140 M M 1 48 140
================================================================================
SM 2353 1317 171 0 1.37 M 186.4 M 63
================================================================================
AV 75.9 42.5 6.0 FASTST M M 2 MAX(MPH)
MISC ----> 35 140 48 140
================================================================================
NOTES:
# LAST OF SEVERAL OCCURRENCES
COLUMN 17 PEAK WIND IN M.P.H.
PRELIMINARY LOCAL CLIMATOLOGICAL DATA (WS FORM: F-6) , PAGE 2
STATION: RIFLE CO
MONTH: MAY
YEAR: 2023
LATITUDE: 39 31 N
LONGITUDE: 107 43 W
[TEMPERATURE DATA] [PRECIPITATION DATA] SYMBOLS USED IN COLUMN 16
AVERAGE MONTHLY: 59.2 TOTAL FOR MONTH: 1.37 1 = FOG OR MIST
DPTR FM NORMAL: 1.9 DPTR FM NORMAL: 0.23 2 = FOG REDUCING VISIBILITY
HIGHEST: 84 ON 26 GRTST 24HR 0.97 ON 22-22 TO 1/4 MILE OR LESS
LOWEST: 35 ON 8 3 = THUNDER
SNOW, ICE PELLETS, HAIL 4 = ICE PELLETS
TOTAL MONTH: M 5 = HAIL
GRTST 24HR M ON M 6 = FREEZING RAIN OR DRIZZLE
GRTST DEPTH: M ON M 7 = DUSTSTORM OR SANDSTORM:
VSBY 1/2 MILE OR LESS
8 = SMOKE OR HAZE
[NO. OF DAYS WITH] [WEATHER - DAYS WITH] 9 = BLOWING SNOW
X = TORNADO
MAX 32 OR BELOW: 0 0.01 INCH OR MORE: 8
MAX 90 OR ABOVE: 0 0.10 INCH OR MORE: 2
MIN 32 OR BELOW: 0 0.50 INCH OR MORE: 1
MIN 0 OR BELOW: 0 1.00 INCH OR MORE: 0
[HDD (BASE 65) ]
TOTAL THIS MO. 171 CLEAR (SCALE 0-3) 23
DPTR FM NORMAL -81 PTCLDY (SCALE 4-7) 6
TOTAL FM JUL 1 6712 CLOUDY (SCALE 8-10) 2
DPTR FM NORMAL 361
[CDD (BASE 65) ]
TOTAL THIS MO. 0
DPTR FM NORMAL -12 [PRESSURE DATA]
TOTAL FM JAN 1 0 HIGHEST SLP M ON M
DPTR FM NORMAL -12 LOWEST SLP 29.59 ON 10
[REMARKS]
#FINAL-05-23#