000
CXUS55 KGJT 011707
CF6RIL
PRELIMINARY LOCAL CLIMATOLOGICAL DATA (WS FORM: F-6)
STATION: RIFLE CO
MONTH: FEBRUARY
YEAR: 2024
LATITUDE: 39 31 N
LONGITUDE: 107 43 W
TEMPERATURE IN F: :PCPN: SNOW: WIND :SUNSHINE: SKY :PK WND
================================================================================
1 2 3 4 5 6A 6B 7 8 9 10 11 12 13 14 15 16 17 18
12Z AVG MX 2MIN
DY MAX MIN AVG DEP HDD CDD WTR SNW DPTH SPD SPD DIR MIN PSBL S-S WX SPD DR
================================================================================
1 50 25 38 10 27 0 0.00 M M 2.3 12 270 M M 4 15 270
2 46 35 41 13 24 0 0.17 M M 3.5 15 270 M M 10 1 22 270
3 40 33 37 9 28 0 0.03 M M 7.6 20 260 M M 10 1 23 260
4 42 25 34 6 31 0 T M M 2.4 9 110 M M 3 1 13 290
5 50 21 36 7 29 0 0.00 M M 2.6 8 100 M M 1 11 100
6 55 29 42 13 23 0 T M M 6.7 26 170 M M 6 36 170
7 44 32 38 9 27 0 0.09 M M 6.4 39 260 M M 9 1 50 260
8 43 27 35 5 30 0 0.02 M M 6.1 21 260 M M 6 1 27 260
9 35 23 29 -1 36 0 0.08 M M 4.8 16 250 M M 8 1 22 280
10 40 23 32 2 33 0 T M M 5.8 18 300 M M 6 1 26 300
11 38 16 27 -3 38 0 0.00 M M 3.5 16 320 M M 0 22 310
12 43 20 32 1 33 0 0.00 M M 4.1 16 250 M M 2 20 250
13 48 19 34 3 31 0 0.00 M M 2.1 12 200 M M 0 14 300
14 50 26 38 7 27 0 0.00 M M 6.6 23 260 M M 5 35 240
15 47 27 37 5 28 0 0.04 M M 5.5 24 270 M M 7 1 34 240
16 48 26 37 5 28 0 0.01 M M 5.2 33 290 M M 7 12 48 280
17 41 18 30 -2 35 0 0.00 M M 5.0 17 330 M M 2 28 320
18 38 19 29 -4 36 0 T M M 1.7 9 110 M M 6 11 80
19 55 21 38 5 27 0 0.00 M M 2.4 12 300 M M 2 17 290
20 53 33 43 10 22 0 T M M 5.5 29 260 M M 8 39 260
21 55 29 42 8 23 0 T M M 7.1 23 270 M M 3 38 250
22 48 25 37 3 28 0 T M M 5.7 21 310 M M 7 27 300
23 50 22 36 2 29 0 0.00 M M 2.2 12 260 M M 2 16 250
24 53 19 36 1 29 0 0.00 M M 4.6 18 250 M M 0 24 260
25 59 21 40 5 25 0 0.00 M M 3.5 25 250 M M 0 33 250
26 59 25 42 6 23 0 0.00 M M 12.2 32 260 M M 2 43 270
27 52 16 34 -2 31 0 0.01 M M 15.5 38 320 M M 8 18 54 330
28 44 10 27 -9 38 0 0.00 M M 2.8 13 140 M M 0 15 140
29 56 15 36 0 29 0 0.00 M M 4.6 23 260 M M 0 28 260
================================================================================
SM 1382 680 848 0 0.45 M 148.0 M 124
================================================================================
AV 47.7 23.4 5.1 FASTST M M 4 MAX(MPH)
MISC ----> 39 260 54 330
================================================================================
NOTES:
# LAST OF SEVERAL OCCURRENCES
COLUMN 17 PEAK WIND IN M.P.H.
PRELIMINARY LOCAL CLIMATOLOGICAL DATA (WS FORM: F-6) , PAGE 2
STATION: RIFLE CO
MONTH: FEBRUARY
YEAR: 2024
LATITUDE: 39 31 N
LONGITUDE: 107 43 W
[TEMPERATURE DATA] [PRECIPITATION DATA] SYMBOLS USED IN COLUMN 16
AVERAGE MONTHLY: 35.6 TOTAL FOR MONTH: 0.45 1 = FOG OR MIST
DPTR FM NORMAL: 4.0 DPTR FM NORMAL: -0.15 2 = FOG REDUCING VISIBILITY
HIGHEST: 59 ON 26,25 GRTST 24HR 0.19 ON 2- 3 TO 1/4 MILE OR LESS
LOWEST: 10 ON 28 3 = THUNDER
SNOW, ICE PELLETS, HAIL 4 = ICE PELLETS
TOTAL MONTH: M 5 = HAIL
GRTST 24HR M ON M 6 = FREEZING RAIN OR DRIZZLE
GRTST DEPTH: M ON M 7 = DUSTSTORM OR SANDSTORM:
VSBY 1/2 MILE OR LESS
8 = SMOKE OR HAZE
[NO. OF DAYS WITH] [WEATHER - DAYS WITH] 9 = BLOWING SNOW
X = TORNADO
MAX 32 OR BELOW: 0 0.01 INCH OR MORE: 8
MAX 90 OR ABOVE: 0 0.10 INCH OR MORE: 1
MIN 32 OR BELOW: 26 0.50 INCH OR MORE: 0
MIN 0 OR BELOW: 0 1.00 INCH OR MORE: 0
[HDD (BASE 65) ]
TOTAL THIS MO. 848 CLEAR (SCALE 0-3) 14
DPTR FM NORMAL -86 PTCLDY (SCALE 4-7) 11
TOTAL FM JUL 1 4324 CLOUDY (SCALE 8-10) 4
DPTR FM NORMAL -576
[CDD (BASE 65) ]
TOTAL THIS MO. 0
DPTR FM NORMAL 0 [PRESSURE DATA]
TOTAL FM JAN 1 0 HIGHEST SLP 30.47 ON 28
DPTR FM NORMAL 0 LOWEST SLP 29.34 ON 27
[REMARKS]
#FINAL-02-24#