000
CXUS54 KCRP 011300
CF6RKP
PRELIMINARY LOCAL CLIMATOLOGICAL DATA (WS FORM: F-6)
STATION: ROCKPORT
MONTH: JULY
YEAR: 2020
LATITUDE: 28 4 N
LONGITUDE: 97 3 W
TEMPERATURE IN F: :PCPN: SNOW: WIND :SUNSHINE: SKY :PK WND
================================================================================
1 2 3 4 5 6A 6B 7 8 9 10 11 12 13 14 15 16 17 18
12Z AVG MX 2MIN
DY MAX MIN AVG DEP HDD CDD WTR SNW DPTH SPD SPD DIR MIN PSBL S-S WX SPD DR
================================================================================
1 92 82 87 2 0 22 0.00 0.0 0 12.8 21 150 M M 7 8 27 140
2 91 82 87 2 0 22 0.00 0.0 0 10.8 17 140 M M 4 8 28 160
3 92 80 86 1 0 21 0.00 0.0 0 8.8 15 140 M M 2 8 21 150
4 93 79 86 1 0 21 0.00 0.0 0 8.4 17 140 M M 1 8 22 140
5 91 80 86 1 0 21 0.00 0.0 0 10.3 16 150 M M 2 8 24 150
6 93 82 88 3 0 23 0.00 0.0 0 12.6 20 150 M M 2 8 27 170
7 93 83 88 3 0 23 0.00 0.0 0 11.6 20 140 M M 3 8 27 140
8 92 83 88 3 0 23 0.00 0.0 0 11.7 21 150 M M 5 8 29 150
9 93 83 88 3 0 23 0.00 0.0 0 12.7 21 140 M M 4 8 26 140
10 93 82 88 3 0 23 0.00 0.0 0 11.1 20 140 M M 3 8 25 130
11 93 81 87 2 0 22 0.00 0.0 0 10.0 17 140 M M 3 8 23 140
12 93 80 87 2 0 22 0.00 0.0 0 8.9 16 160 M M 3 18 20 180
13 92 81 87 2 0 22 0.00 0.0 0 11.5 18 160 M M 3 8 26 150
14 92 80 86 1 0 21 0.00 0.0 0 12.9 21 150 M M 2 18 28 150
15 93 81 87 2 0 22 0.00 0.0 0 11.2 21 140 M M 1 18 26 140
16 93 82 88 3 0 23 0.00 0.0 0 11.2 18 140 M M 2 18 23 140
17 93 79 86 1 0 21 0.00 0.0 0 8.1 25 140 M M 2 18 34 140
18 92 78 85 0 0 20 0.00 0.0 0 8.7 17 130 M M 1 21 140
19 92 77 85 0 0 20 0.00 0.0 0 8.0 16 110 M M 1 20 120
20 93 77 85 0 0 20 0.00 0.0 0 9.2 18 110 M M 1 23 100
21 93 78 86 1 0 21 0.00 0.0 0 8.8 18 140 M M 2 22 140
22 94 82 88 3 0 23 0.00 0.0 0 9.1 17 120 M M 1 22 120
23 94 82 88 3 0 23 0.00 0.0 0 10.0 17 100 M M 2 22 110
24 98 80 89 4 0 24 T 0.0 0 12.1 26 60 M M 4 8 32 60
25 M M M M M M T M 0 24.7 35 80 M M 9 18 47 60
26 M M M M M M T M 0 17.6 24 110 M M 6 8 37 110
27 M M M M M M T M 0 10.2 16 130 M M 2 M M
28 93 80 87 2 0 22 0.00 0.0 0 7.7 21 140 M M 1 3 27 140
29 91 77 84 -1 0 19 T 0.0 0 8.3 18 150 M M 2 38 25 160
30 92 82 87 2 0 22 0.00 0.0 0 10.2 20 150 M M 1 8 26 150
31 93 82 88 3 0 23 0.00 0.0 0 8.8 16 150 M M 2 22 170
================================================================================
SM 2597 2255 0 612 T 0.0 338.0 M 84
================================================================================
AV 92.8 80.5 10.9 FASTST M M 3 MAX(MPH)
MISC ----> # 35 80 # 47 60
================================================================================
NOTES:
# LAST OF SEVERAL OCCURRENCES
COLUMN 17 PEAK WIND IN M.P.H.
PRELIMINARY LOCAL CLIMATOLOGICAL DATA (WS FORM: F-6) , PAGE 2
STATION: ROCKPORT
MONTH: JULY
YEAR: 2020
LATITUDE: 28 4 N
LONGITUDE: 97 3 W
[TEMPERATURE DATA] [PRECIPITATION DATA] SYMBOLS USED IN COLUMN 16
AVERAGE MONTHLY: 86.6 TOTAL FOR MONTH: T 1 = FOG OR MIST
DPTR FM NORMAL: 1.6 DPTR FM NORMAL: -3.26 2 = FOG REDUCING VISIBILITY
HIGHEST: 98 ON 24 GRTST 24HR T ON 29-29 TO 1/4 MILE OR LESS
LOWEST: 77 ON 29,20 3 = THUNDER
SNOW, ICE PELLETS, HAIL 4 = ICE PELLETS
TOTAL MONTH: 0.0 INCH 5 = HAIL
GRTST 24HR 0.0 6 = FREEZING RAIN OR DRIZZLE
GRTST DEPTH: 0 7 = DUSTSTORM OR SANDSTORM:
VSBY 1/2 MILE OR LESS
8 = SMOKE OR HAZE
[NO. OF DAYS WITH] [WEATHER - DAYS WITH] 9 = BLOWING SNOW
X = TORNADO
MAX 32 OR BELOW: 0 0.01 INCH OR MORE: 0
MAX 90 OR ABOVE: 28 0.10 INCH OR MORE: 0
MIN 32 OR BELOW: 0 0.50 INCH OR MORE: 0
MIN 0 OR BELOW: 0 1.00 INCH OR MORE: 0
[HDD (BASE 65) ]
TOTAL THIS MO. 0 CLEAR (SCALE 0-3) 21
DPTR FM NORMAL 0 PTCLDY (SCALE 4-7) 9
TOTAL FM JUL 1 0 CLOUDY (SCALE 8-10) 1
DPTR FM NORMAL 0
[CDD (BASE 65) ]
TOTAL THIS MO. 612
DPTR FM NORMAL -8 [PRESSURE DATA]
TOTAL FM JAN 1 2379 HIGHEST SLP 30.02 ON 31
DPTR FM NORMAL 382 LOWEST SLP 29.69 ON 5
[REMARKS]
#FINAL-07-20#