000
CXUS56 KSGX 011145
CF6RNM
PRELIMINARY LOCAL CLIMATOLOGICAL DATA (WS FORM: F-6)
STATION: RAMONA AIRPORT CA
MONTH: FEBRUARY
YEAR: 2022
LATITUDE: 33 2 N
LONGITUDE: 116 55 W
TEMPERATURE IN F: :PCPN: SNOW: WIND :SUNSHINE: SKY :PK WND
================================================================================
1 2 3 4 5 6A 6B 7 8 9 10 11 12 13 14 15 16 17 18
12Z AVG MX 2MIN
DY MAX MIN AVG DEP HDD CDD WTR SNW DPTH SPD SPD DIR MIN PSBL S-S WX SPD DR
================================================================================
1 59 39 49 -3 16 0 0.00 M M 4.0 10 190 M M 8 18 16 190
2 63 33 48 -4 17 0 0.00 M M 6.9 21 40 M M 1 1 24 20
3 64 28 46 -6 19 0 0.00 M M 6.3 14 260 M M 0 18 70
4 63 36 50 -2 15 0 0.00 M M 15.5 31 80 M M 0 41 70
5 72 29 51 -1 14 0 0.00 M M 5.3 20 70 M M 0 24 80
6 78 26 52 0 13 0 0.00 M M 6.7 20 100 M M 0 28 70
7 74 50 62 10 3 0 0.00 M M 13.6 25 60 M M 0 34 60
8 79 35 57 5 8 0 0.00 M M 6.1 21 100 M M 0 28 90
9 84 35 60 8 5 0 0.00 M M 5.4 17 80 M M 0 24 70
10 83 41 62 10 3 0 0.00 M M 9.5 33 60 M M 0 43 60
11 84 35 60 8 5 0 0.00 M M 3.9 15 270 M M 0 19 280
12 85 34 60 8 5 0 0.00 M M 7.0 20 70 M M 0 26 90
13 85 36 61 9 4 0 0.00 M M 3.5 14 270 M M 0 18 280
14 81 32 57 5 8 0 0.00 M M 4.4 16 270 M M 0 12 19 280
15 53 38 46 -6 19 0 0.56 M M 8.4 18 270 M M 9 18 25 220
16 61 32 47 -5 18 0 0.00 M M 3.7 15 260 M M 2 1 17 260
17 68 30 49 -3 16 0 0.00 M M 6.9 21 70 M M 2 12 27 80
18 74 26 50 -2 15 0 0.00 M M 4.3 17 270 M M 0 20 90
19 75 28 52 0 13 0 0.00 M M 3.3 15 260 M M 0 18 270
20 68 30 49 -3 16 0 0.00 M M 4.8 17 270 M M 2 20 280
21 58 46 52 0 13 0 0.01 M M 8.1 21 270 M M 10 1 25 250
22 53 42 48 -4 17 0 0.74 M M 12.0 25 250 M M 10 1 37 250
23 51 31 41 -11 24 0 0.30 M M 10.7 25 270 M M 7 1 31 270
24 59 25 42 -10 23 0 0.00 M M 2.8 15 290 M M 0 18 280
25 61 26 44 -8 21 0 0.00 M M 3.4 15 270 M M 0 1 19 270
26 68 27 48 -4 17 0 0.00 M M 6.7 18 60 M M 0 18 27 50
27 73 30 52 -1 13 0 0.00 M M 5.8 16 70 M M 0 19 80
28 80 32 56 3 9 0 0.00 M M 3.8 14 270 M M 0 17 280
================================================================================
SM 1956 932 369 0 1.61 M 182.8 M 51
================================================================================
AV 69.9 33.3 6.5 FASTST M M 2 MAX(MPH)
MISC ----> 33 60 43 60
================================================================================
NOTES:
# LAST OF SEVERAL OCCURRENCES
COLUMN 17 PEAK WIND IN M.P.H.
PRELIMINARY LOCAL CLIMATOLOGICAL DATA (WS FORM: F-6) , PAGE 2
STATION: RAMONA AIRPORT CA
MONTH: FEBRUARY
YEAR: 2022
LATITUDE: 33 2 N
LONGITUDE: 116 55 W
[TEMPERATURE DATA] [PRECIPITATION DATA] SYMBOLS USED IN COLUMN 16
AVERAGE MONTHLY: 51.6 TOTAL FOR MONTH: 1.61 1 = FOG OR MIST
DPTR FM NORMAL: -0.3 DPTR FM NORMAL: -2.05 2 = FOG REDUCING VISIBILITY
HIGHEST: 85 ON 13,12 GRTST 24HR 1.03 ON 22-23 TO 1/4 MILE OR LESS
LOWEST: 25 ON 24 3 = THUNDER
SNOW, ICE PELLETS, HAIL 4 = ICE PELLETS
TOTAL MONTH: M 5 = HAIL
GRTST 24HR M ON M 6 = FREEZING RAIN OR DRIZZLE
GRTST DEPTH: M ON M 7 = DUSTSTORM OR SANDSTORM:
VSBY 1/2 MILE OR LESS
8 = SMOKE OR HAZE
[NO. OF DAYS WITH] [WEATHER - DAYS WITH] 9 = BLOWING SNOW
X = TORNADO
MAX 32 OR BELOW: 0 0.01 INCH OR MORE: 4
MAX 90 OR ABOVE: 0 0.10 INCH OR MORE: 3
MIN 32 OR BELOW: 15 0.50 INCH OR MORE: 2
MIN 0 OR BELOW: 0 1.00 INCH OR MORE: 0
[HDD (BASE 65) ]
TOTAL THIS MO. 369 CLEAR (SCALE 0-3) 23
DPTR FM NORMAL 2 PTCLDY (SCALE 4-7) 2
TOTAL FM JUL 1 1540 CLOUDY (SCALE 8-10) 3
DPTR FM NORMAL -62
[CDD (BASE 65) ]
TOTAL THIS MO. 0
DPTR FM NORMAL -1 [PRESSURE DATA]
TOTAL FM JAN 1 1 HIGHEST SLP 30.34 ON 4
DPTR FM NORMAL 0 LOWEST SLP 29.79 ON 15
[REMARKS]
#FINAL-02-22#