000
CXUS56 KSGX 181046
CF6RNM
PRELIMINARY LOCAL CLIMATOLOGICAL DATA (WS FORM: F-6)
STATION: RAMONA AIRPORT CA
MONTH: APRIL
YEAR: 2024
LATITUDE: 33 2 N
LONGITUDE: 116 55 W
TEMPERATURE IN F: :PCPN: SNOW: WIND :SUNSHINE: SKY :PK WND
================================================================================
1 2 3 4 5 6A 6B 7 8 9 10 11 12 13 14 15 16 17 18
12Z AVG MX 2MIN
DY MAX MIN AVG DEP HDD CDD WTR SNW DPTH SPD SPD DIR MIN PSBL S-S WX SPD DR
================================================================================
1 66 39 53 -2 12 0 0.00 M M 3.5 17 270 M M 5 18 22 270
2 73 36 55 0 10 0 0.00 M M 4.2 14 260 M M 1 128 21 280
3 78 39 59 4 6 0 0.00 M M 4.3 16 290 M M 0 18 21 290
4 63 39 51 -4 14 0 0.08 M M 6.0 18 260 M M 8 128 24 250
5 54 39 47 -9 18 0 0.36 M M 7.9 23 290 M M 8 138 31 300
6 63 36 50 -6 15 0 0.04 M M 3.2 14 280 M M 4 18 20 280
7 65 32 49 -7 16 0 0.00 M M 5.4 15 290 M M 1 128 22 260
8 67 35 51 -5 14 0 0.00 M M 4.1 14 290 M M 3 18 20 310
9 78 34 56 0 9 0 0.00 M M 4.6 17 260 M M 0 1 22 250
10 79 38 59 3 6 0 0.00 M M 3.9 14 260 M M 0 19 260
11 83 39 61 5 4 0 0.00 M M 3.6 14 290 M M 0 1 20 300
12 62 43 53 -3 12 0 0.00 M M 2.5 12 210 M M 9 128 16 220
13 64 47 56 -1 9 0 0.07 M M 5.0 15 280 M M 10 1 21 290
14 62 36 49 -8 16 0 0.13 M M 4.6 17 260 M M 8 12 23 260
15 67 41 54 -3 11 0 0.02 M M 4.2 15 260 M M 5 1 20 270
16 79 37 58 1 7 0 0.00 M M 4.4 15 270 M M 1 12 20 270
17 80 39 60 3 5 0 0.00 M M 3.8 15 270 M M 0 1 23 330
================================================================================
SM 1183 649 184 0 0.70 M 75.2 M 63
================================================================================
AV 69.6 38.2 4.4 FASTST M M 4 MAX(MPH)
MISC ----> 23 290 31 300
================================================================================
NOTES:
# LAST OF SEVERAL OCCURRENCES
COLUMN 17 PEAK WIND IN M.P.H.
PRELIMINARY LOCAL CLIMATOLOGICAL DATA (WS FORM: F-6) , PAGE 2
STATION: RAMONA AIRPORT CA
MONTH: APRIL
YEAR: 2024
LATITUDE: 33 2 N
LONGITUDE: 116 55 W
[TEMPERATURE DATA] [PRECIPITATION DATA] SYMBOLS USED IN COLUMN 16
AVERAGE MONTHLY: 53.9 TOTAL FOR MONTH: 0.70 1 = FOG OR MIST
DPTR FM NORMAL: -2.2 DPTR FM NORMAL: 0.09 2 = FOG REDUCING VISIBILITY
HIGHEST: 83 ON 11 GRTST 24HR 0.37 ON 5- 6 TO 1/4 MILE OR LESS
LOWEST: 32 ON 7 3 = THUNDER
SNOW, ICE PELLETS, HAIL 4 = ICE PELLETS
TOTAL MONTH: M 5 = HAIL
GRTST 24HR M ON M 6 = FREEZING RAIN OR DRIZZLE
GRTST DEPTH: M ON M 7 = DUSTSTORM OR SANDSTORM:
VSBY 1/2 MILE OR LESS
8 = SMOKE OR HAZE
[NO. OF DAYS WITH] [WEATHER - DAYS WITH] 9 = BLOWING SNOW
X = TORNADO
MAX 32 OR BELOW: 0 0.01 INCH OR MORE: 6
MAX 90 OR ABOVE: 0 0.10 INCH OR MORE: 2
MIN 32 OR BELOW: 1 0.50 INCH OR MORE: 0
MIN 0 OR BELOW: 0 1.00 INCH OR MORE: 0
[HDD (BASE 65) ]
TOTAL THIS MO. 184 CLEAR (SCALE 0-3) 9
DPTR FM NORMAL 30 PTCLDY (SCALE 4-7) 6
TOTAL FM JUL 1 2022 CLOUDY (SCALE 8-10) 2
DPTR FM NORMAL -81
[CDD (BASE 65) ]
TOTAL THIS MO. 0
DPTR FM NORMAL 0 [PRESSURE DATA]
TOTAL FM JAN 1 0 HIGHEST SLP M ON M
DPTR FM NORMAL -2 LOWEST SLP 29.79 ON 1
[REMARKS]