000
CXUS51 KRNK 010552
CF6ROA
PRELIMINARY LOCAL CLIMATOLOGICAL DATA (WS FORM: F-6)
STATION: ROANOKE VA
MONTH: JULY
YEAR: 2022
LATITUDE: 37 19 N
LONGITUDE: 79 58 W
TEMPERATURE IN F: :PCPN: SNOW: WIND :SUNSHINE: SKY :PK WND
================================================================================
1 2 3 4 5 6A 6B 7 8 9 10 11 12 13 14 15 16 17 18
12Z AVG MX 2MIN
DY MAX MIN AVG DEP HDD CDD WTR SNW DPTH SPD SPD DIR MIN PSBL S-S WX SPD DR
================================================================================
1 95 69 82 5 0 17 0.00 0.0 0 5.3 18 150 M M 4 22 150
2 93 70 82 5 0 17 1.11 0.0 0 4.9 35 170 M M 4 13 42 190
3 86 70 78 1 0 13 T 0.0 0 4.7 15 10 M M 5 18 10
4 86 71 79 2 0 14 0.00 0.0 0 4.8 13 20 M M 7 16 120
5 92 69 81 3 0 16 T 0.0 0 4.7 20 330 M M 5 3 24 330
6 98 71 85 7 0 20 0.63 0.0 0 6.0 25 360 M M 5 13 32 350
7 94 72 83 5 0 18 0.00 0.0 0 4.7 17 250 M M 5 23 250
8 89 72 81 3 0 16 0.88 0.0 0 5.3 23 310 M M 7 13 29 310
9 83 69 76 -2 0 11 0.41 0.0 0 5.0 13 50 M M 7 1 17 30
10 72 63 68 -10 0 3 0.53 0.0 0 4.1 14 100 M M 9 1 21 100
11 83 59 71 -7 0 6 0.00 0.0 0 2.1 12 120 M M 3 12 14 120
12 93 67 80 2 0 15 0.13 0.0 0 6.9 40 320 M M 3 3 51 320
13 90 69 80 2 0 15 0.00 0.0 0 4.3 12 310 M M 5 17 280
14 90 65 78 0 0 13 0.02 0.0 0 3.8 26 340 M M 4 30 350
15 88 66 77 -1 0 12 0.00 0.0 0 3.6 12 190 M M 3 14 180
16 87 68 78 0 0 13 T 0.0 0 3.0 25 340 M M 5 3 31 340
17 90 69 80 2 0 15 0.58 0.0 0 3.6 22 280 M M 4 123 29 290
18 92 71 82 4 0 17 0.27 0.0 0 3.8 21 120 M M 4 13 24 120
19 89 72 81 3 0 16 T 0.0 0 5.2 17 250 M M 5 1 22 250
20 94 70 82 4 0 17 0.00 0.0 0 5.0 16 170 M M 2 22 250
21 93 77 85 7 0 20 0.00 0.0 0 6.3 17 310 M M 3 23 310
22 95 71 83 5 0 18 0.00 0.0 0 3.1 14 130 M M 2 17 120
23 96 68 82 4 0 17 0.00 0.0 0 3.9 20 350 M M 3 3 25 350
24 94 66 80 2 0 15 0.00 0.0 0 4.9 13 310 M M 5 3 17 180
25 93 76 85 7 0 20 0.23 0.0 0 8.4 21 290 M M 6 13 29 300
26 84 76 80 2 0 15 0.07 0.0 0 6.0 13 250 M M 7 18 280
27 85 73 79 1 0 14 0.15 0.0 0 4.6 16 300 M M 8 1 22 270
28 88 74 81 3 0 16 0.01 0.0 0 5.1 14 340 M M 5 18 260
29 91 75 83 5 0 18 0.08 0.0 0 6.9 18 320 M M 4 1 24 310
30 88 69 79 1 0 14 0.00 0.0 0 6.0 15 340 M M 4 18 340
31 86 72 79 1 0 14 0.18 0.0 0 2.4 16 50 M M 9 3 21 80
================================================================================
SM 2777 2169 0 465 5.28 0.0 148.4 M 152
================================================================================
AV 89.6 70.0 4.8 FASTST M M 5 MAX(MPH)
MISC ----> 40 320 51 320
================================================================================
NOTES:
# LAST OF SEVERAL OCCURRENCES
COLUMN 17 PEAK WIND IN M.P.H.
PRELIMINARY LOCAL CLIMATOLOGICAL DATA (WS FORM: F-6) , PAGE 2
STATION: ROANOKE VA
MONTH: JULY
YEAR: 2022
LATITUDE: 37 19 N
LONGITUDE: 79 58 W
[TEMPERATURE DATA] [PRECIPITATION DATA] SYMBOLS USED IN COLUMN 16
AVERAGE MONTHLY: 79.8 TOTAL FOR MONTH: 5.28 1 = FOG OR MIST
DPTR FM NORMAL: 2.0 DPTR FM NORMAL: 1.00 2 = FOG REDUCING VISIBILITY
HIGHEST: 98 ON 6 GRTST 24HR 1.11 ON 2- 2 TO 1/4 MILE OR LESS
LOWEST: 59 ON 11 3 = THUNDER
SNOW, ICE PELLETS, HAIL 4 = ICE PELLETS
TOTAL MONTH: 0.0 INCH 5 = HAIL
GRTST 24HR 0.0 6 = FREEZING RAIN OR DRIZZLE
GRTST DEPTH: 0 7 = DUSTSTORM OR SANDSTORM:
VSBY 1/2 MILE OR LESS
8 = SMOKE OR HAZE
[NO. OF DAYS WITH] [WEATHER - DAYS WITH] 9 = BLOWING SNOW
X = TORNADO
MAX 32 OR BELOW: 0 0.01 INCH OR MORE: 15
MAX 90 OR ABOVE: 17 0.10 INCH OR MORE: 11
MIN 32 OR BELOW: 0 0.50 INCH OR MORE: 5
MIN 0 OR BELOW: 0 1.00 INCH OR MORE: 1
[HDD (BASE 65) ]
TOTAL THIS MO. 0 CLEAR (SCALE 0-3) 6
DPTR FM NORMAL 0 PTCLDY (SCALE 4-7) 23
TOTAL FM JUL 1 0 CLOUDY (SCALE 8-10) 2
DPTR FM NORMAL 0
[CDD (BASE 65) ]
TOTAL THIS MO. 465
DPTR FM NORMAL 70 [PRESSURE DATA]
TOTAL FM JAN 1 958 HIGHEST SLP M ON M
DPTR FM NORMAL 142 LOWEST SLP 29.75 ON 21
[REMARKS]
#FINAL-07-22#