000
CXUS51 KRNK 010525
CF6ROA
PRELIMINARY LOCAL CLIMATOLOGICAL DATA (WS FORM: F-6)
STATION: ROANOKE VA
MONTH: JUNE
YEAR: 2022
LATITUDE: 37 19 N
LONGITUDE: 79 58 W
TEMPERATURE IN F: :PCPN: SNOW: WIND :SUNSHINE: SKY :PK WND
================================================================================
1 2 3 4 5 6A 6B 7 8 9 10 11 12 13 14 15 16 17 18
12Z AVG MX 2MIN
DY MAX MIN AVG DEP HDD CDD WTR SNW DPTH SPD SPD DIR MIN PSBL S-S WX SPD DR
================================================================================
1 92 66 79 9 0 14 0.19 0.0 0 2.7 25 340 M M 2 3 32 330
2 90 69 80 10 0 15 0.01 0.0 0 6.7 25 290 M M 3 3 36 280
3 79 60 70 -1 0 5 0.00 0.0 0 5.8 15 310 M M 5 18 320
4 82 55 69 -2 0 4 0.00 0.0 0 4.6 14 70 M M 1 21 60
5 81 54 68 -3 0 3 0.00 0.0 0 4.2 14 130 M M 2 18 150
6 81 58 70 -1 0 5 0.00 0.0 0 5.7 18 140 M M 5 24 130
7 80 62 71 -1 0 6 T 0.0 0 6.5 17 150 M M 5 22 150
8 85 65 75 3 0 10 0.41 0.0 0 3.9 17 50 M M 4 13 22 50
9 80 61 71 -1 0 6 0.00 0.0 0 10.5 26 310 M M 3 35 310
10 78 55 67 -5 0 2 0.00 0.0 0 2.6 12 30 M M 4 14 30
11 81 63 72 -1 0 7 0.08 0.0 0 3.5 12 110 M M 7 18 190
12 90 68 79 6 0 14 0.00 0.0 0 5.0 17 260 M M 7 23 260
13 94 70 82 9 0 17 0.04 0.0 0 6.7 23 340 M M 5 3 28 330
14 93 71 82 8 0 17 0.05 0.0 0 8.2 24 320 M M 6 3 32 310
15 93 75 84 10 0 19 0.00 0.0 0 4.8 14 140 M M 5 20 110
16 96 71 84 10 0 19 0.09 0.0 0 4.4 25 20 M M 3 3 31 30
17 95 69 82 8 0 17 0.49 0.0 0 11.4 36 310 M M 5 3 51 310
18 81 65 73 -2 0 8 0.00 0.0 0 14.8 26 340 M M 1 34 350
19 82 54 68 -7 0 3 0.00 0.0 0 10.6 21 330 M M 3 27 310
20 79 57 68 -7 0 3 0.00 0.0 0 3.0 12 10 M M 6 14 20
21 93 62 78 3 0 13 0.00 0.0 0 3.2 15 320 M M 2 18 320
22 96 64 80 4 0 15 0.01 0.0 0 8.1 22 340 M M 3 3 28 340
23 92 70 81 5 0 16 0.02 0.0 0 6.7 17 110 M M 4 20 120
24 89 69 79 3 0 14 0.00 0.0 0 6.4 12 100 M M 6 16 110
25 90 69 80 4 0 15 0.00 0.0 0 5.6 15 170 M M 5 8 20 130
26 88 70 79 3 0 14 T 0.0 0 4.6 15 230 M M 6 3 22 270
27 87 67 77 1 0 12 0.03 0.0 0 9.5 20 310 M M 5 25 310
28 85 59 72 -5 0 7 0.00 0.0 0 4.6 16 150 M M 2 22 130
29 88 62 75 -2 0 10 0.00 0.0 0 4.0 15 110 M M 3 18 120
30 92 67 80 3 0 15 0.00 0.0 0 4.7 17 170 M M 3 23 160
================================================================================
SM 2612 1927 0 325 1.42 0.0 183.0 M 121
================================================================================
AV 87.1 64.2 6.1 FASTST M M 4 MAX(MPH)
MISC ----> 36 310 51 310
================================================================================
NOTES:
# LAST OF SEVERAL OCCURRENCES
COLUMN 17 PEAK WIND IN M.P.H.
PRELIMINARY LOCAL CLIMATOLOGICAL DATA (WS FORM: F-6) , PAGE 2
STATION: ROANOKE VA
MONTH: JUNE
YEAR: 2022
LATITUDE: 37 19 N
LONGITUDE: 79 58 W
[TEMPERATURE DATA] [PRECIPITATION DATA] SYMBOLS USED IN COLUMN 16
AVERAGE MONTHLY: 75.6 TOTAL FOR MONTH: 1.42 1 = FOG OR MIST
DPTR FM NORMAL: 1.8 DPTR FM NORMAL: -3.24 2 = FOG REDUCING VISIBILITY
HIGHEST: 96 ON 22,16 GRTST 24HR 0.58 ON 16-17 TO 1/4 MILE OR LESS
LOWEST: 54 ON 19, 5 3 = THUNDER
SNOW, ICE PELLETS, HAIL 4 = ICE PELLETS
TOTAL MONTH: 0.0 INCH 5 = HAIL
GRTST 24HR 0.0 6 = FREEZING RAIN OR DRIZZLE
GRTST DEPTH: 0 7 = DUSTSTORM OR SANDSTORM:
VSBY 1/2 MILE OR LESS
8 = SMOKE OR HAZE
[NO. OF DAYS WITH] [WEATHER - DAYS WITH] 9 = BLOWING SNOW
X = TORNADO
MAX 32 OR BELOW: 0 0.01 INCH OR MORE: 11
MAX 90 OR ABOVE: 13 0.10 INCH OR MORE: 3
MIN 32 OR BELOW: 0 0.50 INCH OR MORE: 0
MIN 0 OR BELOW: 0 1.00 INCH OR MORE: 0
[HDD (BASE 65) ]
TOTAL THIS MO. 0 CLEAR (SCALE 0-3) 8
DPTR FM NORMAL -8 PTCLDY (SCALE 4-7) 22
TOTAL FM JUL 1 3391 CLOUDY (SCALE 8-10) 0
DPTR FM NORMAL -476
[CDD (BASE 65) ]
TOTAL THIS MO. 325
DPTR FM NORMAL 53 [PRESSURE DATA]
TOTAL FM JAN 1 493 HIGHEST SLP M ON M
DPTR FM NORMAL 72 LOWEST SLP 29.73 ON 2
[REMARKS]
#FINAL-06-22#