000
CXUS55 KABQ 020217
CF6ROW
PRELIMINARY LOCAL CLIMATOLOGICAL DATA (WS FORM: F-6)
STATION: ROSWELL NM
MONTH: MAY
YEAR: 2023
LATITUDE: 33 17 N
LONGITUDE: 104 32 W
TEMPERATURE IN F: :PCPN: SNOW: WIND :SUNSHINE: SKY :PK WND
================================================================================
1 2 3 4 5 6A 6B 7 8 9 10 11 12 13 14 15 16 17 18
12Z AVG MX 2MIN
DY MAX MIN AVG DEP HDD CDD WTR SNW DPTH SPD SPD DIR MIN PSBL S-S WX SPD DR
================================================================================
1 81 50 66 -1 0 1 0.00 0.0 0 7.1 17 190 M M 0 23 180
2 86 56 71 4 0 6 0.01 0.0 0 6.7 35 300 M M 2 38 47 310
3 86 52 69 1 0 4 0.15 0.0 0 9.3 36 250 M M 1 3 45 250
4 90 59 75 7 0 10 0.00 0.0 0 6.4 21 270 M M 1 29 260
5 92 53 73 5 0 8 0.00 0.0 0 13.0 31 210 M M 0 45 200
6 92 50 71 2 0 6 0.00 0.0 0 10.5 32 210 M M 0 42 210
7 95 52 74 5 0 9 0.00 0.0 0 9.6 26 200 M M 0 37 210
8 93 53 73 4 0 8 0.00 0.0 0 8.1 20 200 M M 0 26 210
9 97 53 75 5 0 10 0.00 0.0 0 10.4 24 150 M M 0 41 160
10 95 61 78 8 0 13 0.00 0.0 0 15.7 36 210 M M 0 8 47 220
11 88 57 73 3 0 8 0.00 0.0 0 11.2 24 250 M M 0 33 250
12 92 51 72 1 0 7 0.00 0.0 0 8.3 35 170 M M 0 8 44 160
13 74 57 66 -5 0 1 T 0.0 0 10.5 22 40 M M 3 28 30
14 81 53 67 -5 0 2 0.00 0.0 0 10.6 23 20 M M 4 30 50
15 83 62 73 1 0 8 0.00 0.0 0 9.0 18 20 M M 5 26 50
16 88 57 73 1 0 8 0.00 0.0 0 6.4 18 190 M M 1 26 170
17 89 64 77 4 0 12 T 0.0 0 9.3 33 230 M M 2 3 41 240
18 88 60 74 1 0 9 0.04 0.0 0 6.6 18 360 M M 3 3 24 20
19 86 60 73 0 0 8 0.04 0.0 0 13.1 30 360 M M 3 3 39 10
20 73 60 67 -7 0 2 0.00 0.0 0 6.8 16 20 M M 7 8 21 20
21 87 57 72 -2 0 7 0.02 0.0 0 7.0 30 250 M M 2 38 39 270
22 89 56 73 -1 0 8 0.02 0.0 0 7.5 22 180 M M 0 3 28 180
23 95 57 76 1 0 11 T 0.0 0 8.8 32 310 M M 1 3 44 320
24 94 61 78 3 0 13 0.00 0.0 0 9.2 30 160 M M 1 8 42 170
25 89 64 77 1 0 12 0.00 0.0 0 15.0 25 150 M M 4 33 140
26 86 62 74 -2 0 9 T 0.0 0 15.1 26 160 M M 6 36 70
27 85 66 76 0 0 11 T 0.0 0 12.8 29 180 M M 4 38 170
28 89 60 75 -1 0 10 0.00 0.0 0 6.4 23 140 M M 2 34 110
29 95 57 76 -1 0 11 0.00 0.0 0 6.8 18 190 M M 0 25 180
30 99 58 79 2 0 14 0.00 0.0 0 8.7 23 160 M M 0 34 240
31 90 63 77 -1 0 12 0.37 0.0 0 11.0 26 140 M M 2 3 36 160
================================================================================
SM 2747 1781 0 258 0.65 0.0 296.9 M 54
================================================================================
AV 88.6 57.5 9.6 FASTST M M 2 MAX(MPH)
MISC ----> # 36 250 # 47 310
================================================================================
NOTES:
# LAST OF SEVERAL OCCURRENCES
COLUMN 17 PEAK WIND IN M.P.H.
PRELIMINARY LOCAL CLIMATOLOGICAL DATA (WS FORM: F-6) , PAGE 2
STATION: ROSWELL NM
MONTH: MAY
YEAR: 2023
LATITUDE: 33 17 N
LONGITUDE: 104 32 W
[TEMPERATURE DATA] [PRECIPITATION DATA] SYMBOLS USED IN COLUMN 16
AVERAGE MONTHLY: 73.0 TOTAL FOR MONTH: 0.65 1 = FOG OR MIST
DPTR FM NORMAL: 0.7 DPTR FM NORMAL: -0.49 2 = FOG REDUCING VISIBILITY
HIGHEST: 99 ON 30 GRTST 24HR 0.37 ON 31-31 TO 1/4 MILE OR LESS
LOWEST: 50 ON 6, 1 3 = THUNDER
SNOW, ICE PELLETS, HAIL 4 = ICE PELLETS
TOTAL MONTH: 0.0 INCH 5 = HAIL
GRTST 24HR 0.0 6 = FREEZING RAIN OR DRIZZLE
GRTST DEPTH: 0 7 = DUSTSTORM OR SANDSTORM:
VSBY 1/2 MILE OR LESS
8 = SMOKE OR HAZE
[NO. OF DAYS WITH] [WEATHER - DAYS WITH] 9 = BLOWING SNOW
X = TORNADO
MAX 32 OR BELOW: 0 0.01 INCH OR MORE: 7
MAX 90 OR ABOVE: 13 0.10 INCH OR MORE: 2
MIN 32 OR BELOW: 0 0.50 INCH OR MORE: 0
MIN 0 OR BELOW: 0 1.00 INCH OR MORE: 0
[HDD (BASE 65) ]
TOTAL THIS MO. 0 CLEAR (SCALE 0-3) 23
DPTR FM NORMAL -20 PTCLDY (SCALE 4-7) 8
TOTAL FM JUL 1 2806 CLOUDY (SCALE 8-10) 0
DPTR FM NORMAL -66
[CDD (BASE 65) ]
TOTAL THIS MO. 258
DPTR FM NORMAL 13 [PRESSURE DATA]
TOTAL FM JAN 1 305 HIGHEST SLP 30.23 ON 20
DPTR FM NORMAL -13 LOWEST SLP 29.44 ON 10
[REMARKS]
#FINAL-05-23#