000
CXUS53 KARX 010741
CLMRST
CLIMATE REPORT
NATIONAL WEATHER SERVICE LA CROSSE WI
241 AM CDT WED NOV 01 2023
...................................
...THE ROCHESTER MN CLIMATE SUMMARY FOR THE MONTH OF OCTOBER 2023...
CLIMATE NORMAL PERIOD 1991 TO 2020
CLIMATE RECORD PERIOD 1886 TO 2023
WEATHER OBSERVED NORMAL DEPART LAST YEAR`S
VALUE DATE(S) VALUE FROM VALUE DATE(S)
NORMAL
................................................................
TEMPERATURE (F)
RECORD
HIGH 93 10/03/1997
LOW -6 10/25/1887
HIGHEST 90 10/01 79 10/22
LOWEST 19 10/30 18 10/19
AVG. MAXIMUM 59.5 57.9 1.6 60.3
AVG. MINIMUM 40.8 38.0 2.8 36.6
MEAN 50.1 47.9 2.2 48.5
DAYS MAX >= 90 1 0.1 0.9 0
DAYS MAX <= 32 1 0.3 0.7 0
DAYS MIN <= 32 8 9.1 -1.1 13
DAYS MIN <= 0 0 0.0 0.0 0
PRECIPITATION (INCHES)
RECORD
MAXIMUM 9.11 1911
TOTALS 4.78 2.43 2.35 0.70
DAYS >= .01 15 9.5 5.5 6
DAYS >= .10 5 5.1 -0.1 1
DAYS >= .50 3 1.5 1.5 0
DAYS >= 1.00 1 0.5 0.5 0
GREATEST
24 HR. TOTAL 2.27 10/23 TO 10/24 0.49 10/24 TO 10/24
SNOWFALL (INCHES)
RECORDS
TOTAL 7.9 2009
SNOW DEPTH 4 10/23/1979
10/31/1929
TOTALS 1.6 0.9 0.7 0.1
SINCE 7/1 1.6 0.9 0.7 MM
SNOWDEPTH AVG. T 0
DAYS >= TRACE 3 0.8 2.2 1
DAYS >= 1.0 1 0.3 0.7 0
GREATEST
SNOW DEPTH MM 0 MM
DEGREE DAYS
HEATING TOTAL 483 534 -51 505
SINCE 7/1 565 749 -184 MM
COOLING TOTAL 31 6 25 1
SINCE 1/1 697 533 164 MM
................................................................
WIND (MPH)
AVERAGE WIND SPEED 10.9
HIGHEST WIND SPEED/DIRECTION 35/300 DATE 10/31
HIGHEST GUST SPEED/DIRECTION 50/300 DATE 10/31
AVERAGE RH (PERCENT) 76
WEATHER CONDITIONS. NUMBER OF DAYS WITH
THUNDERSTORM 3 MIXED PRECIP 0
HEAVY RAIN 3 RAIN 5
LIGHT RAIN 15 FREEZING RAIN 0
LT FREEZING RAIN 0 HAIL 0
HEAVY SNOW 0 SNOW 1
LIGHT SNOW 3 SLEET 0
FOG 15 FOG W/VIS <= 1/4 MILE 4
HAZE 2
- INDICATES NEGATIVE NUMBERS.
R INDICATES RECORD WAS SET OR TIED.
MM INDICATES DATA IS MISSING.
T INDICATES TRACE AMOUNT.
$$