000
CXUS51 KBTV 010800
CF6RUT
PRELIMINARY LOCAL CLIMATOLOGICAL DATA (WS FORM: F-6)
STATION: RUTLAND VT
MONTH: NOVEMBER
YEAR: 2020
LATITUDE: 43 31 N
LONGITUDE: 72 57 W
TEMPERATURE IN F: :PCPN: SNOW: WIND :SUNSHINE: SKY :PK WND
================================================================================
1 2 3 4 5 6A 6B 7 8 9 10 11 12 13 14 15 16 17 18
12Z AVG MX 2MIN
DY MAX MIN AVG DEP HDD CDD WTR SNW DPTH SPD SPD DIR MIN PSBL S-S WX SPD DR
================================================================================
1 49 30 40 M 25 0 0.18 M M 11.2 21 130 M M 7 31 110
2 39 28 34 M 31 0 0.13 M M 10.6 20 260 M M 9 1 35 250
3 35 25 30 M 35 0 0.03 M M 8.6 20 230 M M 8 1 31 240
4 54 28 41 M 24 0 0.01 M M 12.3 17 110 M M 3 20 120
5 69 35 52 M 13 0 0.00 M M 7.1 13 110 M M 0 17 220
6 67 46 57 M 8 0 0.00 M M 6.1 14 230 M M 1 21 250
7 69 44 57 M 8 0 0.00 M M 3.7 8 120 M M 0 M M
8 71 41 56 M 9 0 0.00 M M 5.9 12 130 M M 0 M M
9 71 40 56 M 9 0 0.00 M M 6.1 14 130 M M 0 M M
10 72 41 57 M 8 0 0.00 M M 7.6 13 120 M M 0 M M
11 70 51 61 M 4 0 T M M 5.2 9 180 M M 8 16 99
12 63 29 46 M 19 0 T M M 6.4 13 310 M M 5 18 310
13 41 26 34 M 31 0 T M M 3.8 14 120 M M 6 1 23 160
14 42 25 34 M 31 0 T M M 6.1 16 270 M M 6 23 270
15 48 23 36 M 29 0 M M M 13.0 25 130 M M 6 40 120
16 46 39 43 M 22 0 T M M 10.0 18 220 M M 9 30 250
17 40 27 34 M 31 0 T M M 8.8 17 350 M M 10 23 350
18 29 12 21 M 44 0 0.04 M M 8.3 14 350 M M 7 24 320
19 48 12 30 M 35 0 0.02 M M 4.9 13 120 M M 3 M M
20 59 47 53 M 12 0 0.00 M M 4.6 10 250 M M 7 17 99
21 55 35 45 M 20 0 0.00 M M 7.2 14 330 M M 5 18 330
22 39 27 33 M 32 0 0.02 M M 8.8 21 160 M M 7 31 140
23 47 32 40 M 25 0 T M M 10.0 23 160 M M 10 1 31 160
24 33 22 28 M 37 0 0.00 M M 7.2 15 320 M M 5 22 320
25 40 24 32 M 33 0 T M M 13.2 22 110 M M 8 32 110
26 51 37 44 M 21 0 T M M 9.0 18 130 M M 10 1 22 130
27 52 40 46 M 19 0 T M M 2.2 8 270 M M 10 M M
28 44 35 40 M 25 0 T M M 3.8 9 280 M M 8 16 270
29 48 30 39 M 26 0 0.00 M M 6.5 14 230 M M 2 18 230
30 60 31 46 M 19 0 0.01 M M 13.8 23 140 M M 6 1 41 120
================================================================================
SM 1551 962 685 0 0.44 M 232.0 M 166
================================================================================
AV 51.7 32.1 7.7 FASTST M M 6 MAX(MPH)
MISC ----> 25 130 41 120
================================================================================
NOTES:
# LAST OF SEVERAL OCCURRENCES
COLUMN 17 PEAK WIND IN M.P.H.
PRELIMINARY LOCAL CLIMATOLOGICAL DATA (WS FORM: F-6) , PAGE 2
STATION: RUTLAND VT
MONTH: NOVEMBER
YEAR: 2020
LATITUDE: 43 31 N
LONGITUDE: 72 57 W
[TEMPERATURE DATA] [PRECIPITATION DATA] SYMBOLS USED IN COLUMN 16
AVERAGE MONTHLY: 41.9 TOTAL FOR MONTH: 0.44 1 = FOG OR MIST
DPTR FM NORMAL: 0.0 DPTR FM NORMAL: M 2 = FOG REDUCING VISIBILITY
HIGHEST: 72 ON 10 GRTST 24HR 0.18 ON 1- 1 TO 1/4 MILE OR LESS
LOWEST: 12 ON 19,18 3 = THUNDER
SNOW, ICE PELLETS, HAIL 4 = ICE PELLETS
TOTAL MONTH: M 5 = HAIL
GRTST 24HR M ON M 6 = FREEZING RAIN OR DRIZZLE
GRTST DEPTH: M ON M 7 = DUSTSTORM OR SANDSTORM:
VSBY 1/2 MILE OR LESS
8 = SMOKE OR HAZE
[NO. OF DAYS WITH] [WEATHER - DAYS WITH] 9 = BLOWING SNOW
X = TORNADO
MAX 32 OR BELOW: 1 0.01 INCH OR MORE: 8
MAX 90 OR ABOVE: 0 0.10 INCH OR MORE: 2
MIN 32 OR BELOW: 17 0.50 INCH OR MORE: 0
MIN 0 OR BELOW: 0 1.00 INCH OR MORE: 0
[HDD (BASE 65) ]
TOTAL THIS MO. 685 CLEAR (SCALE 0-3) 9
DPTR FM NORMAL M PTCLDY (SCALE 4-7) 13
TOTAL FM JUL 1 1407 CLOUDY (SCALE 8-10) 8
DPTR FM NORMAL M
[CDD (BASE 65) ]
TOTAL THIS MO. 0
DPTR FM NORMAL M [PRESSURE DATA]
TOTAL FM JAN 1 580 HIGHEST SLP M ON M
DPTR FM NORMAL M LOWEST SLP M ON M
[REMARKS]
#FINAL-11-20#