000
CXUS54 KTSA 010850
CF6RVS
PRELIMINARY LOCAL CLIMATOLOGICAL DATA (WS FORM: F-6)
STATION: TULSA-RIVERSIDE OKLAHOMA
MONTH: MARCH
YEAR: 2023
LATITUDE: 36 2 N
LONGITUDE: 95 59 W
TEMPERATURE IN F: :PCPN: SNOW: WIND :SUNSHINE: SKY :PK WND
================================================================================
1 2 3 4 5 6A 6B 7 8 9 10 11 12 13 14 15 16 17 18
12Z AVG MX 2MIN
DY MAX MIN AVG DEP HDD CDD WTR SNW DPTH SPD SPD DIR MIN PSBL S-S WX SPD DR
================================================================================
1 64 47 56 9 9 0 0.00 0.0 M 7.4 17 30 M M 0 25 20
2 56 43 50 2 15 0 0.41 0.0 M 7.9 18 90 M M 7 13 26 80
3 61 38 50 2 15 0 0.21 0.0 M 6.0 18 20 M M 6 1 29 30
4 66 34 50 2 15 0 0.00 0.0 M 3.6 13 110 M M 0 1 19 140
5 77 43 60 11 5 0 0.00 0.0 M 11.7 25 190 M M 1 37 190
6 74 56 65 16 0 0 0.00 0.0 M 7.7 17 30 M M 0 27 200
7 64 46 55 6 10 0 1.18 0.0 M 9.2 20 30 M M 6 13 27 10
8 52 47 50 0 15 0 0.08 0.0 M 3.9 10 360 M M 10 18 16 360
9 57 44 51 1 14 0 0.23 0.0 M 4.6 14 30 M M 8 1 21 10
10 55 35 45 -5 20 0 0.00 0.0 M 5.4 13 20 M M 1 18 40
11 65 46 56 5 9 0 0.00 0.0 M 9.8 15 360 M M 10 24 160
12 52 41 47 -4 18 0 0.00 0.0 M 9.2 17 10 M M 7 27 10
13 49 31 40 -11 25 0 0.00 0.0 M 6.7 15 40 M M 3 23 30
14 56 35 46 -6 19 0 0.00 0.0 M 6.2 13 160 M M 3 19 160
15 63 34 49 -3 16 0 0.00 0.0 M 11.8 24 170 M M 1 38 170
16 64 37 51 -1 14 0 0.70 0.0 M 12.4 22 190 M M 10 13 34 190
17 52 31 42 -11 23 0 0.00 0.0 M 6.4 16 360 M M 1 27 10
18 45 28 37 -16 28 0 0.00 0.0 M 9.4 20 10 M M 0 33 10
19 48 21 35 -19 30 0 0.00 0.0 M 4.2 10 190 M M 0 15 160
20 60 27 44 -10 21 0 T 0.0 M 12.7 26 210 M M 4 39 210
21 63 44 54 0 11 0 0.32 0.0 M 10.6 20 160 M M 9 1 30 140
22 80 63 72 18 0 7 0.00 0.0 M 13.9 22 190 M M 6 32 190
23 75 46 61 6 4 0 2.52 0.0 M 10.1 20 200 M M 7 13 34 200
24 50 39 45 -10 20 0 0.12 0.0 M 6.2 18 40 M M 9 1 24 40
25 64 37 51 -4 14 0 0.00 0.0 M 3.2 12 340 M M 5 12 27 290
26 62 40 51 -5 14 0 0.00 0.0 M 8.1 16 360 M M 2 27 360
27 60 34 47 -9 18 0 0.00 0.0 M 7.3 16 30 M M 0 22 20
28 56 37 47 -9 18 0 0.00 0.0 M 7.0 16 10 M M 1 28 360
29 70 32 51 -6 14 0 0.00 0.0 M 6.0 16 180 M M 1 1 26 210
30 68 55 62 5 3 0 0.22 0.0 M 10.7 21 170 M M 10 13 36 170
31 80 59 70 13 0 5 0.00 0.0 M 12.9 30 230 M M 7 54 240
================================================================================
SM 1908 1250 437 12 5.99 0.0 252.2 M 135
================================================================================
AV 61.5 40.3 8.1 FASTST M M 4 MAX(MPH)
MISC ----> 30 230 54 240
================================================================================
NOTES:
# LAST OF SEVERAL OCCURRENCES
COLUMN 17 PEAK WIND IN M.P.H.
PRELIMINARY LOCAL CLIMATOLOGICAL DATA (WS FORM: F-6) , PAGE 2
STATION: TULSA-RIVERSIDE OKLAHOMA
MONTH: MARCH
YEAR: 2023
LATITUDE: 36 2 N
LONGITUDE: 95 59 W
[TEMPERATURE DATA] [PRECIPITATION DATA] SYMBOLS USED IN COLUMN 16
AVERAGE MONTHLY: 50.9 TOTAL FOR MONTH: 5.99 1 = FOG OR MIST
DPTR FM NORMAL: -1.5 DPTR FM NORMAL: 2.77 2 = FOG REDUCING VISIBILITY
HIGHEST: 80 ON 31,22 GRTST 24HR 2.64 ON 23-24 TO 1/4 MILE OR LESS
LOWEST: 21 ON 19 3 = THUNDER
SNOW, ICE PELLETS, HAIL 4 = ICE PELLETS
TOTAL MONTH: 0.0 INCH 5 = HAIL
GRTST 24HR 0.0 6 = FREEZING RAIN OR DRIZZLE
GRTST DEPTH: M ON M 7 = DUSTSTORM OR SANDSTORM:
VSBY 1/2 MILE OR LESS
8 = SMOKE OR HAZE
[NO. OF DAYS WITH] [WEATHER - DAYS WITH] 9 = BLOWING SNOW
X = TORNADO
MAX 32 OR BELOW: 0 0.01 INCH OR MORE: 10
MAX 90 OR ABOVE: 0 0.10 INCH OR MORE: 9
MIN 32 OR BELOW: 6 0.50 INCH OR MORE: 3
MIN 0 OR BELOW: 0 1.00 INCH OR MORE: 2
[HDD (BASE 65) ]
TOTAL THIS MO. 437 CLEAR (SCALE 0-3) 13
DPTR FM NORMAL 31 PTCLDY (SCALE 4-7) 12
TOTAL FM JUL 1 3095 CLOUDY (SCALE 8-10) 6
DPTR FM NORMAL -75
[CDD (BASE 65) ]
TOTAL THIS MO. 12
DPTR FM NORMAL -4 [PRESSURE DATA]
TOTAL FM JAN 1 12 HIGHEST SLP 30.61 ON 19
DPTR FM NORMAL -6 LOWEST SLP 29.40 ON 3
[REMARKS]
#FINAL-03-23#