000
CXUS53 KMPX 011918
CF6RWF
PRELIMINARY LOCAL CLIMATOLOGICAL DATA (WS FORM: F-6)
STATION: REDWOOD FALLS MN
MONTH: SEPTEMBER
YEAR: 2021
LATITUDE: 44 32 N
LONGITUDE: 95 5 W
TEMPERATURE IN F: :PCPN: SNOW: WIND :SUNSHINE: SKY :PK WND
================================================================================
1 2 3 4 5 6A 6B 7 8 9 10 11 12 13 14 15 16 17 18
12Z AVG MX 2MIN
DY MAX MIN AVG DEP HDD CDD WTR SNW DPTH SPD SPD DIR MIN PSBL S-S WX SPD DR
================================================================================
1 79 56 68 1 0 3 0.00 M M 8.9 20 160 M M 1 25 160
2 63 59 61 -6 4 0 0.58 M M 10.7 21 140 M M 7 1 33 120
3 67 61 64 -3 1 0 T M M 4.7 16 130 M M 10 1 23 140
4 79 58 69 3 0 4 0.00 M M 7.4 20 290 M M 3 12 26 310
5 80 53 67 1 0 2 0.00 M M 7.5 20 290 M M 1 25 300
6 84 50 67 1 0 2 0.00 M M 9.4 22 160 M M 0 27 160
7 79 58 69 3 0 4 0.00 M M 11.2 24 320 M M 1 36 320
8 76 53 65 0 0 0 0.00 M M 10.2 21 310 M M 1 33 310
9 77 49 63 -2 2 0 0.00 M M 4.5 10 140 M M 0 13 130
10 84 52 68 3 0 3 0.00 M M 8.7 17 170 M M 0 24 190
11 80 61 71 7 0 6 0.00 M M 6.0 15 320 M M 0 22 310
12 73 52 63 -1 2 0 T M M 3.5 12 20 M M 2 21 360
13 74 47 61 -3 4 0 0.37 M M 6.4 21 280 M M 3 13 29 290
14 74 56 65 2 0 0 0.00 M M 8.6 17 320 M M 6 1 27 330
15 80 48 64 1 1 0 0.00 M M 10.2 23 160 M M 3 29 160
16 92 65 79 17 0 14 0.00 M M 18.5 36 200 M M 3 50 190
17 71 48 60 -2 5 0 0.35 M M 7.4 38 290 M M 2 13 53 270
18 81 45 63 1 2 0 0.00 M M 10.6 22 150 M M 2 29 150
19 90 71 81 20 0 16 0.00 M M 18.3 32 180 M M 0 45 190
20 76 50 63 2 2 0 0.98 M M 14.2 31 190 M M 8 123 43 180
21 67 47 57 -3 8 0 0.00 M M 8.5 18 320 M M 1 27 310
22 71 40 56 -4 9 0 0.00 M M 4.1 13 170 M M 0 20 190
23 76 42 59 -1 6 0 0.00 M M 9.0 20 160 M M 0 27 170
24 69 48 59 0 6 0 0.02 M M 8.9 22 310 M M 2 1 33 330
25 75 44 60 1 5 0 0.00 M M 8.1 18 290 M M 0 25 300
26 89 48 69 11 0 4 0.00 M M 4.7 12 210 M M 0 15 170
27 82 53 68 10 0 3 0.00 M M 5.6 9 150 M M 0 14 100
28 86 52 69 12 0 4 0.00 M M 9.4 20 160 M M 0 25 160
29 87 57 72 15 0 7 0.00 M M 8.5 24 160 M M 0 31 190
30 78 61 70 14 0 5 T M M 6.2 22 140 M M 5 18 29 130
================================================================================
SM 2339 1584 57 77 2.30 M 259.9 M 61
================================================================================
AV 78.0 52.8 8.7 FASTST M M 2 MAX(MPH)
MISC ----> 38 290 53 270
================================================================================
NOTES:
# LAST OF SEVERAL OCCURRENCES
COLUMN 17 PEAK WIND IN M.P.H.
PRELIMINARY LOCAL CLIMATOLOGICAL DATA (WS FORM: F-6) , PAGE 2
STATION: REDWOOD FALLS MN
MONTH: SEPTEMBER
YEAR: 2021
LATITUDE: 44 32 N
LONGITUDE: 95 5 W
[TEMPERATURE DATA] [PRECIPITATION DATA] SYMBOLS USED IN COLUMN 16
AVERAGE MONTHLY: 65.4 TOTAL FOR MONTH: 2.30 1 = FOG OR MIST
DPTR FM NORMAL: 3.1 DPTR FM NORMAL: -0.55 2 = FOG REDUCING VISIBILITY
HIGHEST: 92 ON 16 GRTST 24HR 0.98 ON 20-20 TO 1/4 MILE OR LESS
LOWEST: 40 ON 22 3 = THUNDER
SNOW, ICE PELLETS, HAIL 4 = ICE PELLETS
TOTAL MONTH: M 5 = HAIL
GRTST 24HR M ON M 6 = FREEZING RAIN OR DRIZZLE
GRTST DEPTH: M ON M 7 = DUSTSTORM OR SANDSTORM:
VSBY 1/2 MILE OR LESS
8 = SMOKE OR HAZE
[NO. OF DAYS WITH] [WEATHER - DAYS WITH] 9 = BLOWING SNOW
X = TORNADO
MAX 32 OR BELOW: 0 0.01 INCH OR MORE: 5
MAX 90 OR ABOVE: 2 0.10 INCH OR MORE: 4
MIN 32 OR BELOW: 0 0.50 INCH OR MORE: 2
MIN 0 OR BELOW: 0 1.00 INCH OR MORE: 0
[HDD (BASE 65) ]
TOTAL THIS MO. 57 CLEAR (SCALE 0-3) 23
DPTR FM NORMAL -93 PTCLDY (SCALE 4-7) 5
TOTAL FM JUL 1 60 CLOUDY (SCALE 8-10) 2
DPTR FM NORMAL -118
[CDD (BASE 65) ]
TOTAL THIS MO. 77
DPTR FM NORMAL 9 [PRESSURE DATA]
TOTAL FM JAN 1 966 HIGHEST SLP 30.36 ON 21
DPTR FM NORMAL 282 LOWEST SLP 29.58 ON 20
[REMARKS]
#FINAL-09-21#