000
CXUS55 KPIH 011100
CF6RXE
PRELIMINARY LOCAL CLIMATOLOGICAL DATA (WS FORM: F-6)
STATION: REXBURG
MONTH: OCTOBER
YEAR: 2022
LATITUDE: 43 49 N
LONGITUDE: 111 48 W
TEMPERATURE IN F: :PCPN: SNOW: WIND :SUNSHINE: SKY :PK WND
================================================================================
1 2 3 4 5 6A 6B 7 8 9 10 11 12 13 14 15 16 17 18
12Z AVG MX 2MIN
DY MAX MIN AVG DEP HDD CDD WTR SNW DPTH SPD SPD DIR MIN PSBL S-S WX SPD DR
================================================================================
1 61 46 54 3 11 0 0.07 M M 3.0 10 150 M M 7 16 150
2 66 39 53 2 12 0 0.00 M M 2.4 9 240 M M 4 13 230
3 70 40 55 5 10 0 0.00 M M 3.3 9 190 M M 3 13 330
4 72 39 56 6 9 0 0.00 M M 3.6 7 40 M M 0 11 70
5 75 39 57 7 8 0 0.00 M M 1.2 7 30 M M 0 10 220
6 77 38 58 9 7 0 0.00 M M 2.2 9 60 M M 0 13 50
7 76 41 59 10 6 0 0.00 M M 3.6 9 60 M M 0 14 70
8 73 39 56 8 9 0 0.00 M M 2.5 10 60 M M 0 14 40
9 74 38 56 8 9 0 0.00 M M 3.0 10 240 M M 0 13 240
10 72 36 54 7 11 0 0.00 M M 7.9 17 220 M M 0 27 210
11 70 42 56 9 9 0 0.00 M M 8.2 15 210 M M 0 24 200
12 70 38 54 8 11 0 0.00 M M 7.0 14 210 M M 0 21 210
13 69 34 52 6 13 0 0.00 M M 2.8 10 200 M M 0 14 200
14 68 32 50 4 15 0 0.00 M M 4.3 12 230 M M 0 19 200
15 69 35 52 7 13 0 0.00 M M 8.4 18 30 M M 0 29 40
16 70 34 52 7 13 0 0.00 M M 3.4 10 40 M M 0 15 50
17 74 33 54 10 11 0 0.00 M M 2.3 7 20 M M 0 10 70
18 74 34 54 10 11 0 0.00 M M 2.7 8 60 M M 0 11 60
19 72 34 53 10 12 0 0.00 M M 2.6 8 220 M M 0 14 270
20 69 32 51 8 14 0 0.00 M M 6.3 15 220 M M 0 23 220
21 69 41 55 12 10 0 T M M 15.6 35 230 M M 4 8 50 220
22 58 35 47 5 18 0 0.31 M M 14.8 32 200 M M 10 1 48 200
23 43 33 38 -4 27 0 0.00 M M 6.2 16 350 M M 10 27 360
24 43 28 36 -5 29 0 0.01 M M 11.5 24 200 M M 7 34 220
25 47 34 41 0 24 0 0.11 M M 10.1 21 200 M M 0 1 31 200
26 43 31 37 -3 28 0 0.01 M M 6.7 20 240 M M 7 1 26 230
27 40 27 34 -6 31 0 0.00 M M 4.8 13 200 M M 7 128 17 200
28 47 22 35 -5 30 0 0.00 M M 2.6 8 60 M M 0 11 240
29 52 26 39 0 26 0 0.00 M M 2.4 6 210 M M 0 9 210
30 51 24 38 -1 27 0 0.00 M M 3.5 13 240 M M 2 8 18 240
31 59 32 46 8 19 0 0.00 M M 6.5 18 230 M M 2 27 230
================================================================================
SM 1973 1076 483 0 0.51 M 165.4 M 63
================================================================================
AV 63.6 34.7 5.3 FASTST M M 2 MAX(MPH)
MISC ----> 35 230 50 220
================================================================================
NOTES:
# LAST OF SEVERAL OCCURRENCES
COLUMN 17 PEAK WIND IN M.P.H.
PRELIMINARY LOCAL CLIMATOLOGICAL DATA (WS FORM: F-6) , PAGE 2
STATION: REXBURG
MONTH: OCTOBER
YEAR: 2022
LATITUDE: 43 49 N
LONGITUDE: 111 48 W
[TEMPERATURE DATA] [PRECIPITATION DATA] SYMBOLS USED IN COLUMN 16
AVERAGE MONTHLY: 49.2 TOTAL FOR MONTH: 0.51 1 = FOG OR MIST
DPTR FM NORMAL: 4.4 DPTR FM NORMAL: -0.52 2 = FOG REDUCING VISIBILITY
HIGHEST: 77 ON 6 GRTST 24HR 0.31 ON 22-22 TO 1/4 MILE OR LESS
LOWEST: 22 ON 28 3 = THUNDER
SNOW, ICE PELLETS, HAIL 4 = ICE PELLETS
TOTAL MONTH: M 5 = HAIL
GRTST 24HR M ON M 6 = FREEZING RAIN OR DRIZZLE
GRTST DEPTH: M ON M 7 = DUSTSTORM OR SANDSTORM:
VSBY 1/2 MILE OR LESS
8 = SMOKE OR HAZE
[NO. OF DAYS WITH] [WEATHER - DAYS WITH] 9 = BLOWING SNOW
X = TORNADO
MAX 32 OR BELOW: 0 0.01 INCH OR MORE: 5
MAX 90 OR ABOVE: 0 0.10 INCH OR MORE: 2
MIN 32 OR BELOW: 9 0.50 INCH OR MORE: 0
MIN 0 OR BELOW: 0 1.00 INCH OR MORE: 0
[HDD (BASE 65) ]
TOTAL THIS MO. 483 CLEAR (SCALE 0-3) 22
DPTR FM NORMAL -145 PTCLDY (SCALE 4-7) 7
TOTAL FM JUL 1 579 CLOUDY (SCALE 8-10) 2
DPTR FM NORMAL -351
[CDD (BASE 65) ]
TOTAL THIS MO. 0
DPTR FM NORMAL 0 [PRESSURE DATA]
TOTAL FM JAN 1 641 HIGHEST SLP 30.47 ON 28
DPTR FM NORMAL 384 LOWEST SLP 29.32 ON 22
[REMARKS]
#FINAL-10-22#