000
CXUS54 KEWX 011010
CF6RYW
PRELIMINARY LOCAL CLIMATOLOGICAL DATA (WS FORM: F-6)
STATION: LAGO VISTA
MONTH: AUGUST
YEAR: 2022
LATITUDE: 30 30 N
LONGITUDE: 97 58 W
TEMPERATURE IN F: :PCPN: SNOW: WIND :SUNSHINE: SKY :PK WND
================================================================================
1 2 3 4 5 6A 6B 7 8 9 10 11 12 13 14 15 16 17 18
12Z AVG MX 2MIN
DY MAX MIN AVG DEP HDD CDD WTR SNW DPTH SPD SPD DIR MIN PSBL S-S WX SPD DR
================================================================================
1 103 74 89 M 0 24 0.00 M M 6.5 14 160 M M 2 23 160
2 103 74 89 M 0 24 0.00 M M 9.7 14 160 M M 1 23 210
3 104 74 89 M 0 24 0.00 M M 9.4 14 160 M M 3 23 180
4 105 75 90 M 0 25 0.00 M M 8.7 13 190 M M 3 20 190
5 105 74 90 M 0 25 0.00 M M 6.9 10 150 M M 2 22 0
6 102 75 89 M 0 24 0.00 M M 6.2 10 170 M M 3 20 110
7 102 73 88 M 0 23 0.00 M M 7.2 15 140 M M 4 23 140
8 103 74 89 M 0 24 0.00 M M 5.3 9 140 M M 3 17 0
9 103 74 89 M 0 24 0.00 M M 5.6 10 150 M M 1 16 150
10 106 75 91 M 0 26 0.00 M M 6.6 15 360 M M 1 25 360
11 100 74 87 M 0 22 0.00 0.0 M 3.5 8 250 M M 4 M M
12 103 72 88 M 0 23 0.00 0.0 M 4.7 12 60 M M 4 22 80
13 104 73 89 M 0 24 0.00 M M 4.6 15 90 M M 2 22 90
14 97 72 85 M 0 20 0.00 M M 4.9 8 140 M M 3 17 130
15 101 74 88 M 0 23 0.00 M M 6.1 10 150 M M 4 20 150
16 103 74 89 M 0 24 0.00 M M 5.1 10 180 M M 3 M M
17 105 76 91 M 0 26 0.00 0.0 M 5.9 10 250 M M 0 M M
18 99 71 85 M 0 20 0.09 M M 3.8 8 50 M M 2 32 320
19 92 71 82 M 0 17 0.36 M M 4.5 9 110 M M 2 22 100
20 101 73 87 M 0 22 0.00 M M 7.0 12 150 M M 3 21 150
21 94 74 84 M 0 19 0.00 M M 7.2 10 140 M M 5 18 160
22 95 72 84 M 0 19 0.86 M M 5.5 10 230 M M 5 3 21 200
23 92 71 82 M 0 17 0.23 M M 1.9 7 40 M M 2 12 M M
24 93 72 83 M 0 18 0.02 M M 4.6 7 60 M M 4 M M
25 97 70 84 M 0 19 0.00 M M 5.4 9 60 M M 2 16 50
26 99 71 85 M 0 20 0.00 M M 5.0 7 70 M M 2 M M
27 99 73 86 M 0 21 0.61 M M 5.6 12 100 M M 2 3 23 100
28 99 73 86 M 0 21 0.00 M M 6.5 9 130 M M 2 17 170
29 100 74 87 M 0 22 0.00 M M 4.8 13 120 M M 2 18 120
30 89 73 81 M 0 16 0.14 M M 4.3 10 150 M M 1 13 18 150
31 94 69 82 M 0 17 0.04 M M 3.3 9 110 M M 0 13 25 80
================================================================================
SM 3092 2264 0 673 2.35 0.0 176.3 M 77
================================================================================
AV 99.7 73.0 5.7 FASTST M M 2 MAX(MPH)
MISC ----> # 15 140 32 320
================================================================================
NOTES:
# LAST OF SEVERAL OCCURRENCES
COLUMN 17 PEAK WIND IN M.P.H.
PRELIMINARY LOCAL CLIMATOLOGICAL DATA (WS FORM: F-6) , PAGE 2
STATION: LAGO VISTA
MONTH: AUGUST
YEAR: 2022
LATITUDE: 30 30 N
LONGITUDE: 97 58 W
[TEMPERATURE DATA] [PRECIPITATION DATA] SYMBOLS USED IN COLUMN 16
AVERAGE MONTHLY: 86.4 TOTAL FOR MONTH: 2.35 1 = FOG OR MIST
DPTR FM NORMAL: 0.0 DPTR FM NORMAL: M 2 = FOG REDUCING VISIBILITY
HIGHEST: 106 ON 10 GRTST 24HR 0.86 ON 22-22 TO 1/4 MILE OR LESS
LOWEST: 69 ON 31 3 = THUNDER
SNOW, ICE PELLETS, HAIL 4 = ICE PELLETS
TOTAL MONTH: 0.0 INCH 5 = HAIL
GRTST 24HR 0.0 6 = FREEZING RAIN OR DRIZZLE
GRTST DEPTH: M ON M 7 = DUSTSTORM OR SANDSTORM:
VSBY 1/2 MILE OR LESS
8 = SMOKE OR HAZE
[NO. OF DAYS WITH] [WEATHER - DAYS WITH] 9 = BLOWING SNOW
X = TORNADO
MAX 32 OR BELOW: 0 0.01 INCH OR MORE: 8
MAX 90 OR ABOVE: 30 0.10 INCH OR MORE: 5
MIN 32 OR BELOW: 0 0.50 INCH OR MORE: 2
MIN 0 OR BELOW: 0 1.00 INCH OR MORE: 0
[HDD (BASE 65) ]
TOTAL THIS MO. 0 CLEAR (SCALE 0-3) 22
DPTR FM NORMAL M PTCLDY (SCALE 4-7) 9
TOTAL FM JUL 1 0 CLOUDY (SCALE 8-10) 0
DPTR FM NORMAL M
[CDD (BASE 65) ]
TOTAL THIS MO. 673
DPTR FM NORMAL M [PRESSURE DATA]
TOTAL FM JAN 1 2919 HIGHEST SLP M ON M
DPTR FM NORMAL M LOWEST SLP M ON M
[REMARKS]
#FINAL-08-22#