000
CXUS52 KCHS 010915
CF6SAV
PRELIMINARY LOCAL CLIMATOLOGICAL DATA (WS FORM: F-6)
STATION: SAVANNAH GA
MONTH: NOVEMBER
YEAR: 2021
LATITUDE: 32 7 N
LONGITUDE: 81 12 W
TEMPERATURE IN F: :PCPN: SNOW: WIND :SUNSHINE: SKY :PK WND
================================================================================
1 2 3 4 5 6A 6B 7 8 9 10 11 12 13 14 15 16 17 18
12Z AVG MX 2MIN
DY MAX MIN AVG DEP HDD CDD WTR SNW DPTH SPD SPD DIR MIN PSBL S-S WX SPD DR
================================================================================
1 74 48 61 -2 4 0 0.00 0.0 0 2.8 9 40 M M 2 12 60
2 75 52 64 1 1 0 0.00 0.0 0 1.8 9 300 M M 3 1 12 310
3 68 51 60 -2 5 0 0.00 0.0 0 8.1 15 30 M M 5 1 19 30
4 66 47 57 -5 8 0 0.00 0.0 0 9.5 17 10 M M 5 22 10
5 48 45 47 -15 18 0 0.23 0.0 0 11.4 20 20 M M 9 1 27 30
6 50 43 47 -15 18 0 2.46 0.0 0 16.5 25 340 M M 10 1 33 350
7 66 46 56 -5 9 0 0.19 0.0 0 11.3 21 330 M M 6 1 28 350
8 70 38 54 -7 11 0 0.00 0.0 0 4.9 15 340 M M 0 19 350
9 75 41 58 -3 7 0 0.00 0.0 0 1.8 7 190 M M 1 1 9 340
10 73 44 59 -1 6 0 0.00 0.0 0 1.3 9 110 M M 4 10 100
11 79 51 65 5 0 0 0.05 0.0 0 6.4 21 180 M M 6 1 27 170
12 76 49 63 3 2 0 0.00 0.0 0 4.7 14 310 M M 3 1 17 310
13 73 45 59 -1 6 0 0.00 0.0 0 5.3 14 280 M M 2 19 320
14 64 38 51 -8 14 0 0.00 0.0 0 6.8 15 270 M M 0 18 290
15 68 41 55 -4 10 0 0.00 0.0 0 5.8 15 300 M M 0 21 300
16 72 40 56 -3 9 0 0.00 0.0 0 2.8 14 170 M M 0 16 170
17 77 43 60 2 5 0 0.00 0.0 0 3.0 13 150 M M 2 1 17 160
18 78 52 65 7 0 0 T 0.0 0 2.7 17 180 M M 6 1 20 180
19 66 44 55 -3 10 0 0.00 0.0 0 9.5 18 30 M M 4 12 24 40
20 65 42 54 -4 11 0 0.00 0.0 0 8.8 16 30 M M 1 20 40
21 74 44 59 1 6 0 0.00 0.0 0 4.0 10 100 M M 2 13 100
22 67 52 60 3 5 0 0.00 0.0 0 6.3 20 330 M M 7 12 24 340
23 55 33 44 -13 21 0 0.00 0.0 0 9.2 26 10 M M 3 33 10
24 59 29 44 -13 21 0 0.00 0.0 0 4.1 13 70 M M 1 16 70
25 68 36 52 -5 13 0 0.00 0.0 0 3.3 10 220 M M 3 13 260
26 66 42 54 -2 11 0 0.01 0.0 0 10.0 20 270 M M 4 1 27 310
27 61 34 48 -8 17 0 0.00 0.0 0 3.7 10 170 M M 1 12 40
28 62 43 53 -3 12 0 T 0.0 0 6.7 14 250 M M 6 20 240
29 60 37 49 -7 16 0 0.00 0.0 0 5.5 12 360 M M 2 16 320
30 64 32 48 -8 17 0 0.00 0.0 0 2.5 10 250 M M 0 13 250
================================================================================
SM 2019 1282 293 0 2.94 0.0 180.5 M 98
================================================================================
AV 67.3 42.7 6.0 FASTST M M 3 MAX(MPH)
MISC ----> 26 10 # 33 350
================================================================================
NOTES:
# LAST OF SEVERAL OCCURRENCES
COLUMN 17 PEAK WIND IN M.P.H.
PRELIMINARY LOCAL CLIMATOLOGICAL DATA (WS FORM: F-6) , PAGE 2
STATION: SAVANNAH GA
MONTH: NOVEMBER
YEAR: 2021
LATITUDE: 32 7 N
LONGITUDE: 81 12 W
[TEMPERATURE DATA] [PRECIPITATION DATA] SYMBOLS USED IN COLUMN 16
AVERAGE MONTHLY: 55.0 TOTAL FOR MONTH: 2.94 1 = FOG OR MIST
DPTR FM NORMAL: -4.1 DPTR FM NORMAL: 0.55 2 = FOG REDUCING VISIBILITY
HIGHEST: 79 ON 11 GRTST 24HR 2.58 ON 6- 7 TO 1/4 MILE OR LESS
LOWEST: 29 ON 24 3 = THUNDER
SNOW, ICE PELLETS, HAIL 4 = ICE PELLETS
TOTAL MONTH: 0.0 INCH 5 = HAIL
GRTST 24HR 0.0 6 = FREEZING RAIN OR DRIZZLE
GRTST DEPTH: 0 7 = DUSTSTORM OR SANDSTORM:
VSBY 1/2 MILE OR LESS
8 = SMOKE OR HAZE
[NO. OF DAYS WITH] [WEATHER - DAYS WITH] 9 = BLOWING SNOW
X = TORNADO
MAX 32 OR BELOW: 0 0.01 INCH OR MORE: 5
MAX 90 OR ABOVE: 0 0.10 INCH OR MORE: 3
MIN 32 OR BELOW: 2 0.50 INCH OR MORE: 1
MIN 0 OR BELOW: 0 1.00 INCH OR MORE: 1
[HDD (BASE 65) ]
TOTAL THIS MO. 293 CLEAR (SCALE 0-3) 16
DPTR FM NORMAL 80 PTCLDY (SCALE 4-7) 12
TOTAL FM JUL 1 327 CLOUDY (SCALE 8-10) 2
DPTR FM NORMAL 66
[CDD (BASE 65) ]
TOTAL THIS MO. 0
DPTR FM NORMAL -36 [PRESSURE DATA]
TOTAL FM JAN 1 2437 HIGHEST SLP 30.45 ON 24
DPTR FM NORMAL -147 LOWEST SLP 29.86 ON 22
[REMARKS]
#FINAL-11-21#