000
CXUS53 KMKX 010910
CF6SBM
PRELIMINARY LOCAL CLIMATOLOGICAL DATA (WS FORM: F-6)
STATION: SHEBOYGAN WI
MONTH: NOVEMBER
YEAR: 2022
LATITUDE: 43 46 N
LONGITUDE: 87 51 W
TEMPERATURE IN F: :PCPN: SNOW: WIND :SUNSHINE: SKY :PK WND
================================================================================
1 2 3 4 5 6A 6B 7 8 9 10 11 12 13 14 15 16 17 18
12Z AVG MX 2MIN
DY MAX MIN AVG DEP HDD CDD WTR SNW DPTH SPD SPD DIR MIN PSBL S-S WX SPD DR
================================================================================
1 73 36 55 13 10 0 0.00 M M 5.6 13 250 M M 0 21 230
2 70 36 53 11 12 0 0.00 M M 6.1 17 180 M M 0 18 22 180
3 69 45 57 16 8 0 0.00 M M 10.1 18 190 M M 0 1 25 190
4 68 47 58 17 7 0 1.17 M M 8.1 17 50 M M 8 13 22 220
5 59 44 52 12 13 0 0.41 M M 18.5 43 210 M M 8 1 60 200
6 58 41 50 10 15 0 0.00 M M 14.3 22 240 M M 0 33 280
7 48 36 42 2 23 0 0.00 M M 8.9 18 310 M M 0 29 230
8 49 42 46 7 19 0 0.00 M M 9.1 16 130 M M 2 23 170
9 65 47 56 17 9 0 0.00 M M 11.5 18 190 M M 5 25 170
10 77 53 65 27 0 0 0.18 M M 13.0 26 210 M M 5 1 36 220
11 53 32 43 5 22 0 0.16 M M 12.8 22 300 M M 9 1 33 290
12 37 31 34 -4 31 0 T M M 10.5 17 350 M M 8 26 340
13 36 23 30 -7 35 0 0.00 M M 6.9 16 330 M M 8 21 330
14 38 19 29 -8 36 0 0.00 M M 2.2 12 190 M M 3 17 120
15 38 31 35 -1 30 0 0.36 M M 7.2 13 70 M M 10 1 19 130
16 35 25 30 -6 35 0 0.05 M M 7.1 14 340 M M 8 1 18 360
17 30 23 27 -9 38 0 T M M 11.2 20 270 M M 9 18 29 280
18 27 18 23 -12 42 0 T M M 14.7 24 280 M M 9 8 34 280
19 26 14 20 -15 45 0 T M M 15.3 25 290 M M 6 8 42 310
20 31 10 21 -13 44 0 0.00 M M 10.2 17 220 M M 2 25 220
21 38 22 30 -4 35 0 0.00 M M 10.3 21 270 M M 1 29 230
22 40 18 29 -5 36 0 0.00 M M 3.5 14 260 M M 2 1 18 280
23 50 19 35 2 30 0 0.00 M M 1.6 7 170 M M 0 18 9 180
24 53 30 42 9 23 0 0.00 M M 8.1 23 300 M M 3 18 34 310
25 49 33 41 9 24 0 0.00 M M 10.2 22 310 M M 0 35 320
26 57 34 46 14 19 0 0.00 M M 12.3 24 210 M M 0 32 230
27 42 25 34 2 31 0 0.02 M M 8.6 21 30 M M 4 32 360
28 43 21 32 1 33 0 0.00 M M 7.4 16 190 M M 3 21 190
29 51 33 42 11 23 0 0.26 M M 14.0 28 280 M M 9 1 41 270
30 33 19 26 -5 39 0 T M M 20.2 32 270 M M 8 47 270
================================================================================
SM 1443 907 767 0 2.61 M 299.5 M 130
================================================================================
AV 48.1 30.2 10.0 FASTST M M 4 MAX(MPH)
MISC ----> 43 210 60 200
================================================================================
NOTES:
# LAST OF SEVERAL OCCURRENCES
COLUMN 17 PEAK WIND IN M.P.H.
PRELIMINARY LOCAL CLIMATOLOGICAL DATA (WS FORM: F-6) , PAGE 2
STATION: SHEBOYGAN WI
MONTH: NOVEMBER
YEAR: 2022
LATITUDE: 43 46 N
LONGITUDE: 87 51 W
[TEMPERATURE DATA] [PRECIPITATION DATA] SYMBOLS USED IN COLUMN 16
AVERAGE MONTHLY: 39.2 TOTAL FOR MONTH: 2.61 1 = FOG OR MIST
DPTR FM NORMAL: 2.9 DPTR FM NORMAL: 0.65 2 = FOG REDUCING VISIBILITY
HIGHEST: 77 ON 10 GRTST 24HR 1.54 ON 4- 5 TO 1/4 MILE OR LESS
LOWEST: 10 ON 20 3 = THUNDER
SNOW, ICE PELLETS, HAIL 4 = ICE PELLETS
TOTAL MONTH: M 5 = HAIL
GRTST 24HR M ON M 6 = FREEZING RAIN OR DRIZZLE
GRTST DEPTH: M ON M 7 = DUSTSTORM OR SANDSTORM:
VSBY 1/2 MILE OR LESS
8 = SMOKE OR HAZE
[NO. OF DAYS WITH] [WEATHER - DAYS WITH] 9 = BLOWING SNOW
X = TORNADO
MAX 32 OR BELOW: 4 0.01 INCH OR MORE: 8
MAX 90 OR ABOVE: 0 0.10 INCH OR MORE: 6
MIN 32 OR BELOW: 17 0.50 INCH OR MORE: 1
MIN 0 OR BELOW: 0 1.00 INCH OR MORE: 1
[HDD (BASE 65) ]
TOTAL THIS MO. 767 CLEAR (SCALE 0-3) 13
DPTR FM NORMAL -94 PTCLDY (SCALE 4-7) 11
TOTAL FM JUL 1 1411 CLOUDY (SCALE 8-10) 6
DPTR FM NORMAL -196
[CDD (BASE 65) ]
TOTAL THIS MO. 0
DPTR FM NORMAL 0 [PRESSURE DATA]
TOTAL FM JAN 1 563 HIGHEST SLP 30.73 ON 8
DPTR FM NORMAL 157 LOWEST SLP 29.25 ON 5
[REMARKS]
#FINAL-11-22#