000
CXUS53 KMKX 010810
CF6SBM
PRELIMINARY LOCAL CLIMATOLOGICAL DATA (WS FORM: F-6)
STATION: SHEBOYGAN WI
MONTH: OCTOBER
YEAR: 2022
LATITUDE: 43 46 N
LONGITUDE: 87 51 W
TEMPERATURE IN F: :PCPN: SNOW: WIND :SUNSHINE: SKY :PK WND
================================================================================
1 2 3 4 5 6A 6B 7 8 9 10 11 12 13 14 15 16 17 18
12Z AVG MX 2MIN
DY MAX MIN AVG DEP HDD CDD WTR SNW DPTH SPD SPD DIR MIN PSBL S-S WX SPD DR
================================================================================
1 67 38 53 -2 12 0 0.00 M M 6.4 15 50 M M 0 1 20 40
2 62 40 51 -3 14 0 0.00 M M 6.2 16 60 M M 3 1 21 70
3 66 36 51 -3 14 0 0.00 M M 3.3 10 140 M M 0 1 15 120
4 74 42 58 5 7 0 0.00 M M 3.3 9 130 M M 1 14 240
5 77 43 60 7 5 0 0.00 M M 5.9 14 240 M M 1 20 240
6 65 43 54 1 11 0 0.04 M M 9.6 24 20 M M 7 1 36 20
7 48 34 41 -11 24 0 0.00 M M 8.5 18 10 M M 5 27 330
8 58 32 45 -7 20 0 0.00 M M 11.3 25 240 M M 0 34 250
9 61 37 49 -2 16 0 0.00 0.0 0 4.5 12 280 M M 4 1 15 280
10 60 34 47 -4 18 0 0.00 0.0 0 3.1 10 110 M M 0 1 14 90
11 75 38 57 7 8 0 T M M 11.1 26 200 M M 7 12 36 180
12 65 47 56 6 9 0 0.38 M M 12.5 31 280 M M 7 1 44 280
13 50 36 43 -7 22 0 0.01 M M 10.4 20 280 M M 8 29 270
14 47 33 40 -9 25 0 0.02 M M 8.2 18 270 M M 8 27 240
15 52 34 43 -6 22 0 0.00 M M 10.2 17 260 M M 7 24 250
16 51 39 45 -3 20 0 0.01 M M 9.9 22 300 M M 9 33 300
17 45 34 40 -8 25 0 0.02 M M 17.6 25 330 M M 10 1 38 310
18 45 34 40 -8 25 0 0.00 M M 19.3 31 330 M M 9 44 330
19 45 31 38 -9 27 0 0.00 M M 9.9 17 270 M M 3 25 260
20 55 33 44 -3 21 0 0.00 M M 4.9 13 280 M M 4 1 18 280
21 78 33 56 10 9 0 0.00 M M 9.2 29 210 M M 0 1 40 210
22 72 38 55 9 10 0 0.00 M M 7.6 16 170 M M 0 25 160
23 67 52 60 14 5 0 T M M 12.1 22 170 M M 1 3 33 160
24 66 58 62 17 3 0 0.04 M M 13.6 22 170 M M 2 39 140
25 67 43 55 10 10 0 0.49 M M 8.7 23 210 M M 9 1 32 210
26 51 29 40 -4 25 0 T M M 8.9 20 330 M M 3 1 29 320
27 53 27 40 -4 25 0 0.00 M M 3.5 13 190 M M 0 1 17 160
28 57 34 46 2 19 0 0.00 M M 3.5 13 180 M M 2 12 17 180
29 62 31 47 4 18 0 0.00 M M 3.5 13 140 M M 2 12 16 170
30 62 35 49 6 16 0 0.00 M M 2.1 9 180 M M 0 18 12 160
31 67 41 54 12 11 0 0.00 M M 2.5 9 130 M M 2 18 12 130
================================================================================
SM 1870 1159 496 0 1.01 0.0 251.3 M 114
================================================================================
AV 60.3 37.4 8.1 FASTST M M 4 MAX(MPH)
MISC ----> # 31 280 # 44 280
================================================================================
NOTES:
# LAST OF SEVERAL OCCURRENCES
COLUMN 17 PEAK WIND IN M.P.H.
PRELIMINARY LOCAL CLIMATOLOGICAL DATA (WS FORM: F-6) , PAGE 2
STATION: SHEBOYGAN WI
MONTH: OCTOBER
YEAR: 2022
LATITUDE: 43 46 N
LONGITUDE: 87 51 W
[TEMPERATURE DATA] [PRECIPITATION DATA] SYMBOLS USED IN COLUMN 16
AVERAGE MONTHLY: 48.9 TOTAL FOR MONTH: 1.01 1 = FOG OR MIST
DPTR FM NORMAL: 0.4 DPTR FM NORMAL: -1.75 2 = FOG REDUCING VISIBILITY
HIGHEST: 78 ON 21 GRTST 24HR 0.49 ON 25-25 TO 1/4 MILE OR LESS
LOWEST: 27 ON 27 3 = THUNDER
SNOW, ICE PELLETS, HAIL 4 = ICE PELLETS
TOTAL MONTH: 0.0 INCH 5 = HAIL
GRTST 24HR 0.0 6 = FREEZING RAIN OR DRIZZLE
GRTST DEPTH: 0 7 = DUSTSTORM OR SANDSTORM:
VSBY 1/2 MILE OR LESS
8 = SMOKE OR HAZE
[NO. OF DAYS WITH] [WEATHER - DAYS WITH] 9 = BLOWING SNOW
X = TORNADO
MAX 32 OR BELOW: 0 0.01 INCH OR MORE: 8
MAX 90 OR ABOVE: 0 0.10 INCH OR MORE: 2
MIN 32 OR BELOW: 5 0.50 INCH OR MORE: 0
MIN 0 OR BELOW: 0 1.00 INCH OR MORE: 0
[HDD (BASE 65) ]
TOTAL THIS MO. 496 CLEAR (SCALE 0-3) 16
DPTR FM NORMAL -18 PTCLDY (SCALE 4-7) 10
TOTAL FM JUL 1 644 CLOUDY (SCALE 8-10) 5
DPTR FM NORMAL -104
[CDD (BASE 65) ]
TOTAL THIS MO. 0
DPTR FM NORMAL -3 [PRESSURE DATA]
TOTAL FM JAN 1 563 HIGHEST SLP M ON M
DPTR FM NORMAL 157 LOWEST SLP 29.51 ON 12
[REMARKS]
#FINAL-10-22#