000
CXUS53 KMKX 010810
CF6SBM
PRELIMINARY LOCAL CLIMATOLOGICAL DATA (WS FORM: F-6)
STATION: SHEBOYGAN WI
MONTH: JULY
YEAR: 2021
LATITUDE: 43 46 N
LONGITUDE: 87 51 W
TEMPERATURE IN F: :PCPN: SNOW: WIND :SUNSHINE: SKY :PK WND
================================================================================
1 2 3 4 5 6A 6B 7 8 9 10 11 12 13 14 15 16 17 18
12Z AVG MX 2MIN
DY MAX MIN AVG DEP HDD CDD WTR SNW DPTH SPD SPD DIR MIN PSBL S-S WX SPD DR
================================================================================
1 71 56 64 -4 1 0 0.00 M M 11.4 22 50 M M 1 29 60
2 73 52 63 -5 2 0 T M M 5.2 12 60 M M 0 14 70
3 88 57 73 5 0 8 0.00 M M 10.1 20 300 M M 1 27 300
4 91 70 81 12 0 16 0.00 M M 8.2 15 240 M M 0 22 220
5 92 76 84 15 0 19 0.00 M M 12.8 23 270 M M 1 34 240
6 93 62 78 9 0 13 0.70 M M 8.1 28 30 M M 4 138 39 40
7 67 59 63 -6 2 0 2.14 M M 8.6 17 360 M M 10 13 26 10
8 68 53 61 -8 4 0 T M M 7.0 15 70 M M 7 1 23 360
9 73 52 63 -6 2 0 0.00 M M 3.5 13 70 M M 1 1 17 70
10 74 54 64 -5 1 0 0.00 M M 4.2 10 60 M M 3 12 16 70
11 74 56 65 -4 0 0 0.00 M M 9.0 17 60 M M 0 22 50
12 75 59 67 -2 0 2 0.00 M M 5.5 12 70 M M 6 15 50
13 80 65 73 4 0 8 0.02 M M 3.8 10 180 M M 7 18 15 160
14 83 64 74 4 0 9 2.43 M M 7.2 23 270 M M 4 13 35 280
15 79 62 71 1 0 6 0.61 M M 5.0 14 250 M M 7 13 23 250
16 74 60 67 -3 0 2 0.00 M M 7.4 16 60 M M 1 1 19 40
17 76 59 68 -2 0 3 0.00 M M 5.8 15 40 M M 0 19 30
18 80 57 69 -1 0 4 0.00 M M 3.2 10 40 M M 0 14 50
19 84 59 72 2 0 7 0.00 M M 4.4 10 330 M M 0 16 300
20 83 63 73 3 0 8 0.00 M M 8.7 17 50 M M 4 8 21 50
21 73 57 65 -5 0 0 0.00 M M 5.9 14 60 M M 2 19 80
22 80 58 69 -1 0 4 T M M 4.1 10 180 M M 3 138 15 110
23 86 65 76 6 0 11 T M M 4.8 15 180 M M 2 18 22 170
24 87 70 79 9 0 14 0.09 M M 9.3 17 300 M M 3 18 30 300
25 88 65 77 7 0 12 0.00 M M 7.1 16 280 M M 0 24 270
26 90 59 75 5 0 10 T M M 5.5 13 260 M M 0 8 19 230
27 86 65 76 6 0 11 0.04 M M 6.9 28 260 M M 4 18 47 270
28 83 65 74 4 0 9 0.02 M M 4.9 26 220 M M 2 1238 41 210
29 84 64 74 5 0 9 0.05 M M 10.6 21 240 M M 4 3 36 240
30 72 55 64 -5 1 0 0.00 M M 6.4 15 30 M M 0 20 30
31 81 56 69 0 0 4 0.00 M M 7.1 14 260 M M 1 8 24 260
================================================================================
SM 2488 1874 13 189 6.10 M 211.7 M 78
================================================================================
AV 80.3 60.5 6.8 FASTST M M 3 MAX(MPH)
MISC ----> # 28 30 47 270
================================================================================
NOTES:
# LAST OF SEVERAL OCCURRENCES
COLUMN 17 PEAK WIND IN M.P.H.
PRELIMINARY LOCAL CLIMATOLOGICAL DATA (WS FORM: F-6) , PAGE 2
STATION: SHEBOYGAN WI
MONTH: JULY
YEAR: 2021
LATITUDE: 43 46 N
LONGITUDE: 87 51 W
[TEMPERATURE DATA] [PRECIPITATION DATA] SYMBOLS USED IN COLUMN 16
AVERAGE MONTHLY: 70.4 TOTAL FOR MONTH: 6.10 1 = FOG OR MIST
DPTR FM NORMAL: 1.1 DPTR FM NORMAL: 2.68 2 = FOG REDUCING VISIBILITY
HIGHEST: 93 ON 6 GRTST 24HR 3.04 ON 14-15 TO 1/4 MILE OR LESS
LOWEST: 52 ON 9, 2 3 = THUNDER
SNOW, ICE PELLETS, HAIL 4 = ICE PELLETS
TOTAL MONTH: M 5 = HAIL
GRTST 24HR M ON M 6 = FREEZING RAIN OR DRIZZLE
GRTST DEPTH: M ON M 7 = DUSTSTORM OR SANDSTORM:
VSBY 1/2 MILE OR LESS
8 = SMOKE OR HAZE
[NO. OF DAYS WITH] [WEATHER - DAYS WITH] 9 = BLOWING SNOW
X = TORNADO
MAX 32 OR BELOW: 0 0.01 INCH OR MORE: 9
MAX 90 OR ABOVE: 4 0.10 INCH OR MORE: 4
MIN 32 OR BELOW: 0 0.50 INCH OR MORE: 4
MIN 0 OR BELOW: 0 1.00 INCH OR MORE: 2
[HDD (BASE 65) ]
TOTAL THIS MO. 13 CLEAR (SCALE 0-3) 20
DPTR FM NORMAL -13 PTCLDY (SCALE 4-7) 10
TOTAL FM JUL 1 13 CLOUDY (SCALE 8-10) 1
DPTR FM NORMAL -18
[CDD (BASE 65) ]
TOTAL THIS MO. 189
DPTR FM NORMAL 32 [PRESSURE DATA]
TOTAL FM JAN 1 413 HIGHEST SLP M ON M
DPTR FM NORMAL 165 LOWEST SLP 29.73 ON 28
[REMARKS]
#FINAL-07-21#