000
CXUS53 KIWX 010910
CF6SBN
PRELIMINARY LOCAL CLIMATOLOGICAL DATA (WS FORM: F-6)
STATION: SOUTH BEND
MONTH: FEBRUARY
YEAR: 2022
LATITUDE: 41 42 N
LONGITUDE: 86 19 W
TEMPERATURE IN F: :PCPN: SNOW: WIND :SUNSHINE: SKY :PK WND
================================================================================
1 2 3 4 5 6A 6B 7 8 9 10 11 12 13 14 15 16 17 18
12Z AVG MX 2MIN
DY MAX MIN AVG DEP HDD CDD WTR SNW DPTH SPD SPD DIR MIN PSBL S-S WX SPD DR
================================================================================
1 46 28 37 13 28 0 0.18 0.0 2 11.3 21 200 M M 6 1 26 190
2 37 20 29 5 36 0 0.74 11.2 2 14.1 24 360 M M 10 12 32 20
3 21 14 18 -6 47 0 T T 11 12.9 21 30 M M 8 9 27 40
4 24 5 15 -9 50 0 T 0.1 11 6.6 13 220 M M 4 1 18 20
5 20 12 16 -9 49 0 0.12 1.8 10 10.9 17 190 M M 5 18 25 190
6 33 16 25 0 40 0 0.00 0.0 10 13.1 21 210 M M 0 27 210
7 29 18 24 -1 41 0 T T 8 11.0 18 290 M M 9 168 23 210
8 38 12 25 0 40 0 0.00 0.0 6 10.4 17 140 M M 4 8 22 150
9 39 32 36 11 29 0 T T 5 13.3 20 230 M M 7 1 27 240
10 35 26 31 5 34 0 0.02 0.3 3 13.4 23 210 M M 10 16 32 210
11 39 29 34 8 31 0 0.17 T 3 16.3 29 270 M M 10 16 36 280
12 31 13 22 -4 43 0 0.07 1.5 3 12.5 25 350 M M 10 18 32 360
13 19 3 11 -15 54 0 0.02 1.1 3 9.2 18 290 M M 9 18 26 270
14 21 6 14 -13 51 0 0.00 0.0 4 5.6 15 250 M M 6 8 18 210
15 36 6 21 -6 44 0 0.00 0.0 4 11.7 23 140 M M 2 30 150
16 53 36 45 18 20 0 0.14 0.0 3 18.2 30 210 M M 7 1 40 200
17 50 22 36 8 29 0 1.14 5.3 0 14.1 24 350 M M 10 128 32 340
18 32 14 23 -5 42 0 0.02 0.5 6 15.9 28 230 M M 6 8 43 220
19 32 12 22 -6 43 0 T T 4 15.4 33 300 M M 7 8 47 270
20 47 12 30 2 35 0 0.00 0.0 4 16.4 35 220 M M 0 49 210
21 55 29 42 13 23 0 0.00 0.0 1 8.1 17 160 M M 2 22 150
22 55 25 40 11 25 0 0.09 T 0 12.2 31 300 M M 10 16 40 250
23 25 21 23 -7 42 0 0.01 0.5 0 12.0 23 310 M M 10 8 31 290
24 29 20 25 -5 40 0 0.07 0.8 0 9.3 18 80 M M 9 18 28 80
25 29 14 22 -8 43 0 0.17 0.8 2 6.2 15 340 M M 9 168 23 310
26 32 16 24 -6 41 0 T T T 12.0 20 240 M M 1 18 28 230
27 38 23 31 0 34 0 0.00 0.0 T 9.7 17 310 M M 0 26 230
28 50 22 36 5 29 0 0.00 0.0 0 11.5 25 210 M M 1 33 200
================================================================================
SM 995 506 1063 0 2.96 23.9 333.3 M 172
================================================================================
AV 35.5 18.1 11.9 FASTST M M 6 MAX(MPH)
MISC ----> 35 220 49 210
================================================================================
NOTES:
# LAST OF SEVERAL OCCURRENCES
COLUMN 17 PEAK WIND IN M.P.H.
PRELIMINARY LOCAL CLIMATOLOGICAL DATA (WS FORM: F-6) , PAGE 2
STATION: SOUTH BEND
MONTH: FEBRUARY
YEAR: 2022
LATITUDE: 41 42 N
LONGITUDE: 86 19 W
[TEMPERATURE DATA] [PRECIPITATION DATA] SYMBOLS USED IN COLUMN 16
AVERAGE MONTHLY: 26.8 TOTAL FOR MONTH: 2.96 1 = FOG OR MIST
DPTR FM NORMAL: -0.3 DPTR FM NORMAL: 0.65 2 = FOG REDUCING VISIBILITY
HIGHEST: 55 ON 22,21 GRTST 24HR 1.25 ON 16-17 TO 1/4 MILE OR LESS
LOWEST: 3 ON 13 3 = THUNDER
SNOW, ICE PELLETS, HAIL 4 = ICE PELLETS
TOTAL MONTH: 23.9 INCHES 5 = HAIL
GRTST 24HR 11.2 ON 2- 2 6 = FREEZING RAIN OR DRIZZLE
GRTST DEPTH: 11 ON 4, 3 7 = DUSTSTORM OR SANDSTORM:
VSBY 1/2 MILE OR LESS
8 = SMOKE OR HAZE
[NO. OF DAYS WITH] [WEATHER - DAYS WITH] 9 = BLOWING SNOW
X = TORNADO
MAX 32 OR BELOW: 13 0.01 INCH OR MORE: 14
MAX 90 OR ABOVE: 0 0.10 INCH OR MORE: 7
MIN 32 OR BELOW: 27 0.50 INCH OR MORE: 2
MIN 0 OR BELOW: 0 1.00 INCH OR MORE: 1
[HDD (BASE 65) ]
TOTAL THIS MO. 1063 CLEAR (SCALE 0-3) 7
DPTR FM NORMAL 2 PTCLDY (SCALE 4-7) 9
TOTAL FM JUL 1 4288 CLOUDY (SCALE 8-10) 12
DPTR FM NORMAL -446
[CDD (BASE 65) ]
TOTAL THIS MO. 0
DPTR FM NORMAL 0 [PRESSURE DATA]
TOTAL FM JAN 1 0 HIGHEST SLP 30.55 ON 26
DPTR FM NORMAL 0 LOWEST SLP 29.54 ON 11
[REMARKS]
#FINAL-02-22#