000
CXUS51 KAKQ 010710
CF6SBY
PRELIMINARY LOCAL CLIMATOLOGICAL DATA (WS FORM: F-6)
STATION: SALISBURY MD
MONTH: JULY
YEAR: 2023
LATITUDE: 38 20 N
LONGITUDE: 75 30 W
TEMPERATURE IN F: :PCPN: SNOW: WIND :SUNSHINE: SKY :PK WND
================================================================================
1 2 3 4 5 6A 6B 7 8 9 10 11 12 13 14 15 16 17 18
12Z AVG MX 2MIN
DY MAX MIN AVG DEP HDD CDD WTR SNW DPTH SPD SPD DIR MIN PSBL S-S WX SPD DR
================================================================================
1 86 67 77 0 0 12 T 0.0 0 5.6 15 160 M M 4 18 21 160
2 91 73 82 5 0 17 0.05 0.0 0 7.2 16 200 M M 2 18 20 200
3 93 75 84 7 0 19 T 0.0 0 9.0 26 200 M M 1 3 33 200
4 92 73 83 5 0 18 0.00 0.0 0 6.8 15 240 M M 3 19 240
5 93 73 83 5 0 18 0.37 0.0 0 2.7 18 110 M M 2 38 21 110
6 91 72 82 4 0 17 0.20 0.0 0 4.8 20 210 M M 3 123 26 210
7 89 71 80 2 0 15 0.37 0.0 0 3.0 20 330 M M 5 123 22 330
8 89 70 80 2 0 15 0.00 0.0 0 3.4 14 140 M M 4 123 18 160
9 88 70 79 1 0 14 0.18 0.0 0 5.3 17 170 M M 4 138 23 160
10 86 70 78 0 0 13 0.00 0.0 0 6.2 15 310 M M 4 1 20 310
11 91 69 80 2 0 15 0.00 0.0 0 3.4 12 250 M M 1 15 250
12 91 68 80 2 0 15 0.00 0.0 0 5.4 15 240 M M 0 18 240
13 94 72 83 5 0 18 0.00 0.0 0 8.8 21 200 M M 1 26 220
14 90 76 83 5 0 18 T 0.0 0 7.9 17 170 M M 2 24 160
15 94 75 85 7 0 20 0.00 0.0 0 7.7 21 190 M M 3 3 25 190
16 82 73 78 0 0 13 2.26 0.0 0 5.2 15 10 M M 6 123 20 20
17 91 71 81 3 0 16 T 0.0 0 3.4 22 160 M M 2 13 27 140
18 90 72 81 3 0 16 0.00 0.0 0 4.6 14 200 M M 1 128 18 260
19 81 71 76 -2 0 11 0.36 0.0 0 3.4 20 330 M M 4 13 27 310
20 88 70 79 1 0 14 0.46 0.0 0 3.9 22 120 M M 5 1238 28 120
21 87 71 79 1 0 14 0.26 0.0 0 4.9 17 320 M M 3 13 22 320
22 84 67 76 -2 0 11 0.00 0.0 0 4.6 10 320 M M 1 15 310
23 89 63 76 -2 0 11 0.00 0.0 0 3.0 14 110 M M 1 19 130
24 85 68 77 -1 0 12 0.01 0.0 0 4.5 16 180 M M 2 21 160
25 89 67 78 0 0 13 0.12 0.0 0 4.5 16 180 M M 3 13 19 180
26 89 67 78 0 0 13 0.00 0.0 0 4.0 10 160 M M 0 1 15 190
27 94 75 85 7 0 20 0.00 0.0 0 11.3 23 210 M M 0 1 30 220
28 94 80 87 9 0 22 0.00 0.0 0 8.0 15 240 M M 0 3 18 200
29 94 74 84 6 0 19 0.41 0.0 0 11.1 30 310 M M 1 13 42 330
30 85 66 76 -2 0 11 0.00 0.0 0 6.3 15 10 M M 1 18 10
31 84 63 74 -4 0 9 0.27 0.0 0 3.9 16 200 M M 5 13 19 200
================================================================================
SM 2764 2192 0 469 5.32 0.0 173.8 M 74
================================================================================
AV 89.2 70.7 5.6 FASTST M M 2 MAX(MPH)
MISC ----> 30 310 42 330
================================================================================
NOTES:
# LAST OF SEVERAL OCCURRENCES
COLUMN 17 PEAK WIND IN M.P.H.
PRELIMINARY LOCAL CLIMATOLOGICAL DATA (WS FORM: F-6) , PAGE 2
STATION: SALISBURY MD
MONTH: JULY
YEAR: 2023
LATITUDE: 38 20 N
LONGITUDE: 75 30 W
[TEMPERATURE DATA] [PRECIPITATION DATA] SYMBOLS USED IN COLUMN 16
AVERAGE MONTHLY: 79.9 TOTAL FOR MONTH: 5.32 1 = FOG OR MIST
DPTR FM NORMAL: 2.0 DPTR FM NORMAL: 0.59 2 = FOG REDUCING VISIBILITY
HIGHEST: 94 ON 29,28 GRTST 24HR 2.26 ON 16-16 TO 1/4 MILE OR LESS
LOWEST: 63 ON 31,23 3 = THUNDER
SNOW, ICE PELLETS, HAIL 4 = ICE PELLETS
TOTAL MONTH: 0.0 INCH 5 = HAIL
GRTST 24HR 0.0 6 = FREEZING RAIN OR DRIZZLE
GRTST DEPTH: 0 7 = DUSTSTORM OR SANDSTORM:
VSBY 1/2 MILE OR LESS
8 = SMOKE OR HAZE
[NO. OF DAYS WITH] [WEATHER - DAYS WITH] 9 = BLOWING SNOW
X = TORNADO
MAX 32 OR BELOW: 0 0.01 INCH OR MORE: 13
MAX 90 OR ABOVE: 15 0.10 INCH OR MORE: 11
MIN 32 OR BELOW: 0 0.50 INCH OR MORE: 1
MIN 0 OR BELOW: 0 1.00 INCH OR MORE: 1
[HDD (BASE 65) ]
TOTAL THIS MO. 0 CLEAR (SCALE 0-3) 21
DPTR FM NORMAL 0 PTCLDY (SCALE 4-7) 10
TOTAL FM JUL 1 0 CLOUDY (SCALE 8-10) 0
DPTR FM NORMAL 0
[CDD (BASE 65) ]
TOTAL THIS MO. 469
DPTR FM NORMAL 69 [PRESSURE DATA]
TOTAL FM JAN 1 733 HIGHEST SLP M ON M
DPTR FM NORMAL -23 LOWEST SLP 29.72 ON 9
[REMARKS]
#FINAL-07-23#