000
CXUS51 KAKQ 011023
CF6SBY
PRELIMINARY LOCAL CLIMATOLOGICAL DATA (WS FORM: F-6)
STATION: SALISBURY MD
MONTH: JANUARY
YEAR: 2024
LATITUDE: 38 20 N
LONGITUDE: 75 30 W
TEMPERATURE IN F: :PCPN: SNOW: WIND :SUNSHINE: SKY :PK WND
================================================================================
1 2 3 4 5 6A 6B 7 8 9 10 11 12 13 14 15 16 17 18
12Z AVG MX 2MIN
DY MAX MIN AVG DEP HDD CDD WTR SNW DPTH SPD SPD DIR MIN PSBL S-S WX SPD DR
================================================================================
1 51 34 43 5 22 0 0.01 0.0 0 5.9 14 340 M M 9 18 320
2 43 27 35 -3 30 0 0.00 0.0 0 7.2 20 320 M M 5 27 320
3 48 26 37 -1 28 0 0.00 0.0 0 1.4 9 160 M M 0 12 300
4 48 32 40 3 25 0 0.00 0.0 0 8.4 21 330 M M 6 28 320
5 41 25 33 -4 32 0 0.00 0.0 0 5.2 12 330 M M 0 16 330
6 53 26 40 3 25 0 0.86 0.0 0 9.0 23 270 M M 7 1 33 120
7 50 37 44 7 21 0 T 0.0 0 10.4 23 280 M M 5 1 35 280
8 50 29 40 3 25 0 0.00 0.0 0 5.5 16 290 M M 1 24 290
9 62 30 46 9 19 0 2.56 0.0 0 14.9 37 160 M M 7 1 70 140
10 61 41 51 14 14 0 T 0.0 0 15.6 35 250 M M 3 1 46 270
11 50 29 40 3 25 0 0.00 0.0 0 4.4 15 210 M M 0 21 210
12 58 28 43 6 22 0 0.36 0.0 0 9.0 30 150 M M 3 1 49 150
13 64 39 52 15 13 0 0.19 0.0 0 17.9 35 160 M M 4 1 50 240
14 53 28 41 4 24 0 0.00 0.0 0 10.4 31 240 M M 0 48 240
15 35 31 33 -3 32 0 0.05 0.2 0 5.5 12 60 M M 10 18 14 50
16 42 23 33 -3 32 0 0.19 0.0 0 10.3 23 320 M M 8 12 32 320
17 31 19 25 -11 40 0 0.00 0.0 0 9.5 17 250 M M 0 26 260
18 45 19 32 -4 33 0 0.00 0.0 0 3.2 10 180 M M 1 16 180
19 41 27 34 -2 31 0 0.24 1.2 0 7.0 18 310 M M 9 1 26 310
20 28 22 25 -11 40 0 T T 1 12.5 26 310 M M 5 36 310
21 33 22 28 -8 37 0 0.00 0.0 1 11.0 23 320 M M 2 34 300
22 41 18 30 -6 35 0 0.00 0.0 T 3.6 13 210 M M 0 17 210
23 51 26 39 3 26 0 0.00 0.0 0 3.3 8 200 M M 2 11 270
24 65 35 50 14 15 0 0.02 0.0 0 5.9 15 190 M M 7 18 21 180
25 67 61 64 28 1 0 0.02 0.0 0 11.1 20 210 M M 10 1 30 210
26 75 53 64 28 1 0 0.00 0.0 0 9.7 22 240 M M 6 1 32 210
27 62 45 54 18 11 0 0.12 0.0 0 6.4 16 60 M M 5 12 23 340
28 49 42 46 9 19 0 0.81 0.0 0 10.5 25 50 M M 10 1 31 50
29 45 40 43 6 22 0 0.01 0.0 0 11.6 22 340 M M 10 1 30 340
30 43 37 40 3 25 0 0.00 0.0 0 3.7 9 360 M M 10 16 350
31 47 30 39 2 26 0 T 0.0 0 5.4 17 50 M M 6 1 21 40
================================================================================
SM 1532 981 751 0 5.44 1.4 255.4 M 151
================================================================================
AV 49.4 31.6 8.2 FASTST M M 5 MAX(MPH)
MISC ----> 37 160 70 140
================================================================================
NOTES:
# LAST OF SEVERAL OCCURRENCES
COLUMN 17 PEAK WIND IN M.P.H.
PRELIMINARY LOCAL CLIMATOLOGICAL DATA (WS FORM: F-6) , PAGE 2
STATION: SALISBURY MD
MONTH: JANUARY
YEAR: 2024
LATITUDE: 38 20 N
LONGITUDE: 75 30 W
[TEMPERATURE DATA] [PRECIPITATION DATA] SYMBOLS USED IN COLUMN 16
AVERAGE MONTHLY: 40.5 TOTAL FOR MONTH: 5.44 1 = FOG OR MIST
DPTR FM NORMAL: 3.7 DPTR FM NORMAL: 1.93 2 = FOG REDUCING VISIBILITY
HIGHEST: 75 ON 26 GRTST 24HR 2.56 ON 9- 9 TO 1/4 MILE OR LESS
LOWEST: 18 ON 22 3 = THUNDER
SNOW, ICE PELLETS, HAIL 4 = ICE PELLETS
TOTAL MONTH: 1.4 INCHES 5 = HAIL
GRTST 24HR 1.2 ON 19-19 6 = FREEZING RAIN OR DRIZZLE
GRTST DEPTH: 1 ON 21,20 7 = DUSTSTORM OR SANDSTORM:
VSBY 1/2 MILE OR LESS
8 = SMOKE OR HAZE
[NO. OF DAYS WITH] [WEATHER - DAYS WITH] 9 = BLOWING SNOW
X = TORNADO
MAX 32 OR BELOW: 2 0.01 INCH OR MORE: 13
MAX 90 OR ABOVE: 0 0.10 INCH OR MORE: 8
MIN 32 OR BELOW: 20 0.50 INCH OR MORE: 3
MIN 0 OR BELOW: 0 1.00 INCH OR MORE: 1
[HDD (BASE 65) ]
TOTAL THIS MO. 751 CLEAR (SCALE 0-3) 12
DPTR FM NORMAL -125 PTCLDY (SCALE 4-7) 12
TOTAL FM JUL 1 2033 CLOUDY (SCALE 8-10) 7
DPTR FM NORMAL -369
[CDD (BASE 65) ]
TOTAL THIS MO. 0
DPTR FM NORMAL 0 [PRESSURE DATA]
TOTAL FM JAN 1 0 HIGHEST SLP 30.68 ON 22
DPTR FM NORMAL 0 LOWEST SLP 29.14 ON 10
[REMARKS]
#FINAL-01-24#