000
CXUS56 KSTO 102242
CF6SCK
PRELIMINARY LOCAL CLIMATOLOGICAL DATA (WS FORM: F-6)
STATION: STOCKTON AIRPORT CA
MONTH: JULY
YEAR: 2021
LATITUDE: 37 54 N
LONGITUDE: 121 15 W
TEMPERATURE IN F: :PCPN: SNOW: WIND :SUNSHINE: SKY :PK WND
================================================================================
1 2 3 4 5 6A 6B 7 8 9 10 11 12 13 14 15 16 17 18
12Z AVG MX 2MIN
DY MAX MIN AVG DEP HDD CDD WTR SNW DPTH SPD SPD DIR MIN PSBL S-S WX SPD DR
================================================================================
1 90 60 75 -2 0 10 0.00 M M 8.6 16 290 M M 0 22 280
2 92 59 76 -1 0 11 0.00 M M 8.9 15 300 M M 0 18 300
3 91 58 75 -2 0 10 0.00 M M 8.0 17 310 M M 0 20 300
4 91 59 75 -2 0 10 0.00 M M 8.6 16 320 M M 0 19 310
5 92 56 74 -4 0 9 0.00 0.0 M 8.9 18 270 M M 0 23 260
6 92 57 75 -3 0 10 0.00 0.0 M 9.5 22 270 M M 0 25 270
7 92 54 73 -5 0 8 0.00 M M 9.0 16 260 M M 0 28 300
8 100 55 78 0 0 13 0.00 0.0 M 5.2 13 310 M M 0 15 280
9 106 66 86 8 0 21 0.00 0.0 M 8.5 18 300 M M 0 22 310
10 107 69 88 10 0 23 0.00 0.0 M 9.0 17 310 M M 0 30 270
11 101 70 86 8 0 21 0.00 0.0 M 9.7 18 270 M M 0 23 270
12 94 60 77 -1 0 12 0.00 0.0 M 9.6 18 270 M M 0 23 260
13 90 58 74 -4 0 9 0.00 M M 8.4 15 290 M M 0 20 270
14 90 54 72 -6 0 7 0.00 M M 7.7 14 310 M M 0 24 10
15 88 55 72 -6 0 7 0.00 0.0 M 9.1 16 280 M M 0 21 280
16 90 53 72 -6 0 7 0.00 M M 7.5 14 270 M M 0 18 270
17 96 59 78 0 0 13 0.00 0.0 M 7.9 17 300 M M 0 21 300
18 98 59 79 1 0 14 0.00 0.0 M 6.3 16 290 M M 0 18 290
19 100 64 82 4 0 17 0.00 0.0 M 7.5 16 300 M M 0 20 270
20 93 62 78 0 0 13 0.00 0.0 M 10.2 23 270 M M 0 26 260
21 94 61 78 0 0 13 0.00 M M 8.2 17 260 M M 0 22 270
22 94 60 77 -1 0 12 0.00 M M 8.6 20 260 M M 0 24 270
23 98 59 79 1 0 14 0.00 0.0 M 7.4 18 10 M M 0 8 22 20
24 98 60 79 1 0 14 0.00 0.0 M 7.6 16 290 M M 0 20 300
25 97 61 79 1 0 14 0.00 0.0 M 8.8 18 290 M M 0 22 290
26 91 63 77 -1 0 12 0.00 0.0 M 7.5 14 290 M M 0 8 20 290
27 98 64 81 3 0 16 0.00 0.0 M 9.5 17 330 M M 1 21 320
28 100 64 82 4 0 17 0.00 M M 9.3 17 280 M M 0 8 21 310
29 100 67 84 6 0 19 0.00 M M 8.1 16 280 M M 0 20 280
30 101 66 84 6 0 19 0.00 M M 7.6 16 330 M M 0 20 280
31 93 63 78 0 0 13 0.00 M M 8.0 16 320 M M 0 20 330
================================================================================
SM 2957 1875 0 408 0.00 0.0 258.7 M 1
================================================================================
AV 95.4 60.5 8.3 FASTST M M 0 MAX(MPH)
MISC ----> 23 270 30 270
================================================================================
NOTES:
# LAST OF SEVERAL OCCURRENCES
COLUMN 17 PEAK WIND IN M.P.H.
PRELIMINARY LOCAL CLIMATOLOGICAL DATA (WS FORM: F-6) , PAGE 2
STATION: STOCKTON AIRPORT CA
MONTH: JULY
YEAR: 2021
LATITUDE: 37 54 N
LONGITUDE: 121 15 W
[TEMPERATURE DATA] [PRECIPITATION DATA] SYMBOLS USED IN COLUMN 16
AVERAGE MONTHLY: 77.9 TOTAL FOR MONTH: 0.00 1 = FOG OR MIST
DPTR FM NORMAL: -0.2 DPTR FM NORMAL: 0.00 2 = FOG REDUCING VISIBILITY
HIGHEST: 107 ON 10 GRTST 24HR 0.00 ON 1- 1 TO 1/4 MILE OR LESS
LOWEST: 53 ON 16 3 = THUNDER
SNOW, ICE PELLETS, HAIL 4 = ICE PELLETS
TOTAL MONTH: 0.0 INCH 5 = HAIL
GRTST 24HR 0.0 6 = FREEZING RAIN OR DRIZZLE
GRTST DEPTH: M ON M 7 = DUSTSTORM OR SANDSTORM:
VSBY 1/2 MILE OR LESS
8 = SMOKE OR HAZE
[NO. OF DAYS WITH] [WEATHER - DAYS WITH] 9 = BLOWING SNOW
X = TORNADO
MAX 32 OR BELOW: 0 0.01 INCH OR MORE: 0
MAX 90 OR ABOVE: 30 0.10 INCH OR MORE: 0
MIN 32 OR BELOW: 0 0.50 INCH OR MORE: 0
MIN 0 OR BELOW: 0 1.00 INCH OR MORE: 0
[HDD (BASE 65) ]
TOTAL THIS MO. 0 CLEAR (SCALE 0-3) 31
DPTR FM NORMAL 0 PTCLDY (SCALE 4-7) 0
TOTAL FM JUL 1 0 CLOUDY (SCALE 8-10) 0
DPTR FM NORMAL 0
[CDD (BASE 65) ]
TOTAL THIS MO. 408
DPTR FM NORMAL 0 [PRESSURE DATA]
TOTAL FM JAN 1 801 HIGHEST SLP 30.00 ON 20
DPTR FM NORMAL -31 LOWEST SLP 29.73 ON 11
[REMARKS]
#FINAL-07-21#