000
CXUS56 KLOX 061603
CF6SDB
PRELIMINARY LOCAL CLIMATOLOGICAL DATA (WS FORM: F-6)
STATION: SANDBERG CA
MONTH: APRIL
YEAR: 2021
LATITUDE: 34 45 N
LONGITUDE: 118 44 W
TEMPERATURE IN F: :PCPN: SNOW: WIND :SUNSHINE: SKY :PK WND
================================================================================
1 2 3 4 5 6A 6B 7 8 9 10 11 12 13 14 15 16 17 18
12Z AVG MX 2MIN
DY MAX MIN AVG DEP HDD CDD WTR SNW DPTH SPD SPD DIR MIN PSBL S-S WX SPD DR
================================================================================
1 76 55 66 16 0 1 0.00 M M 15.2 28 70 M M 0 37 60
2 78 56 67 17 0 2 0.00 M M 9.6 17 320 M M 0 21 170
3 76 55 66 16 0 1 0.00 M M 10.6 18 170 M M 0 25 170
4 75 52 64 13 1 0 0.00 M M 14.4 25 330 M M 0 33 320
5 69 49 59 8 6 0 0.00 M M 20.0 35 320 M M 0 43 320
6 71 44 58 7 7 0 0.00 M M 15.0 24 330 M M 0 33 310
7 75 52 64 13 1 0 0.00 M M 19.0 29 310 M M 0 41 310
8 62 47 55 4 10 0 0.00 M M 29.0 46 320 M M 0 60 320
9 71 49 60 9 5 0 0.00 M M 19.6 37 340 M M 0 55 330
10 65 46 56 5 9 0 0.00 M M 21.1 44 320 M M 0 55 320
11 70 53 62 11 3 0 0.00 M M 13.6 32 330 M M 0 52 330
12 71 53 62 10 3 0 0.00 M M 16.3 22 320 M M 0 33 320
13 57 42 50 -2 15 0 0.00 M M 13.7 27 160 M M 3 12 43 160
14 58 38 48 -4 17 0 0.00 M M 15.7 24 170 M M 4 12 35 160
15 63 41 52 0 13 0 0.00 M M 11.3 18 320 M M 0 8 28 340
16 70 46 58 6 7 0 0.00 M M 14.8 21 320 M M 0 35 300
17 73 50 62 10 3 0 0.00 M M 12.3 21 90 M M 1 32 60
18 73 50 62 10 3 0 0.00 M M 14.4 28 60 M M 0 37 60
19 77 57 67 14 0 2 0.00 M M 13.7 20 320 M M 0 36 330
20 72 44 58 5 7 0 0.00 M M 15.3 37 320 M M 0 46 330
21 56 41 49 -4 16 0 0.00 M M 12.7 22 170 M M 6 12 30 200
22 67 41 54 1 11 0 0.00 M M 10.9 20 300 M M 3 128 31 280
23 65 41 53 -1 12 0 0.00 M M 10.6 18 300 M M 2 128 22 190
24 64 42 53 -1 12 0 0.00 M M 11.6 27 330 M M 1 128 35 320
25 55 38 47 -7 18 0 0.10 M M 8.8 17 160 M M 7 128 22 170
26 51 38 45 -9 20 0 T M M 12.8 24 320 M M 7 12 31 340
27 55 37 46 -8 19 0 0.00 M M 18.2 28 320 M M 2 41 330
28 68 46 57 2 8 0 0.00 M M 15.7 29 320 M M 0 47 330
29 86 59 73 18 0 8 0.00 M M 12.9 23 330 M M 0 31 50
30 89 66 78 23 0 13 0.00 M M 12.4 24 320 M M 0 M M
================================================================================
SM 2058 1428 226 27 0.10 M 441.3 M 36
================================================================================
AV 68.6 47.6 14.7 FASTST M M 1 MAX(MPH)
MISC ----> 46 320 60 320
================================================================================
NOTES:
# LAST OF SEVERAL OCCURRENCES
COLUMN 17 PEAK WIND IN M.P.H.
PRELIMINARY LOCAL CLIMATOLOGICAL DATA (WS FORM: F-6) , PAGE 2
STATION: SANDBERG CA
MONTH: APRIL
YEAR: 2021
LATITUDE: 34 45 N
LONGITUDE: 118 44 W
[TEMPERATURE DATA] [PRECIPITATION DATA] SYMBOLS USED IN COLUMN 16
AVERAGE MONTHLY: 58.1 TOTAL FOR MONTH: 0.10 1 = FOG OR MIST
DPTR FM NORMAL: 5.8 DPTR FM NORMAL: -0.66 2 = FOG REDUCING VISIBILITY
HIGHEST: 89 ON 30 GRTST 24HR 0.10 ON 25-25 TO 1/4 MILE OR LESS
LOWEST: 37 ON 27 3 = THUNDER
SNOW, ICE PELLETS, HAIL 4 = ICE PELLETS
TOTAL MONTH: M 5 = HAIL
GRTST 24HR M ON M 6 = FREEZING RAIN OR DRIZZLE
GRTST DEPTH: M ON M 7 = DUSTSTORM OR SANDSTORM:
VSBY 1/2 MILE OR LESS
8 = SMOKE OR HAZE
[NO. OF DAYS WITH] [WEATHER - DAYS WITH] 9 = BLOWING SNOW
X = TORNADO
MAX 32 OR BELOW: 0 0.01 INCH OR MORE: 1
MAX 90 OR ABOVE: 0 0.10 INCH OR MORE: 1
MIN 32 OR BELOW: 0 0.50 INCH OR MORE: 0
MIN 0 OR BELOW: 0 1.00 INCH OR MORE: 0
[HDD (BASE 65) ]
TOTAL THIS MO. 226 CLEAR (SCALE 0-3) 26
DPTR FM NORMAL -163 PTCLDY (SCALE 4-7) 4
TOTAL FM JUL 1 2710 CLOUDY (SCALE 8-10) 0
DPTR FM NORMAL -576
[CDD (BASE 65) ]
TOTAL THIS MO. 27
DPTR FM NORMAL 18 [PRESSURE DATA]
TOTAL FM JAN 1 27 HIGHEST SLP M ON M
DPTR FM NORMAL 16 LOWEST SLP M ON M
[REMARKS]
#FINAL-04-21#