000
CXUS56 KSGX 011145
CF6SDM
PRELIMINARY LOCAL CLIMATOLOGICAL DATA (WS FORM: F-6)
STATION: SAN DIEGO/BROWN
MONTH: JANUARY
YEAR: 2023
LATITUDE: 32 34 N
LONGITUDE: 116 59 W
TEMPERATURE IN F: :PCPN: SNOW: WIND :SUNSHINE: SKY :PK WND
================================================================================
1 2 3 4 5 6A 6B 7 8 9 10 11 12 13 14 15 16 17 18
12Z AVG MX 2MIN
DY MAX MIN AVG DEP HDD CDD WTR SNW DPTH SPD SPD DIR MIN PSBL S-S WX SPD DR
================================================================================
1 58 51 55 0 10 0 1.16 M M 12.3 24 270 M M 9 18 35 270
2 58 47 53 -2 12 0 0.04 M M 6.5 15 260 M M 8 1 19 260
3 58 52 55 0 10 0 0.15 M M 12.5 20 140 M M 8 18 23 140
4 67 56 62 6 3 0 0.02 M M 7.1 14 200 M M 8 1 15 200
5 60 49 55 -1 10 0 0.08 M M 7.2 22 170 M M 7 1 28 170
6 62 45 54 -2 11 0 0.00 M M 2.9 14 280 M M 1 1 18 280
7 68 41 55 -1 10 0 0.00 M M 3.5 10 270 M M 0 8 13 260
8 69 44 57 1 8 0 0.00 M M 3.9 15 130 M M 0 8 17 130
9 68 44 56 0 9 0 0.00 M M 6.8 15 140 M M 2 18 18 150
10 61 48 55 -1 10 0 0.27 M M 9.1 18 270 M M 8 1 25 280
11 64 44 54 -2 11 0 0.00 M M 4.1 14 280 M M 0 1 19 280
12 74 47 61 5 4 0 0.00 M M 5.9 16 110 M M 0 8 19 120
13 70 45 58 2 7 0 0.00 M M 4.4 18 270 M M 1 128 23 260
14 60 46 53 -3 12 0 0.84 M M 9.7 22 220 M M 7 128 29 230
15 59 53 56 0 9 0 1.35 M M 6.0 20 230 M M 9 18 25 220
16 59 50 55 -1 10 0 0.80 M M 10.7 26 200 M M 9 1 33 200
17 56 44 50 -6 15 0 0.06 M M 8.8 18 280 M M 7 26 270
18 61 40 51 -5 14 0 0.00 M M 4.5 10 280 M M 0 14 280
19 58 36 47 -9 18 0 0.05 M M 6.2 15 260 M M 3 1 20 270
20 61 41 51 -5 14 0 0.00 M M 4.6 12 280 M M 2 8 15 290
21 64 35 50 -6 15 0 0.00 M M 4.3 12 270 M M 0 8 14 280
22 57 39 48 -8 17 0 0.00 M M 7.0 10 210 M M 3 M M
23 59 41 50 -6 15 0 0.00 M M 5.2 9 270 M M 0 M M
24 64 43 54 -2 11 0 0.00 M M 4.8 7 310 M M 0 M M
25 70 39 55 -1 10 0 0.00 M M 5.0 12 280 M M 0 8 14 280
26 67 41 54 -2 11 0 0.00 M M 8.4 25 50 M M 0 36 60
27 69 35 52 -4 13 0 0.00 M M 5.2 12 270 M M 0 8 15 280
28 60 38 49 -7 16 0 0.00 M M 7.0 14 220 M M 5 8 17 210
29 56 48 52 -4 13 0 0.13 M M 7.7 15 260 M M 9 18 18 280
30 57 47 52 -4 13 0 0.45 M M 6.4 18 170 M M 9 18 24 170
31 60 39 50 -6 15 0 0.26 M M 3.8 13 250 M M 4 1 15 260
================================================================================
SM 1934 1368 356 0 5.66 M 201.5 M 119
================================================================================
AV 62.4 44.1 6.5 FASTST M M 4 MAX(MPH)
MISC ----> 26 200 36 60
================================================================================
NOTES:
# LAST OF SEVERAL OCCURRENCES
COLUMN 17 PEAK WIND IN M.P.H.
PRELIMINARY LOCAL CLIMATOLOGICAL DATA (WS FORM: F-6) , PAGE 2
STATION: SAN DIEGO/BROWN
MONTH: JANUARY
YEAR: 2023
LATITUDE: 32 34 N
LONGITUDE: 116 59 W
[TEMPERATURE DATA] [PRECIPITATION DATA] SYMBOLS USED IN COLUMN 16
AVERAGE MONTHLY: 53.3 TOTAL FOR MONTH: 5.66 1 = FOG OR MIST
DPTR FM NORMAL: -2.4 DPTR FM NORMAL: 3.83 2 = FOG REDUCING VISIBILITY
HIGHEST: 74 ON 12 GRTST 24HR 1.35 ON 15-15 TO 1/4 MILE OR LESS
LOWEST: 35 ON 27,21 3 = THUNDER
SNOW, ICE PELLETS, HAIL 4 = ICE PELLETS
TOTAL MONTH: M 5 = HAIL
GRTST 24HR M ON M 6 = FREEZING RAIN OR DRIZZLE
GRTST DEPTH: M ON M 7 = DUSTSTORM OR SANDSTORM:
VSBY 1/2 MILE OR LESS
8 = SMOKE OR HAZE
[NO. OF DAYS WITH] [WEATHER - DAYS WITH] 9 = BLOWING SNOW
X = TORNADO
MAX 32 OR BELOW: 0 0.01 INCH OR MORE: 14
MAX 90 OR ABOVE: 0 0.10 INCH OR MORE: 9
MIN 32 OR BELOW: 0 0.50 INCH OR MORE: 4
MIN 0 OR BELOW: 0 1.00 INCH OR MORE: 2
[HDD (BASE 65) ]
TOTAL THIS MO. 356 CLEAR (SCALE 0-3) 16
DPTR FM NORMAL 64 PTCLDY (SCALE 4-7) 9
TOTAL FM JUL 1 919 CLOUDY (SCALE 8-10) 6
DPTR FM NORMAL 105
[CDD (BASE 65) ]
TOTAL THIS MO. 0
DPTR FM NORMAL -4 [PRESSURE DATA]
TOTAL FM JAN 1 0 HIGHEST SLP 30.34 ON 24
DPTR FM NORMAL -4 LOWEST SLP 29.71 ON 16
[REMARKS]
#FINAL-01-23#