000
CXUS54 KFWD 010731
CF6SEP
PRELIMINARY LOCAL CLIMATOLOGICAL DATA (WS FORM: F-6)
STATION: STEPHENVILLE
MONTH: JUNE
YEAR: 2023
LATITUDE: 32 13 N
LONGITUDE: 98 11 W
TEMPERATURE IN F: :PCPN: SNOW: WIND :SUNSHINE: SKY :PK WND
================================================================================
1 2 3 4 5 6A 6B 7 8 9 10 11 12 13 14 15 16 17 18
12Z AVG MX 2MIN
DY MAX MIN AVG DEP HDD CDD WTR SNW DPTH SPD SPD DIR MIN PSBL S-S WX SPD DR
================================================================================
1 87 65 76 0 0 11 0.00 M M 6.2 12 140 M M 2 22 180
2 89 64 77 1 0 12 0.03 M M 7.1 15 180 M M 3 28 0
3 87 63 75 -1 0 10 0.00 M M 4.7 13 360 M M 2 17 360
4 82 64 73 -3 0 8 0.22 M M 4.1 15 280 M M 6 24 280
5 84 65 75 -2 0 10 0.01 M M 5.8 15 350 M M 2 22 350
6 86 66 76 -1 0 11 0.00 M M 4.1 14 70 M M 3 20 70
7 87 65 76 -1 0 11 0.01 M M 1.6 9 170 M M 3 M M
8 90 66 78 1 0 13 0.00 M M 4.0 12 140 M M 1 M M
9 95 65 80 2 0 15 0.00 M M 2.7 8 140 M M 0 20 130
10 96 70 83 5 0 18 0.00 M M 8.0 16 20 M M 1 33 280
11 98 70 84 6 0 19 0.00 M M 7.4 18 170 M M 0 26 170
12 85 69 77 -1 0 12 0.05 M M 8.8 16 50 M M 5 27 50
13 83 72 78 0 0 13 0.13 M M 4.0 7 160 M M 7 M M
14 95 74 85 6 0 20 0.01 M M 3.8 8 240 M M 6 M M
15 96 73 85 6 0 20 0.00 M M 5.8 14 160 M M 2 22 160
16 97 76 87 8 0 22 0.00 M M 6.8 12 180 M M 4 18 260
17 96 71 84 5 0 19 0.00 M M 5.4 9 100 M M 1 17 150
18 94 78 86 7 0 21 0.00 M M 5.7 10 340 M M 2 16 190
19 104 76 90 10 0 25 0.00 M M 5.8 14 160 M M 1 20 160
20 107 76 92 12 0 27 0.00 M M 6.9 15 60 M M 1 18 60
21 96 77 87 7 0 22 0.00 M M 8.8 16 80 M M 4 28 50
22 94 74 84 4 0 19 0.00 M M 8.6 15 110 M M 1 24 200
23 97 75 86 6 0 21 0.00 M M 9.5 17 120 M M 3 24 220
24 102 78 90 10 0 25 0.00 M M 8.5 15 160 M M 0 22 180
25 104 82 93 13 0 28 0.00 M M 8.2 15 200 M M 1 23 200
26 105 77 91 11 0 26 0.00 M M 5.7 12 180 M M 1 20 180
27 104 76 90 9 0 25 0.00 M M 5.9 13 120 M M 1 20 180
28 105 75 90 9 0 25 0.00 M M 8.1 15 190 M M 1 23 160
29 102 76 89 8 0 24 0.00 M M 9.4 14 160 M M 2 20 190
30 99 72 86 5 0 21 0.00 M M 9.1 16 190 M M 1 23 180
================================================================================
SM 2846 2150 0 553 0.46 M 190.3 M 67
================================================================================
AV 94.9 71.7 6.3 FASTST M M 2 MAX(MPH)
MISC ----> 18 170 33 280
================================================================================
NOTES:
# LAST OF SEVERAL OCCURRENCES
COLUMN 17 PEAK WIND IN M.P.H.
PRELIMINARY LOCAL CLIMATOLOGICAL DATA (WS FORM: F-6) , PAGE 2
STATION: STEPHENVILLE
MONTH: JUNE
YEAR: 2023
LATITUDE: 32 13 N
LONGITUDE: 98 11 W
[TEMPERATURE DATA] [PRECIPITATION DATA] SYMBOLS USED IN COLUMN 16
AVERAGE MONTHLY: 83.3 TOTAL FOR MONTH: 0.46 1 = FOG OR MIST
DPTR FM NORMAL: 4.6 DPTR FM NORMAL: -3.55 2 = FOG REDUCING VISIBILITY
HIGHEST: 107 ON 20 GRTST 24HR 0.22 ON 4- 4 TO 1/4 MILE OR LESS
LOWEST: 63 ON 3 3 = THUNDER
SNOW, ICE PELLETS, HAIL 4 = ICE PELLETS
TOTAL MONTH: M 5 = HAIL
GRTST 24HR M ON M 6 = FREEZING RAIN OR DRIZZLE
GRTST DEPTH: M ON M 7 = DUSTSTORM OR SANDSTORM:
VSBY 1/2 MILE OR LESS
8 = SMOKE OR HAZE
[NO. OF DAYS WITH] [WEATHER - DAYS WITH] 9 = BLOWING SNOW
X = TORNADO
MAX 32 OR BELOW: 0 0.01 INCH OR MORE: 7
MAX 90 OR ABOVE: 21 0.10 INCH OR MORE: 2
MIN 32 OR BELOW: 0 0.50 INCH OR MORE: 0
MIN 0 OR BELOW: 0 1.00 INCH OR MORE: 0
[HDD (BASE 65) ]
TOTAL THIS MO. 0 CLEAR (SCALE 0-3) 22
DPTR FM NORMAL -1 PTCLDY (SCALE 4-7) 8
TOTAL FM JUL 1 2044 CLOUDY (SCALE 8-10) 0
DPTR FM NORMAL -671
[CDD (BASE 65) ]
TOTAL THIS MO. 553
DPTR FM NORMAL 141 [PRESSURE DATA]
TOTAL FM JAN 1 934 HIGHEST SLP M ON M
DPTR FM NORMAL 202 LOWEST SLP M ON M
[REMARKS]
#FINAL-06-23#