000
CXUS54 KFWD 010731
CF6SEP
PRELIMINARY LOCAL CLIMATOLOGICAL DATA (WS FORM: F-6)
STATION: STEPHENVILLE
MONTH: AUGUST
YEAR: 2020
LATITUDE: 32 13 N
LONGITUDE: 98 11 W
TEMPERATURE IN F: :PCPN: SNOW: WIND :SUNSHINE: SKY :PK WND
================================================================================
1 2 3 4 5 6A 6B 7 8 9 10 11 12 13 14 15 16 17 18
12Z AVG MX 2MIN
DY MAX MIN AVG DEP HDD CDD WTR SNW DPTH SPD SPD DIR MIN PSBL S-S WX SPD DR
================================================================================
1 92 66 79 -4 0 14 0.00 0.0 0 3.9 7 10 M M 0 M M
2 95 66 81 -2 0 16 0.00 0.0 0 3.4 9 30 M M 0 M M
3 89 71 80 -3 0 15 0.00 0.0 0 3.0 7 230 M M 1 M M
4 98 69 84 1 0 19 0.00 0.0 0 4.7 10 110 M M 1 M M
5 100 72 86 3 0 21 0.00 0.0 0 4.0 8 100 M M 1 M M
6 99 73 86 3 0 21 0.00 0.0 0 6.3 12 180 M M 0 18 150
7 99 74 87 4 0 22 0.00 0.0 0 9.4 14 170 M M 0 20 190
8 98 73 86 3 0 21 0.00 0.0 0 6.8 13 170 M M 0 20 200
9 99 75 87 4 0 22 0.00 0.0 0 8.5 14 210 M M 1 20 150
10 99 75 87 4 0 22 0.00 0.0 0 9.5 16 190 M M 0 25 190
11 100 77 89 6 0 24 0.00 0.0 0 7.7 12 170 M M 0 20 190
12 103 77 90 7 0 25 0.00 0.0 0 7.3 14 140 M M 0 17 140
13 103 76 90 7 0 25 0.00 0.0 0 7.3 13 160 M M 0 17 190
14 106 77 92 9 0 27 0.00 0.0 0 6.5 15 230 M M 0 18 230
15 106 78 92 9 0 27 0.00 0.0 0 5.8 10 210 M M 1 M M
16 103 70 87 4 0 22 0.11 0.0 0 6.5 27 10 M M 1 3 36 10
17 89 70 80 -3 0 15 0.01 0.0 0 2.8 10 300 M M 1 16 300
18 97 70 84 1 0 19 0.00 0.0 0 5.1 12 20 M M 1 17 50
19 94 64 79 -4 0 14 0.00 0.0 0 3.6 10 30 M M 0 16 70
20 94 64 79 -3 0 14 0.00 0.0 0 3.2 10 260 M M 1 M M
21 97 68 83 1 0 18 0.00 0.0 0 5.4 12 100 M M 1 17 100
22 95 68 82 0 0 17 0.52 0.0 0 5.0 15 170 M M 3 M M
23 95 67 81 -1 0 16 0.00 0.0 0 3.6 9 100 M M 1 M M
24 97 72 85 3 0 20 0.00 0.0 0 3.1 9 110 M M 2 M M
25 96 69 83 1 0 18 0.00 0.0 0 2.6 9 100 M M 3 M M
26 96 72 84 2 0 19 0.00 0.0 0 4.5 12 90 M M 2 M M
27 96 70 83 2 0 18 0.00 0.0 0 2.3 8 140 M M 1 M M
28 105 74 90 9 0 25 0.00 0.0 0 4.9 12 210 M M 0 16 210
29 104 77 91 10 0 26 0.00 0.0 0 6.5 10 170 M M 1 M M
30 101 75 88 7 0 23 0.00 0.0 0 8.0 15 80 M M 1 17 360
31 100 79 90 10 0 25 0.00 0.0 0 9.4 15 160 M M 0 20 160
================================================================================
SM 3045 2228 0 630 0.64 0.0 170.6 M 24
================================================================================
AV 98.2 71.9 5.5 FASTST M M 1 MAX(MPH)
MISC ----> # 27 10 # 36 10
================================================================================
NOTES:
# LAST OF SEVERAL OCCURRENCES
COLUMN 17 PEAK WIND IN M.P.H.
PRELIMINARY LOCAL CLIMATOLOGICAL DATA (WS FORM: F-6) , PAGE 2
STATION: STEPHENVILLE
MONTH: AUGUST
YEAR: 2020
LATITUDE: 32 13 N
LONGITUDE: 98 11 W
[TEMPERATURE DATA] [PRECIPITATION DATA] SYMBOLS USED IN COLUMN 16
AVERAGE MONTHLY: 85.1 TOTAL FOR MONTH: 0.64 1 = FOG OR MIST
DPTR FM NORMAL: 2.5 DPTR FM NORMAL: -1.74 2 = FOG REDUCING VISIBILITY
HIGHEST: 106 ON 15,14 GRTST 24HR 0.52 ON 22-22 TO 1/4 MILE OR LESS
LOWEST: 64 ON 20,19 3 = THUNDER
SNOW, ICE PELLETS, HAIL 4 = ICE PELLETS
TOTAL MONTH: 0.0 INCH 5 = HAIL
GRTST 24HR 0.0 6 = FREEZING RAIN OR DRIZZLE
GRTST DEPTH: 0 7 = DUSTSTORM OR SANDSTORM:
VSBY 1/2 MILE OR LESS
8 = SMOKE OR HAZE
[NO. OF DAYS WITH] [WEATHER - DAYS WITH] 9 = BLOWING SNOW
X = TORNADO
MAX 32 OR BELOW: 0 0.01 INCH OR MORE: 3
MAX 90 OR ABOVE: 29 0.10 INCH OR MORE: 2
MIN 32 OR BELOW: 0 0.50 INCH OR MORE: 1
MIN 0 OR BELOW: 0 1.00 INCH OR MORE: 0
[HDD (BASE 65) ]
TOTAL THIS MO. 0 CLEAR (SCALE 0-3) 31
DPTR FM NORMAL 0 PTCLDY (SCALE 4-7) 0
TOTAL FM JUL 1 0 CLOUDY (SCALE 8-10) 0
DPTR FM NORMAL 0
[CDD (BASE 65) ]
TOTAL THIS MO. 630
DPTR FM NORMAL 88 [PRESSURE DATA]
TOTAL FM JAN 1 2137 HIGHEST SLP M ON M
DPTR FM NORMAL 327 LOWEST SLP M ON M
[REMARKS]
#FINAL-08-20#