000
CXUS52 KMLB 010628
CF6SFB
PRELIMINARY LOCAL CLIMATOLOGICAL DATA (WS FORM: F-6)
STATION: SANFORD
MONTH: JUNE
YEAR: 2023
LATITUDE: 28 46 N
LONGITUDE: 81 15 W
TEMPERATURE IN F: :PCPN: SNOW: WIND :SUNSHINE: SKY :PK WND
================================================================================
1 2 3 4 5 6A 6B 7 8 9 10 11 12 13 14 15 16 17 18
12Z AVG MX 2MIN
DY MAX MIN AVG DEP HDD CDD WTR SNW DPTH SPD SPD DIR MIN PSBL S-S WX SPD DR
================================================================================
1 88 71 80 0 0 15 T 0.0 0 10.0 18 70 M M 4 27 80
2 86 72 79 -1 0 14 T 0.0 0 9.1 20 60 M M 4 26 60
3 87 71 79 -2 0 14 T 0.0 0 6.9 21 70 M M 3 3 27 60
4 87 71 79 -2 0 14 0.00 0.0 0 11.2 22 30 M M 3 30 30
5 86 71 79 -2 0 14 0.00 0.0 0 9.9 20 80 M M 3 27 60
6 89 67 78 -3 0 13 0.00 0.0 0 6.1 17 150 M M 0 22 140
7 87 72 80 -1 0 15 0.48 0.0 0 5.9 24 200 M M 2 13 32 200
8 90 71 81 0 0 16 T 0.0 0 7.8 24 310 M M 1 3 31 310
9 93 72 83 2 0 18 T 0.0 0 6.3 23 360 M M 2 3 32 10
10 92 70 81 0 0 16 0.27 0.0 0 4.7 20 190 M M 2 138 28 180
11 91 72 82 0 0 17 0.06 0.0 0 3.2 17 340 M M 2 3 24 330
12 93 73 83 1 0 18 0.00 0.0 0 9.2 18 260 M M 1 23 240
13 95 75 85 3 0 20 0.00 0.0 0 9.9 18 300 M M 0 24 300
14 95 76 86 4 0 21 0.08 0.0 0 7.6 22 260 M M 2 13 31 250
15 96 69 83 1 0 18 0.88 0.0 0 10.8 36 340 M M 3 13 52 340
16 92 71 82 0 0 17 T 0.0 0 12.0 30 270 M M 1 3 43 290
17 88 70 79 -3 0 14 0.70 0.0 0 8.5 29 280 M M 3 13 38 290
18 92 70 81 -1 0 16 T 0.0 0 7.8 30 80 M M 2 3 36 90
19 95 73 84 2 0 19 T 0.0 0 8.1 21 300 M M 1 3 31 310
20 87 72 80 -2 0 15 0.70 0.0 0 8.3 25 330 M M 3 13 36 340
21 86 71 79 -3 0 14 0.30 0.0 0 9.8 31 290 M M 2 13 40 290
22 91 68 80 -2 0 15 1.08 0.0 0 6.7 16 80 M M 2 13 23 190
23 91 70 81 -1 0 16 3.62 0.0 0 6.2 31 320 M M 4 13 44 300
24 93 73 83 0 0 18 1.15 0.0 0 6.7 18 180 M M 3 13 27 190
25 91 74 83 0 0 18 0.00 0.0 0 6.3 16 90 M M 1 21 120
26 94 73 84 1 0 19 0.00 0.0 0 5.9 14 270 M M 1 19 140
27 95 76 86 3 0 21 0.00 0.0 0 9.4 17 280 M M 1 23 280
28 93 76 85 2 0 20 0.34 0.0 0 7.5 29 50 M M 4 13 37 40
29 93 75 84 1 0 19 0.00 0.0 0 6.1 16 80 M M 1 22 100
30 91 74 83 0 0 18 0.00 0.0 0 5.7 18 70 M M 1 25 50
================================================================================
SM 2727 2159 0 502 9.66 0.0 233.6 M 62
================================================================================
AV 90.9 72.0 7.8 FASTST M M 2 MAX(MPH)
MISC ----> 36 340 52 340
================================================================================
NOTES:
# LAST OF SEVERAL OCCURRENCES
COLUMN 17 PEAK WIND IN M.P.H.
PRELIMINARY LOCAL CLIMATOLOGICAL DATA (WS FORM: F-6) , PAGE 2
STATION: SANFORD
MONTH: JUNE
YEAR: 2023
LATITUDE: 28 46 N
LONGITUDE: 81 15 W
[TEMPERATURE DATA] [PRECIPITATION DATA] SYMBOLS USED IN COLUMN 16
AVERAGE MONTHLY: 81.4 TOTAL FOR MONTH: 9.66 1 = FOG OR MIST
DPTR FM NORMAL: -0.5 DPTR FM NORMAL: 1.47 2 = FOG REDUCING VISIBILITY
HIGHEST: 96 ON 15 GRTST 24HR 3.62 ON 23-23 TO 1/4 MILE OR LESS
LOWEST: 67 ON 6 3 = THUNDER
SNOW, ICE PELLETS, HAIL 4 = ICE PELLETS
TOTAL MONTH: 0.0 INCH 5 = HAIL
GRTST 24HR 0.0 6 = FREEZING RAIN OR DRIZZLE
GRTST DEPTH: 0 7 = DUSTSTORM OR SANDSTORM:
VSBY 1/2 MILE OR LESS
8 = SMOKE OR HAZE
[NO. OF DAYS WITH] [WEATHER - DAYS WITH] 9 = BLOWING SNOW
X = TORNADO
MAX 32 OR BELOW: 0 0.01 INCH OR MORE: 12
MAX 90 OR ABOVE: 20 0.10 INCH OR MORE: 10
MIN 32 OR BELOW: 0 0.50 INCH OR MORE: 6
MIN 0 OR BELOW: 0 1.00 INCH OR MORE: 3
[HDD (BASE 65) ]
TOTAL THIS MO. 0 CLEAR (SCALE 0-3) 23
DPTR FM NORMAL 0 PTCLDY (SCALE 4-7) 7
TOTAL FM JUL 1 344 CLOUDY (SCALE 8-10) 0
DPTR FM NORMAL -213
[CDD (BASE 65) ]
TOTAL THIS MO. 502
DPTR FM NORMAL -4 [PRESSURE DATA]
TOTAL FM JAN 1 1655 HIGHEST SLP M ON M
DPTR FM NORMAL 291 LOWEST SLP 29.68 ON 3
[REMARKS]
#FINAL-06-23#
USED SFNF1 FOR PRECIP ON 6/7, 6/20 AND 6/21 DUE TO ASOS ISSUES