000
CXUS56 KMTR 011000
CF6SFD
PRELIMINARY LOCAL CLIMATOLOGICAL DATA (WS FORM: F-6)
STATION: SAN FRANCISCO DWTN CA
MONTH: DECEMBER
YEAR: 2023
LATITUDE: 37 46 N
LONGITUDE: 122 26 W
TEMPERATURE IN F: :PCPN: SNOW: WIND :SUNSHINE: SKY :PK WND
================================================================================
1 2 3 4 5 6A 6B 7 8 9 10 11 12 13 14 15 16 17 18
12Z AVG MX 2MIN
DY MAX MIN AVG DEP HDD CDD WTR SNW DPTH SPD SPD DIR MIN PSBL S-S WX SPD DR
================================================================================
1 59 49 54 0 11 0 0.02 M 0 M M M M M M M M
2 59 53 56 2 9 0 0.08 M 0 M M M M M M M M
3 63 54 59 5 6 0 0.00 M 0 M M M M M M M M
4 63 52 58 4 7 0 0.00 M 0 M M M M M M M M
5 63 52 58 4 7 0 0.00 M 0 M M M M M M M M
6 62 51 57 4 8 0 0.19 M 0 M M M M M M M M
7 60 49 55 2 10 0 0.10 M 0 M M M M M M M M
8 57 47 52 -1 13 0 0.00 M 0 M M M M M M M M
9 58 46 52 -1 13 0 0.00 M 0 M M M M M M M M
10 56 47 52 -1 13 0 0.00 M 0 M M M M M M M M
11 63 46 55 2 10 0 0.00 M 0 M M M M M M M M
12 62 49 56 3 9 0 0.00 M 0 M M M M M M M M
13 62 47 55 3 10 0 0.00 M 0 M M M M M M M M
14 59 47 53 1 12 0 0.00 M 0 M M M M M M M M
15 62 49 56 4 9 0 0.00 M 0 M M M M M M M M
16 65 48 57 5 8 0 0.00 M 0 M M M M M M M M
17 57 53 55 3 10 0 0.07 M 0 M M M M M M M M
18 62 50 56 4 9 0 1.40 M 0 M M M M M M M M
19 62 57 60 8 5 0 0.40 M 0 M M M M M M M M
20 59 53 56 4 9 0 1.21 M 0 M M M M M M M M
21 62 53 58 6 7 0 0.00 M 0 M M M M M M M M
22 61 52 57 5 8 0 0.00 M 0 M M M M M M M M
23 59 48 54 2 11 0 0.00 M 0 M M M M M M M M
24 55 46 51 -1 14 0 0.00 M 0 M M M M M M M M
25 58 46 52 0 13 0 0.00 M 0 M M M M M M M M
26 58 50 54 2 11 0 0.00 M 0 M M M M M M M M
27 59 51 55 3 10 0 0.17 M 0 M M M M M M M M
28 63 56 60 8 5 0 0.00 M 0 M M M M M M M M
29 62 54 58 6 7 0 0.86 M 0 M M M M M M M M
30 60 50 55 3 10 0 0.15 M 0 M M M M M M M M
31 57 49 53 1 12 0 0.00 M 0 M M M M M M M M
================================================================================
SM 1867 1554 296 0 4.65 M M M M
================================================================================
AV 60.2 50.1 M FASTST M M M MAX(MPH)
MISC ----> M M M M
================================================================================
NOTES:
# LAST OF SEVERAL OCCURRENCES
COLUMN 17 PEAK WIND IN M.P.H.
PRELIMINARY LOCAL CLIMATOLOGICAL DATA (WS FORM: F-6) , PAGE 2
STATION: SAN FRANCISCO DWTN CA
MONTH: DECEMBER
YEAR: 2023
LATITUDE: 37 46 N
LONGITUDE: 122 26 W
[TEMPERATURE DATA] [PRECIPITATION DATA] SYMBOLS USED IN COLUMN 16
AVERAGE MONTHLY: 55.2 TOTAL FOR MONTH: 4.65 1 = FOG OR MIST
DPTR FM NORMAL: 2.7 DPTR FM NORMAL: -0.11 2 = FOG REDUCING VISIBILITY
HIGHEST: 65 ON 16 GRTST 24HR 1.70 ON 18-19 TO 1/4 MILE OR LESS
LOWEST: 46 ON 25,24 3 = THUNDER
SNOW, ICE PELLETS, HAIL 4 = ICE PELLETS
TOTAL MONTH: M 5 = HAIL
GRTST 24HR M ON M 6 = FREEZING RAIN OR DRIZZLE
GRTST DEPTH: 0 7 = DUSTSTORM OR SANDSTORM:
VSBY 1/2 MILE OR LESS
8 = SMOKE OR HAZE
[NO. OF DAYS WITH] [WEATHER - DAYS WITH] 9 = BLOWING SNOW
X = TORNADO
MAX 32 OR BELOW: 0 0.01 INCH OR MORE: 11
MAX 90 OR ABOVE: 0 0.10 INCH OR MORE: 8
MIN 32 OR BELOW: 0 0.50 INCH OR MORE: 3
MIN 0 OR BELOW: 0 1.00 INCH OR MORE: 2
[HDD (BASE 65) ]
TOTAL THIS MO. 296 CLEAR (SCALE 0-3) 0
DPTR FM NORMAL -93 PTCLDY (SCALE 4-7) 0
TOTAL FM JUL 1 805 CLOUDY (SCALE 8-10) 31
DPTR FM NORMAL -309
[CDD (BASE 65) ]
TOTAL THIS MO. 0
DPTR FM NORMAL 0 [PRESSURE DATA]
TOTAL FM JAN 1 103 HIGHEST SLP M ON M
DPTR FM NORMAL -18 LOWEST SLP 9999.00 ON 1
[REMARKS]
#FINAL-12-23#