967
CXUS54 KHGX 020546
CF6SGR
PRELIMINARY LOCAL CLIMATOLOGICAL DATA (WS FORM: F-6)
STATION: SUGAR LAND/HULL FLD
MONTH: NOVEMBER
YEAR: 2020
LATITUDE: 29 37 N
LONGITUDE: 95 39 W
TEMPERATURE IN F: :PCPN: SNOW: WIND :SUNSHINE: SKY :PK WND
================================================================================
1 2 3 4 5 6A 6B 7 8 9 10 11 12 13 14 15 16 17 18
12Z AVG MX 2MIN
DY MAX MIN AVG DEP HDD CDD WTR SNW DPTH SPD SPD DIR MIN PSBL S-S WX SPD DR
================================================================================
1 79 50 65 -1 0 0 0.00 0.0 0 7.4 21 20 M M 0 1 27 10
2 74 46 60 -6 5 0 0.00 0.0 0 5.0 13 40 M M 0 17 50
3 78 43 61 -5 4 0 0.00 0.0 0 2.8 10 140 M M 0 13 130
4 82 48 65 0 0 0 0.00 0.0 0 5.9 15 150 M M 0 19 180
5 82 60 71 6 0 6 0.00 0.0 0 4.8 14 140 M M 2 1 17 130
6 80 55 68 3 0 3 0.00 0.0 0 3.8 12 100 M M 0 12 14 90
7 83 55 69 5 0 4 0.00 0.0 0 4.9 12 100 M M 0 1 15 110
8 82 59 71 7 0 6 0.00 0.0 0 5.0 12 120 M M 5 12 17 130
9 86 69 78 14 0 13 0.00 0.0 0 7.7 17 160 M M 6 1 21 150
10 87 71 79 16 0 14 0.02 0.0 0 5.0 13 150 M M 7 1 17 120
11 85 63 74 11 0 9 0.00 0.0 0 4.7 14 30 M M 3 1 17 20
12 85 60 73 10 0 8 0.00 0.0 0 5.7 13 140 M M 2 1 15 150
13 79 70 75 13 0 10 T 0.0 0 6.9 16 130 M M 9 18 22 140
14 87 70 79 17 0 14 0.00 0.0 0 10.8 23 170 M M 5 1 27 170
15 77 52 65 3 0 0 T 0.0 0 10.4 30 20 M M 4 38 20
16 74 44 59 -2 6 0 0.00 0.0 0 4.6 15 70 M M 0 19 70
17 78 42 60 -1 5 0 0.00 0.0 0 4.0 14 70 M M 0 8 18 60
18 77 45 61 0 4 0 0.00 0.0 0 6.3 13 110 M M 0 18 120
19 82 57 70 10 0 5 0.00 0.0 0 7.6 15 170 M M 4 1 19 150
20 83 66 75 15 0 10 T 0.0 0 7.3 16 140 M M 8 12 21 120
21 81 67 74 14 0 9 0.00 0.0 0 6.6 13 140 M M 7 1 17 130
22 84 64 74 14 0 9 0.00 0.0 0 4.1 15 30 M M 8 19 30
23 67 61 64 5 1 0 0.00 0.0 0 8.2 15 30 M M 9 18 30
24 82 58 70 11 0 5 T 0.0 0 10.3 24 170 M M 7 1 29 180
25 74 53 64 5 1 0 0.04 0.0 0 7.7 16 340 M M 5 1 21 350
26 79 51 65 7 0 0 0.00 0.0 0 5.6 12 90 M M 4 16 90
27 81 68 75 17 0 10 3.24 0.0 0 6.4 29 300 M M 10 123 38 280
28 68 64 66 8 0 1 1.97 0.0 0 7.5 14 100 M M 10 1 19 110
29 64 49 57 0 8 0 0.20 0.0 0 13.9 24 360 M M 8 1 34 350
30 56 35 46 -11 19 0 0.00 0.0 0 10.9 23 350 M M 0 30 320
================================================================================
SM 2356 1695 53 136 5.47 0.0 201.8 M 123
================================================================================
AV 78.5 56.5 6.7 FASTST M M 4 MAX(MPH)
MISC ----> 30 20 # 38 20
================================================================================
NOTES:
# LAST OF SEVERAL OCCURRENCES
COLUMN 17 PEAK WIND IN M.P.H.
PRELIMINARY LOCAL CLIMATOLOGICAL DATA (WS FORM: F-6) , PAGE 2
STATION: SUGAR LAND/HULL FLD
MONTH: NOVEMBER
YEAR: 2020
LATITUDE: 29 37 N
LONGITUDE: 95 39 W
[TEMPERATURE DATA] [PRECIPITATION DATA] SYMBOLS USED IN COLUMN 16
AVERAGE MONTHLY: 67.5 TOTAL FOR MONTH: 5.47 1 = FOG OR MIST
DPTR FM NORMAL: 5.9 DPTR FM NORMAL: 0.88 2 = FOG REDUCING VISIBILITY
HIGHEST: 87 ON 14,10 GRTST 24HR 4.33 ON 27-28 TO 1/4 MILE OR LESS
LOWEST: 35 ON 30 3 = THUNDER
SNOW, ICE PELLETS, HAIL 4 = ICE PELLETS
TOTAL MONTH: 0.0 INCH 5 = HAIL
GRTST 24HR 0.0 6 = FREEZING RAIN OR DRIZZLE
GRTST DEPTH: 0 7 = DUSTSTORM OR SANDSTORM:
VSBY 1/2 MILE OR LESS
8 = SMOKE OR HAZE
[NO. OF DAYS WITH] [WEATHER - DAYS WITH] 9 = BLOWING SNOW
X = TORNADO
MAX 32 OR BELOW: 0 0.01 INCH OR MORE: 5
MAX 90 OR ABOVE: 0 0.10 INCH OR MORE: 3
MIN 32 OR BELOW: 0 0.50 INCH OR MORE: 2
MIN 0 OR BELOW: 0 1.00 INCH OR MORE: 2
[HDD (BASE 65) ]
TOTAL THIS MO. 53 CLEAR (SCALE 0-3) 13
DPTR FM NORMAL -105 PTCLDY (SCALE 4-7) 12
TOTAL FM JUL 1 96 CLOUDY (SCALE 8-10) 5
DPTR FM NORMAL -89
[CDD (BASE 65) ]
TOTAL THIS MO. 136
DPTR FM NORMAL 80 [PRESSURE DATA]
TOTAL FM JAN 1 3593 HIGHEST SLP 30.51 ON 2
DPTR FM NORMAL 676 LOWEST SLP 29.79 ON 10
[REMARKS]
#FINAL-11-20#