000
CXUS55 KBYZ 011000
CF6SHR
PRELIMINARY LOCAL CLIMATOLOGICAL DATA (WS FORM: F-6)
STATION: SHERIDAN WY
MONTH: OCTOBER
YEAR: 2023
LATITUDE: 44 46 N
LONGITUDE: 106 58 W
TEMPERATURE IN F: :PCPN: SNOW: WIND :SUNSHINE: SKY :PK WND
================================================================================
1 2 3 4 5 6A 6B 7 8 9 10 11 12 13 14 15 16 17 18
12Z AVG MX 2MIN
DY MAX MIN AVG DEP HDD CDD WTR SNW DPTH SPD SPD DIR MIN PSBL S-S WX SPD DR
================================================================================
1 57 47 52 0 13 0 0.00 M M 9.9 18 290 M M 7 25 310
2 64 47 56 4 9 0 0.12 M M 5.3 20 320 M M 6 13 27 310
3 58 39 49 -2 16 0 0.13 M M 14.4 31 310 M M 8 13 41 310
4 63 39 51 0 14 0 0.12 M M 5.8 29 350 M M 9 1 36 340
5 60 43 52 2 13 0 0.02 M M 6.2 20 320 M M 9 25 330
6 56 33 45 -5 20 0 0.00 M M 4.6 21 330 M M 2 28 330
7 74 33 54 4 11 0 0.00 M M 1.7 7 260 M M 0 18 9 40
8 77 35 56 7 9 0 0.00 M M 1.5 8 100 M M 0 11 130
9 81 36 59 11 6 0 0.00 M M 2.0 8 10 M M 0 11 150
10 78 37 58 10 7 0 T M M 2.9 18 180 M M 1 33 160
11 67 43 55 7 10 0 0.09 M M 5.7 16 290 M M 8 1 22 290
12 48 41 45 -2 20 0 1.48 M M 10.6 26 290 M M 10 1 34 290
13 47 32 40 -7 25 0 0.15 M M 3.5 9 310 M M 9 1 13 310
14 59 26 43 -3 22 0 0.00 M M 1.4 8 110 M M 0 12 140
15 70 32 51 5 14 0 0.00 M M 1.2 7 200 M M 1 8 200
16 77 36 57 12 8 0 0.00 M M 3.0 12 140 M M 0 17 130
17 78 39 59 14 6 0 T M M 6.7 31 320 M M 2 42 330
18 66 37 52 8 13 0 0.00 M M 5.7 16 320 M M 0 21 320
19 82 44 63 19 2 0 0.00 M M 6.7 20 330 M M 0 27 320
20 80 43 62 18 3 0 0.00 M M 3.1 14 260 M M 0 17 260
21 65 36 51 8 14 0 0.00 M M 3.6 14 330 M M 0 8 17 340
22 70 37 54 11 11 0 0.00 M M 3.2 20 320 M M 0 22 310
23 50 42 46 4 19 0 0.32 M M 6.3 20 300 M M 8 1 25 290
24 54 42 48 6 17 0 0.08 M M 5.5 15 270 M M 9 1 19 280
25 46 19 33 -9 32 0 0.10 M M 14.4 26 300 M M 10 16 35 300
26 19 -2 9 -32 56 0 0.41 M M 7.7 18 310 M M 9 12 25 310
27 23 -1 11 -30 54 0 0.04 M M 4.1 10 320 M M 7 1 13 300
28 28 9 19 -21 46 0 T M M 2.4 13 290 M M 5 18 18 300
29 30 11 21 -19 44 0 T M M 11.6 24 320 M M 5 1 32 300
30 42 8 25 -15 40 0 0.00 M M 7.4 30 330 M M 1 38 320
31 52 18 35 -4 30 0 0.00 M M 1.6 7 200 M M 2 8 200
================================================================================
SM 1821 981 604 0 3.06 M 169.7 M 128
================================================================================
AV 58.7 31.6 5.5 FASTST M M 4 MAX(MPH)
MISC ----> # 31 310 42 330
================================================================================
NOTES:
# LAST OF SEVERAL OCCURRENCES
COLUMN 17 PEAK WIND IN M.P.H.
PRELIMINARY LOCAL CLIMATOLOGICAL DATA (WS FORM: F-6) , PAGE 2
STATION: SHERIDAN WY
MONTH: OCTOBER
YEAR: 2023
LATITUDE: 44 46 N
LONGITUDE: 106 58 W
[TEMPERATURE DATA] [PRECIPITATION DATA] SYMBOLS USED IN COLUMN 16
AVERAGE MONTHLY: 45.2 TOTAL FOR MONTH: 3.06 1 = FOG OR MIST
DPTR FM NORMAL: -0.2 DPTR FM NORMAL: 1.49 2 = FOG REDUCING VISIBILITY
HIGHEST: 82 ON 19 GRTST 24HR 1.55 ON 11-12 TO 1/4 MILE OR LESS
LOWEST: -2 ON 26 3 = THUNDER
SNOW, ICE PELLETS, HAIL 4 = ICE PELLETS
TOTAL MONTH: M 5 = HAIL
GRTST 24HR M ON M 6 = FREEZING RAIN OR DRIZZLE
GRTST DEPTH: M ON M 7 = DUSTSTORM OR SANDSTORM:
VSBY 1/2 MILE OR LESS
8 = SMOKE OR HAZE
[NO. OF DAYS WITH] [WEATHER - DAYS WITH] 9 = BLOWING SNOW
X = TORNADO
MAX 32 OR BELOW: 4 0.01 INCH OR MORE: 12
MAX 90 OR ABOVE: 0 0.10 INCH OR MORE: 8
MIN 32 OR BELOW: 10 0.50 INCH OR MORE: 1
MIN 0 OR BELOW: 2 1.00 INCH OR MORE: 1
[HDD (BASE 65) ]
TOTAL THIS MO. 604 CLEAR (SCALE 0-3) 16
DPTR FM NORMAL -4 PTCLDY (SCALE 4-7) 7
TOTAL FM JUL 1 743 CLOUDY (SCALE 8-10) 8
DPTR FM NORMAL -138
[CDD (BASE 65) ]
TOTAL THIS MO. 0
DPTR FM NORMAL -2 [PRESSURE DATA]
TOTAL FM JAN 1 385 HIGHEST SLP 30.65 ON 29
DPTR FM NORMAL -57 LOWEST SLP 29.38 ON 11
[REMARKS]
#FINAL-10-23#