000
CXUS54 KSHV 081427
CF6SHV
PRELIMINARY LOCAL CLIMATOLOGICAL DATA (WS FORM: F-6)
STATION: SHREVEPORT
MONTH: JULY
YEAR: 2023
LATITUDE: 32 28 N
LONGITUDE: 93 49 W
TEMPERATURE IN F: :PCPN: SNOW: WIND :SUNSHINE: SKY :PK WND
================================================================================
1 2 3 4 5 6A 6B 7 8 9 10 11 12 13 14 15 16 17 18
12Z AVG MX 2MIN
DY MAX MIN AVG DEP HDD CDD WTR SNW DPTH SPD SPD DIR MIN PSBL S-S WX SPD DR
================================================================================
1 96 79 88 5 0 23 0.00 0.0 0 6.4 15 260 M M 6 19 270
2 95 78 87 4 0 22 0.00 0.0 0 6.2 15 240 M M 8 20 230
3 94 73 84 1 0 19 0.28 0.0 0 5.2 31 290 M M 7 3 39 290
4 95 75 85 2 0 20 0.00 0.0 0 5.8 32 250 M M 7 41 320
5 93 75 84 1 0 19 T 0.0 0 6.2 16 240 M M 6 3 20 260
6 97 74 86 3 0 21 0.41 0.0 0 6.4 26 40 M M 5 13 36 40
7 94 73 84 1 0 19 0.00 0.0 0 5.1 16 240 M M 5 1 20 240
8 94 73 84 1 0 19 0.26 0.0 0 8.4 24 320 M M 5 3 34 320
9 92 72 82 -2 0 17 0.01 0.0 0 6.1 23 310 M M 5 1 30 310
10 89 77 83 -1 0 18 0.19 0.0 0 5.2 22 290 M M 7 13 29 290
11 91 78 85 1 0 20 0.11 0.0 0 6.8 17 160 M M 7 13 22 160
12 94 77 86 2 0 21 0.34 0.0 0 6.9 20 40 M M 6 3 28 50
13 97 80 89 5 0 24 0.00 0.0 0 6.2 15 250 M M 5 22 200
14 97 79 88 4 0 23 0.00 0.0 0 5.8 14 210 M M 7 19 220
15 97 80 89 5 0 24 0.00 0.0 0 6.9 16 210 M M 6 23 210
16 95 73 84 0 0 19 0.07 0.0 0 6.9 40 330 M M 7 13 54 310
17 98 72 85 1 0 20 0.00 0.0 0 5.3 14 240 M M 2 20 230
18 100 78 89 5 0 24 0.00 0.0 0 7.9 14 160 M M 2 19 170
19 101 79 90 6 0 25 0.00 0.0 0 7.3 14 160 M M 1 20 230
20 98 79 89 5 0 24 0.00 0.0 0 5.2 16 230 M M 5 21 230
21 98 77 88 4 0 23 0.00 0.0 0 5.8 14 250 M M 3 18 240
22 92 76 84 0 0 19 0.00 0.0 0 6.4 14 360 M M 6 1 21 360
23 94 70 82 -2 0 17 0.00 0.0 0 3.3 14 40 M M 1 21 30
24 98 68 83 -1 0 18 0.00 0.0 0 3.1 12 150 M M 0 16 160
25 100 71 86 2 0 21 0.00 0.0 0 5.4 13 150 M M 2 17 200
26 99 77 88 4 0 23 0.00 0.0 0 6.5 14 180 M M 2 19 180
27 99 74 87 3 0 22 0.00 0.0 0 4.8 14 210 M M 2 18 220
28 100 74 87 2 0 22 0.00 0.0 0 4.4 12 110 M M 1 18 180
29 101 74 88 3 0 23 0.00 0.0 0 3.4 10 200 M M 1 15 220
30 105 77 91 6 0 26 0.00 0.0 0 4.4 14 280 M M 2 18 280
31 101 76 89 4 0 24 0.00 0.0 0 6.4 22 50 M M 6 29 60
================================================================================
SM 2994 2338 0 659 1.67 0.0 180.1 M 135
================================================================================
AV 96.6 75.4 5.8 FASTST M M 4 MAX(MPH)
MISC ----> 40 330 54 310
================================================================================
NOTES:
# LAST OF SEVERAL OCCURRENCES
COLUMN 17 PEAK WIND IN M.P.H.
PRELIMINARY LOCAL CLIMATOLOGICAL DATA (WS FORM: F-6) , PAGE 2
STATION: SHREVEPORT
MONTH: JULY
YEAR: 2023
LATITUDE: 32 28 N
LONGITUDE: 93 49 W
[TEMPERATURE DATA] [PRECIPITATION DATA] SYMBOLS USED IN COLUMN 16
AVERAGE MONTHLY: 86.0 TOTAL FOR MONTH: 1.67 1 = FOG OR MIST
DPTR FM NORMAL: 2.1 DPTR FM NORMAL: -1.83 2 = FOG REDUCING VISIBILITY
HIGHEST: 105 ON 30 GRTST 24HR 0.41 ON 6- 6 TO 1/4 MILE OR LESS
LOWEST: 68 ON 24 3 = THUNDER
SNOW, ICE PELLETS, HAIL 4 = ICE PELLETS
TOTAL MONTH: 0.0 INCH 5 = HAIL
GRTST 24HR 0.0 6 = FREEZING RAIN OR DRIZZLE
GRTST DEPTH: 0 7 = DUSTSTORM OR SANDSTORM:
VSBY 1/2 MILE OR LESS
8 = SMOKE OR HAZE
[NO. OF DAYS WITH] [WEATHER - DAYS WITH] 9 = BLOWING SNOW
X = TORNADO
MAX 32 OR BELOW: 0 0.01 INCH OR MORE: 8
MAX 90 OR ABOVE: 30 0.10 INCH OR MORE: 6
MIN 32 OR BELOW: 0 0.50 INCH OR MORE: 0
MIN 0 OR BELOW: 0 1.00 INCH OR MORE: 0
[HDD (BASE 65) ]
TOTAL THIS MO. 0 CLEAR (SCALE 0-3) 12
DPTR FM NORMAL 0 PTCLDY (SCALE 4-7) 19
TOTAL FM JUL 1 0 CLOUDY (SCALE 8-10) 0
DPTR FM NORMAL 0
[CDD (BASE 65) ]
TOTAL THIS MO. 659
DPTR FM NORMAL 73 [PRESSURE DATA]
TOTAL FM JAN 1 1736 HIGHEST SLP M ON M
DPTR FM NORMAL 227 LOWEST SLP 29.84 ON 8
[REMARKS]
#FINAL-07-23#