000
CXUS54 KSJT 011517
CLMSJT
CLIMATE REPORT
NATIONAL WEATHER SERVICE SAN ANGELO TX
1017 AM CDT MON MAY 01 2023
...................................
...THE SAN ANGELO CLIMATE SUMMARY FOR THE MONTH OF APRIL 2023...
CLIMATE NORMAL PERIOD: 1991 TO 2020
CLIMATE RECORD PERIOD: 1907 TO 2023
WEATHER OBSERVED NORMAL DEPART LAST YEAR`S
VALUE DATE(S) VALUE FROM VALUE DATE(S)
NORMAL
................................................................
TEMPERATURE (F)
RECORD
HIGH 107 04/19/1925
LOW 25 04/09/1973
HIGHEST 96 04/03 98 04/29
04/30
LOWEST 40 04/01 33 04/08
04/16
AVG. MAXIMUM 82.5 81.7 0.8 86.0
AVG. MINIMUM 52.1 52.5 -0.4 56.1
MEAN 67.3 67.1 0.2 71.1
DAYS MAX >= 90 8 5.9 2.1 11
DAYS MAX <= 32 0 0.0 0.0 0
DAYS MIN <= 32 0 0.6 -0.6 0
DAYS MIN <= 0 0 0.0 0.0 0
PRECIPITATION (INCHES)
RECORD
MAXIMUM 6.54 1908
MINIMUM 0.00 1920
TOTALS 0.20 1.47 -1.27 0.13
DAILY AVG. 0.01 0.05 -0.04 0.00
DAYS >= .01 2 4.4 -2.4 4
DAYS >= .10 1 2.2 -1.2 0
DAYS >= .50 0 1.0 -1.0 0
DAYS >= 1.00 0 0.5 -0.5 0
GREATEST
24 HR. TOTAL 0.18 04/10 TO 04/10 0.07 04/19 TO 04/19
SNOWFALL (INCHES)
RECORDS
TOTAL 2.0 1938
TOTALS 0.0 MM MM 0.0
SINCE 7/1 T MM MM MM
SNOWDEPTH AVG. 0 0
DAYS >= 1.0 0 MM MM 0
GREATEST
SNOW DEPTH 0 0 MM
DEGREE DAYS
HEATING TOTAL 57 75 -18 27
SINCE 7/1 1980 2120 -140 MM
COOLING TOTAL 136 138 -2 215
SINCE 1/1 190 194 -4 MM
................................................................
WIND (MPH)
AVERAGE WIND SPEED 11.0
HIGHEST WIND SPEED/DIRECTION 33/330 DATE 04/28
HIGHEST GUST SPEED/DIRECTION 45/340 DATE 04/28
SKY COVER
AVERAGE SKY COVER 0.24
AVERAGE RH (PERCENT) 49
WEATHER CONDITIONS. NUMBER OF DAYS WITH
THUNDERSTORM 2 MIXED PRECIP 0
HEAVY RAIN 0 RAIN 1
LIGHT RAIN 3 FREEZING RAIN 0
LT FREEZING RAIN 0 HAIL 0
HEAVY SNOW 0 SNOW 0
LIGHT SNOW 0 SLEET 0
FOG 4 FOG W/VIS <= 1/4 MILE 0
HAZE 2
- INDICATES NEGATIVE NUMBERS.
R INDICATES RECORD WAS SET OR TIED.
MM INDICATES DATA IS MISSING.
T INDICATES TRACE AMOUNT.
$$