000
CXUS56 KSLC 010830
CF6SLC
PRELIMINARY LOCAL CLIMATOLOGICAL DATA (WS FORM: F-6)
STATION: SALT LAKE CITY UT
MONTH: DECEMBER
YEAR: 2020
LATITUDE: 40 46 N
LONGITUDE: 111 58 W
TEMPERATURE IN F: :PCPN: SNOW: WIND :SUNSHINE: SKY :PK WND
================================================================================
1 2 3 4 5 6A 6B 7 8 9 10 11 12 13 14 15 16 17 18
12Z AVG MX 2MIN
DY MAX MIN AVG DEP HDD CDD WTR SNW DPTH SPD SPD DIR MIN PSBL S-S WX SPD DR
================================================================================
1 40 25 33 0 32 0 0.00 0.0 0 6.1 16 310 M M 2 19 320
2 41 21 31 -2 34 0 0.00 0.0 0 4.1 14 140 M M 0 17 130
3 39 20 30 -3 35 0 0.00 0.0 0 4.1 9 320 M M 0 11 300
4 37 18 28 -4 37 0 0.00 0.0 0 4.0 9 330 M M 0 13 320
5 40 19 30 -2 35 0 0.00 0.0 0 3.3 8 290 M M 0 10 140
6 42 19 31 -1 34 0 0.00 0.0 0 3.9 10 300 M M 0 18 12 300
7 43 19 31 -1 34 0 0.00 0.0 0 2.7 14 330 M M 0 18 15 330
8 42 20 31 0 34 0 0.00 0.0 0 2.3 9 130 M M 0 18 11 320
9 39 19 29 -2 36 0 0.00 0.0 0 4.2 10 350 M M 0 18 11 350
10 36 20 28 -3 37 0 0.00 0.0 0 2.8 13 320 M M 3 18 17 310
11 35 20 28 -3 37 0 T T 0 4.0 13 330 M M 6 18 16 320
12 32 18 25 -5 40 0 0.08 0.7 T 9.3 22 320 M M 5 1 27 330
13 31 16 24 -6 41 0 0.00 0.0 M 7.7 16 150 M M 3 20 160
14 28 23 26 -4 39 0 0.05 0.8 T 6.8 13 310 M M 10 1 16 320
15 35 20 28 -2 37 0 T T 1 2.4 9 150 M M 9 12 120
16 43 28 36 6 29 0 0.00 0.0 0 6.3 12 150 M M 6 17 130
17 38 30 34 4 31 0 0.21 0.3 T 8.7 21 180 M M 9 1 29 160
18 35 30 33 3 32 0 T T 0 5.5 13 310 M M 9 1 15 310
19 42 25 34 4 31 0 0.00 0.0 0 7.5 15 150 M M 0 20 150
20 42 27 35 6 30 0 0.00 0.0 0 7.6 14 140 M M 8 17 130
21 53 35 44 15 21 0 0.00 0.0 0 5.7 13 160 M M 4 16 140
22 49 30 40 11 25 0 T T 0 15.0 32 310 M M 6 41 320
23 32 21 27 -2 38 0 T T 0 6.0 12 300 M M 3 15 290
24 37 19 28 -1 37 0 0.00 0.0 0 6.4 12 330 M M 0 13 160
25 36 17 27 -2 38 0 0.00 0.0 0 4.8 14 320 M M 1 15 320
26 33 20 27 -2 38 0 T T 0 4.3 13 120 M M 7 1 16 110
27 39 22 31 2 34 0 0.00 0.0 0 3.9 12 330 M M 3 13 320
28 35 21 28 -1 37 0 T T 0 3.9 16 160 M M 7 21 160
29 33 17 25 -4 40 0 0.00 0.0 0 4.6 12 350 M M 1 8 13 360
30 33 18 26 -3 39 0 0.00 0.0 0 8.8 16 150 M M 4 8 21 140
31 34 26 30 1 35 0 T T 0 6.3 16 310 M M 10 18 19 310
================================================================================
SM 1174 683 1077 0 0.34 1.8 173.0 M 116
================================================================================
AV 37.9 22.0 5.6 FASTST M M 4 MAX(MPH)
MISC ----> 32 310 41 320
================================================================================
NOTES:
# LAST OF SEVERAL OCCURRENCES
COLUMN 17 PEAK WIND IN M.P.H.
PRELIMINARY LOCAL CLIMATOLOGICAL DATA (WS FORM: F-6) , PAGE 2
STATION: SALT LAKE CITY UT
MONTH: DECEMBER
YEAR: 2020
LATITUDE: 40 46 N
LONGITUDE: 111 58 W
[TEMPERATURE DATA] [PRECIPITATION DATA] SYMBOLS USED IN COLUMN 16
AVERAGE MONTHLY: 30.0 TOTAL FOR MONTH: 0.34 1 = FOG OR MIST
DPTR FM NORMAL: -0.3 DPTR FM NORMAL: -1.07 2 = FOG REDUCING VISIBILITY
HIGHEST: 53 ON 21 GRTST 24HR 0.21 ON 17-17 TO 1/4 MILE OR LESS
LOWEST: 16 ON 13 3 = THUNDER
SNOW, ICE PELLETS, HAIL 4 = ICE PELLETS
TOTAL MONTH: 1.8 INCHES 5 = HAIL
GRTST 24HR 0.8 ON 14-14 6 = FREEZING RAIN OR DRIZZLE
GRTST DEPTH: 1 ON 15 7 = DUSTSTORM OR SANDSTORM:
VSBY 1/2 MILE OR LESS
8 = SMOKE OR HAZE
[NO. OF DAYS WITH] [WEATHER - DAYS WITH] 9 = BLOWING SNOW
X = TORNADO
MAX 32 OR BELOW: 4 0.01 INCH OR MORE: 3
MAX 90 OR ABOVE: 0 0.10 INCH OR MORE: 1
MIN 32 OR BELOW: 30 0.50 INCH OR MORE: 0
MIN 0 OR BELOW: 0 1.00 INCH OR MORE: 0
[HDD (BASE 65) ]
TOTAL THIS MO. 1077 CLEAR (SCALE 0-3) 15
DPTR FM NORMAL 1 PTCLDY (SCALE 4-7) 10
TOTAL FM JUL 1 2094 CLOUDY (SCALE 8-10) 6
DPTR FM NORMAL -202
[CDD (BASE 65) ]
TOTAL THIS MO. 0
DPTR FM NORMAL 0 [PRESSURE DATA]
TOTAL FM JAN 1 1653 HIGHEST SLP M ON M
DPTR FM NORMAL 493 LOWEST SLP 29.69 ON 22
[REMARKS]
#FINAL-12-20#