000
CXUS56 KPQR 011155
CF6SLE
PRELIMINARY LOCAL CLIMATOLOGICAL DATA (WS FORM: F-6)
STATION: SALEM OR
MONTH: NOVEMBER
YEAR: 2021
LATITUDE: 44 55 N
LONGITUDE: 123 0 W
TEMPERATURE IN F: :PCPN: SNOW: WIND :SUNSHINE: SKY :PK WND
================================================================================
1 2 3 4 5 6A 6B 7 8 9 10 11 12 13 14 15 16 17 18
12Z AVG MX 2MIN
DY MAX MIN AVG DEP HDD CDD WTR SNW DPTH SPD SPD DIR MIN PSBL S-S WX SPD DR
================================================================================
1 56 43 50 0 15 0 0.23 M M 3.0 10 220 M M 9 1 12 210
2 56 49 53 4 12 0 0.01 M M 2.7 7 60 M M 10 12 9 50
3 59 47 53 4 12 0 0.42 M M 3.1 17 270 M M 9 12 23 280
4 61 50 56 7 9 0 0.30 M M 13.1 31 180 M M 9 18 40 180
5 55 43 49 0 16 0 0.31 M M 8.1 16 220 M M 6 1 21 240
6 51 41 46 -2 19 0 0.27 M M 11.0 26 260 M M 8 18 35 240
7 51 42 47 -1 18 0 0.19 M M 10.8 22 170 M M 8 1 29 180
8 54 36 45 -3 20 0 0.07 M M 2.3 7 30 M M 5 12 9 160
9 55 47 51 3 14 0 0.24 M M 11.5 28 190 M M 8 1 38 180
10 57 45 51 3 14 0 0.64 M M 4.9 13 180 M M 9 1 16 160
11 66 54 60 13 5 0 1.05 M M 12.6 23 180 M M 10 1 32 180
12 65 54 60 13 5 0 0.53 M M 8.7 21 180 M M 10 18 30 170
13 63 47 55 8 10 0 0.00 M M 6.1 17 180 M M 9 128 23 190
14 66 55 61 14 4 0 0.00 M M 12.6 22 180 M M 8 27 180
15 62 39 51 5 14 0 0.25 M M 11.7 31 290 M M 4 1 43 300
16 51 36 44 -2 21 0 T M M 3.8 8 180 M M 4 10 170
17 54 34 44 -2 21 0 0.00 M M 5.0 12 330 M M 2 1 14 340
18 55 43 49 3 16 0 0.18 M M 4.8 24 180 M M 9 18 33 180
19 56 42 49 3 16 0 0.06 M M 10.4 28 180 M M 9 38 170
20 53 34 44 -1 21 0 0.00 M M 2.8 13 20 M M 6 15 350
21 44 30 37 -8 28 0 0.00 M M 1.9 9 130 M M 6 128 10 130
22 48 35 42 -3 23 0 0.20 M M 3.4 15 170 M M 9 18 18 170
23 53 36 45 0 20 0 0.20 M M 6.6 16 180 M M 7 1 19 180
24 43 34 39 -5 26 0 0.00 M M 1.2 7 120 M M 8 12 8 120
25 55 37 46 2 19 0 0.06 M M 7.0 22 160 M M 6 1 31 160
26 56 47 52 8 13 0 0.17 M M 8.5 20 160 M M 10 1 27 150
27 65 52 59 15 6 0 0.06 M M 8.9 18 180 M M 9 18 25 190
28 62 52 57 13 8 0 0.00 M M 9.0 17 180 M M 4 21 180
29 62 44 53 10 12 0 0.06 M M 7.1 18 180 M M 7 12 23 190
30 59 48 54 11 11 0 0.00 M M 7.6 15 190 M M 6 1 19 180
================================================================================
SM 1693 1296 448 0 5.50 M 210.2 M 224
================================================================================
AV 56.4 43.2 7.0 FASTST M M 7 MAX(MPH)
MISC ----> # 31 180 43 300
================================================================================
NOTES:
# LAST OF SEVERAL OCCURRENCES
COLUMN 17 PEAK WIND IN M.P.H.
PRELIMINARY LOCAL CLIMATOLOGICAL DATA (WS FORM: F-6) , PAGE 2
STATION: SALEM OR
MONTH: NOVEMBER
YEAR: 2021
LATITUDE: 44 55 N
LONGITUDE: 123 0 W
[TEMPERATURE DATA] [PRECIPITATION DATA] SYMBOLS USED IN COLUMN 16
AVERAGE MONTHLY: 49.8 TOTAL FOR MONTH: 5.50 1 = FOG OR MIST
DPTR FM NORMAL: 3.5 DPTR FM NORMAL: -0.45 2 = FOG REDUCING VISIBILITY
HIGHEST: 66 ON 14,11 GRTST 24HR 1.69 ON 10-11 TO 1/4 MILE OR LESS
LOWEST: 30 ON 21 3 = THUNDER
SNOW, ICE PELLETS, HAIL 4 = ICE PELLETS
TOTAL MONTH: M 5 = HAIL
GRTST 24HR M ON M 6 = FREEZING RAIN OR DRIZZLE
GRTST DEPTH: M ON M 7 = DUSTSTORM OR SANDSTORM:
VSBY 1/2 MILE OR LESS
8 = SMOKE OR HAZE
[NO. OF DAYS WITH] [WEATHER - DAYS WITH] 9 = BLOWING SNOW
X = TORNADO
MAX 32 OR BELOW: 0 0.01 INCH OR MORE: 21
MAX 90 OR ABOVE: 0 0.10 INCH OR MORE: 15
MIN 32 OR BELOW: 1 0.50 INCH OR MORE: 3
MIN 0 OR BELOW: 0 1.00 INCH OR MORE: 1
[HDD (BASE 65) ]
TOTAL THIS MO. 448 CLEAR (SCALE 0-3) 1
DPTR FM NORMAL -113 PTCLDY (SCALE 4-7) 14
TOTAL FM JUL 1 829 CLOUDY (SCALE 8-10) 15
DPTR FM NORMAL -179
[CDD (BASE 65) ]
TOTAL THIS MO. 0
DPTR FM NORMAL 0 [PRESSURE DATA]
TOTAL FM JAN 1 801 HIGHEST SLP 30.51 ON 20
DPTR FM NORMAL 400 LOWEST SLP 29.48 ON 9
[REMARKS]
#FINAL-11-21#