000
CXUS56 KPQR 011200
CF6SLE
PRELIMINARY LOCAL CLIMATOLOGICAL DATA (WS FORM: F-6)
STATION: SALEM OR
MONTH: MARCH
YEAR: 2020
LATITUDE: 44 55 N
LONGITUDE: 123 0 W
TEMPERATURE IN F: :PCPN: SNOW: WIND :SUNSHINE: SKY :PK WND
================================================================================
1 2 3 4 5 6A 6B 7 8 9 10 11 12 13 14 15 16 17 18
12Z AVG MX 2MIN
DY MAX MIN AVG DEP HDD CDD WTR SNW DPTH SPD SPD DIR MIN PSBL S-S WX SPD DR
================================================================================
1 48 30 39 -6 26 0 0.00 M M 3.4 10 20 M M 6 128 14 20
2 50 36 43 -2 22 0 0.00 M M 9.8 20 190 M M 10 26 180
3 60 46 53 8 12 0 0.00 M M 9.0 17 200 M M 7 22 200
4 57 39 48 3 17 0 0.00 M M 3.1 13 220 M M 4 17 200
5 60 33 47 2 18 0 0.00 M M 6.5 14 220 M M 1 17 170
6 47 40 44 -2 21 0 0.42 M M 6.1 14 180 M M 10 18 17 180
7 47 31 39 -7 26 0 0.06 M M 6.0 15 190 M M 8 1 21 190
8 50 29 40 -6 25 0 0.00 M M 3.5 10 350 M M 6 12 15 40
9 57 29 43 -3 22 0 0.00 M M 1.3 8 320 M M 3 12 9 320
10 63 29 46 0 19 0 0.00 M M 1.8 8 310 M M 0 10 10
11 57 34 46 0 19 0 0.00 M M 5.5 13 20 M M 5 17 20
12 54 29 42 -4 23 0 0.00 M M 5.5 16 10 M M 0 24 360
13 41 33 37 -10 28 0 0.28 M M 3.5 9 160 M M 7 1 11 150
14 46 32 39 -8 26 0 0.48 M M 5.8 15 190 M M 9 1 18 200
15 50 30 40 -7 25 0 0.00 M M 9.1 21 20 M M 3 26 10
16 61 31 46 -1 19 0 0.00 M M 10.1 24 40 M M 1 30 10
17 61 28 45 -2 20 0 0.00 M M 3.5 14 270 M M 0 17 270
18 59 37 48 1 17 0 0.00 M M 2.1 8 120 M M 4 10 160
19 63 32 48 1 17 0 0.00 M M 3.2 12 280 M M 1 15 280
20 65 34 50 2 15 0 0.00 M M 4.5 15 360 M M 0 18 360
21 60 34 47 -1 18 0 0.00 M M 3.3 13 20 M M 0 16 30
22 64 32 48 0 17 0 0.00 M M 3.7 15 270 M M 0 20 270
23 52 42 47 -1 18 0 0.11 M M 11.0 22 240 M M 8 1 29 230
24 49 35 42 -6 23 0 0.26 M M 9.3 21 260 M M 9 1 29 260
25 53 35 44 -4 21 0 0.00 M M 4.6 16 290 M M 6 18 280
26 51 33 42 -6 23 0 0.01 M M 4.6 15 180 M M 8 18 200
27 50 41 46 -2 19 0 0.12 M M 9.2 16 180 M M 10 21 160
28 53 46 50 2 15 0 0.09 M M 9.2 17 170 M M 10 1 22 180
29 58 47 53 5 12 0 0.35 M M 10.9 24 180 M M 9 1 33 180
30 50 43 47 -1 18 0 0.51 M M 12.9 28 180 M M 9 1 34 180
31 52 39 46 -3 19 0 0.23 M M 8.4 20 280 M M 5 1 26 280
================================================================================
SM 1688 1089 620 0 2.92 M 190.4 M 159
================================================================================
AV 54.5 35.1 6.1 FASTST M M 5 MAX(MPH)
MISC ----> # 28 180 # 34 180
================================================================================
NOTES:
# LAST OF SEVERAL OCCURRENCES
COLUMN 17 PEAK WIND IN M.P.H.
PRELIMINARY LOCAL CLIMATOLOGICAL DATA (WS FORM: F-6) , PAGE 2
STATION: SALEM OR
MONTH: MARCH
YEAR: 2020
LATITUDE: 44 55 N
LONGITUDE: 123 0 W
[TEMPERATURE DATA] [PRECIPITATION DATA] SYMBOLS USED IN COLUMN 16
AVERAGE MONTHLY: 44.8 TOTAL FOR MONTH: 2.92 1 = FOG OR MIST
DPTR FM NORMAL: -2.1 DPTR FM NORMAL: -1.07 2 = FOG REDUCING VISIBILITY
HIGHEST: 65 ON 20 GRTST 24HR 0.51 ON 30-30 TO 1/4 MILE OR LESS
LOWEST: 28 ON 17 3 = THUNDER
SNOW, ICE PELLETS, HAIL 4 = ICE PELLETS
TOTAL MONTH: M 5 = HAIL
GRTST 24HR M ON M 6 = FREEZING RAIN OR DRIZZLE
GRTST DEPTH: M ON M 7 = DUSTSTORM OR SANDSTORM:
VSBY 1/2 MILE OR LESS
8 = SMOKE OR HAZE
[NO. OF DAYS WITH] [WEATHER - DAYS WITH] 9 = BLOWING SNOW
X = TORNADO
MAX 32 OR BELOW: 0 0.01 INCH OR MORE: 12
MAX 90 OR ABOVE: 0 0.10 INCH OR MORE: 9
MIN 32 OR BELOW: 12 0.50 INCH OR MORE: 1
MIN 0 OR BELOW: 0 1.00 INCH OR MORE: 0
[HDD (BASE 65) ]
TOTAL THIS MO. 620 CLEAR (SCALE 0-3) 10
DPTR FM NORMAL 57 PTCLDY (SCALE 4-7) 12
TOTAL FM JUL 1 3814 CLOUDY (SCALE 8-10) 9
DPTR FM NORMAL 11
[CDD (BASE 65) ]
TOTAL THIS MO. 0
DPTR FM NORMAL 0 [PRESSURE DATA]
TOTAL FM JAN 1 0 HIGHEST SLP 30.44 ON 2
DPTR FM NORMAL 0 LOWEST SLP 29.57 ON 14
[REMARKS]
#FINAL-03-20#