000
CXUS51 KBTV 011345
CLMSLK
CLIMATE REPORT
NATIONAL WEATHER SERVICE BURLINGTON VT
845 AM EST FRI MAR 01 2024
...................................
...THE SARANAC LAKE NY CLIMATE SUMMARY FOR THE MONTH OF FEBRUARY 2024...
CLIMATE NORMAL PERIOD: 1991 TO 2020
CLIMATE RECORD PERIOD: 1903 TO 2024
WEATHER OBSERVED NORMAL DEPART LAST YEAR`S
VALUE DATE(S) VALUE FROM VALUE DATE(S)
NORMAL
................................................................
TEMPERATURE (F)
RECORD
HIGH 65
LOW -33
HIGHEST 61 02/27 MM MM 52 02/15
LOWEST -7 02/15 MM MM -33 02/04
02/20
AVG. MAXIMUM 34.4 27.6 6.8 31.8
AVG. MINIMUM 10.6 2.9 7.7 6.1
MEAN 22.5 15.3 7.2 19.0
DAYS MAX >= 90 0 0.0 0.0 0
DAYS MAX <= 32 13 19.1 -6.1 14
DAYS MIN <= 32 28 27.6 0.4 28
DAYS MIN <= 0 7 12.2 -5.2 8
PRECIPITATION (INCHES)
RECORD
MAXIMUM 6.84 1960
MINIMUM 0.25 1937
TOTALS 0.35 1.50 -1.15 1.67
DAILY AVG. 0.01 NAN NAN 0.06
DAYS >= .01 7 13.0 -6.0 15
DAYS >= .10 2 3.9 -1.9 5
DAYS >= .50 0 0.6 -0.6 1
DAYS >= 1.00 0 0.1 -0.1 0
GREATEST
24 HR. TOTAL 0.14 02/15 TO 02/16 0.92 02/09 TO 02/10
STORM TOTAL 0.12 0.80
(MM/DD(HH)) MM
DEGREE DAYS
HEATING TOTAL 1228 1393 -165 1282
SINCE 7/1 5684 6670 -986 MM
COOLING TOTAL 0 0 0 0
SINCE 1/1 0 0 0 MM
................................................................
WIND (MPH)
AVERAGE WIND SPEED 5.8
HIGHEST WIND SPEED/DIRECTION 29/240 DATE 02/28
HIGHEST GUST SPEED/DIRECTION 49/230 DATE 02/28
SKY COVER
POSSIBLE SUNSHINE (PERCENT) MM
AVERAGE SKY COVER 0.59
NUMBER OF DAYS FAIR 8
NUMBER OF DAYS PC 9
NUMBER OF DAYS CLOUDY 12
AVERAGE RH (PERCENT) 70
WEATHER CONDITIONS. NUMBER OF DAYS WITH
THUNDERSTORM 0 MIXED PRECIP 0
HEAVY RAIN 0 RAIN 1
LIGHT RAIN 1 FREEZING RAIN 0
LT FREEZING RAIN 0 HAIL 0
HEAVY SNOW 0 SNOW 5
LIGHT SNOW 13 SLEET 0
FOG 16 FOG W/VIS <= 1/4 MILE 0
HAZE 11
- INDICATES NEGATIVE NUMBERS.
R INDICATES RECORD WAS SET OR TIED.
MM INDICATES DATA IS MISSING.
T INDICATES TRACE AMOUNT.
$$