000
CXUS53 KICT 031928
CF6SLN
PRELIMINARY LOCAL CLIMATOLOGICAL DATA (WS FORM: F-6)
STATION: SALINA KS
MONTH: JULY
YEAR: 2021
LATITUDE: 38 47 N
LONGITUDE: 97 39 W
TEMPERATURE IN F: :PCPN: SNOW: WIND :SUNSHINE: SKY :PK WND
================================================================================
1 2 3 4 5 6A 6B 7 8 9 10 11 12 13 14 15 16 17 18
12Z AVG MX 2MIN
DY MAX MIN AVG DEP HDD CDD WTR SNW DPTH SPD SPD DIR MIN PSBL S-S WX SPD DR
================================================================================
1 87 71 79 -1 0 14 0.00 M M 6.4 16 40 M M 1 23 80
2 89 65 77 -3 0 12 0.00 M M 6.2 15 120 M M 3 21 120
3 91 60 76 -4 0 11 0.00 M M 7.1 17 190 M M 1 26 220
4 91 61 76 -4 0 11 0.00 M M 10.1 20 200 M M 1 24 170
5 92 65 79 -1 0 14 0.00 M M 8.1 16 130 M M 2 21 160
6 93 63 78 -2 0 13 0.00 M M 7.2 16 170 M M 2 23 200
7 88 71 80 -1 0 15 0.18 M M 10.4 21 10 M M 5 1 26 360
8 94 62 78 -3 0 13 0.00 M M 6.9 17 170 M M 0 1 24 160
9 101 72 87 6 0 22 T M M 14.4 28 200 M M 1 3 36 190
10 91 69 80 -1 0 15 T M M 15.0 36 350 M M 2 3 46 350
11 84 63 74 -7 0 9 0.00 M M 13.4 23 350 M M 6 33 360
12 88 57 73 -8 0 8 0.00 M M 4.7 12 120 M M 0 18 60
13 99 61 80 -1 0 15 0.00 M M 10.5 18 170 M M 0 27 190
14 98 76 87 6 0 22 T M M 17.2 28 190 M M 1 39 170
15 83 70 77 -4 0 12 1.12 M M 10.3 22 190 M M 6 13 33 200
16 88 68 78 -3 0 13 0.00 M M 6.7 14 60 M M 5 12 19 60
17 87 73 80 -1 0 15 0.00 M M 7.4 17 340 M M 2 3 22 350
18 86 70 78 -3 0 13 T M M 8.1 14 70 M M 4 19 60
19 85 65 75 -6 0 10 0.00 M M 6.1 15 50 M M 1 25 50
20 87 64 76 -5 0 11 0.00 M M 6.0 13 130 M M 1 17 60
21 89 62 76 -5 0 11 0.00 M M 7.9 18 150 M M 1 1 26 150
22 92 61 77 -4 0 12 0.00 M M 11.5 21 200 M M 1 18 27 200
23 98 71 85 4 0 20 0.00 M M 12.0 22 200 M M 2 31 170
24 101 73 87 6 0 22 0.00 M M 7.7 16 190 M M 1 25 190
25 92 72 82 1 0 17 0.00 M M 9.0 36 20 M M 3 51 20
26 94 69 82 1 0 17 0.14 M M 7.3 26 220 M M 2 138 36 200
27 98 67 83 2 0 18 0.00 M M 4.6 15 210 M M 0 19 200
28 100 71 86 5 0 21 0.00 M M 8.3 18 170 M M 0 27 160
29 102 72 87 6 0 22 0.00 M M 7.5 15 200 M M 0 21 210
30 103 74 89 8 0 24 0.00 M M 8.3 15 170 M M 1 21 170
31 91 74 83 2 0 18 0.00 M M 10.0 22 20 M M 1 28 30
================================================================================
SM 2862 2092 0 470 1.44 M 276.3 M 56
================================================================================
AV 92.3 67.5 8.9 FASTST M M 2 MAX(MPH)
MISC ----> # 36 350 51 20
================================================================================
NOTES:
# LAST OF SEVERAL OCCURRENCES
COLUMN 17 PEAK WIND IN M.P.H.
PRELIMINARY LOCAL CLIMATOLOGICAL DATA (WS FORM: F-6) , PAGE 2
STATION: SALINA KS
MONTH: JULY
YEAR: 2021
LATITUDE: 38 47 N
LONGITUDE: 97 39 W
[TEMPERATURE DATA] [PRECIPITATION DATA] SYMBOLS USED IN COLUMN 16
AVERAGE MONTHLY: 79.9 TOTAL FOR MONTH: 1.44 1 = FOG OR MIST
DPTR FM NORMAL: -1.0 DPTR FM NORMAL: -2.48 2 = FOG REDUCING VISIBILITY
HIGHEST: 103 ON 30 GRTST 24HR 1.12 ON 14-15 TO 1/4 MILE OR LESS
LOWEST: 57 ON 12 3 = THUNDER
SNOW, ICE PELLETS, HAIL 4 = ICE PELLETS
TOTAL MONTH: M 5 = HAIL
GRTST 24HR M ON M 6 = FREEZING RAIN OR DRIZZLE
GRTST DEPTH: M ON M 7 = DUSTSTORM OR SANDSTORM:
VSBY 1/2 MILE OR LESS
8 = SMOKE OR HAZE
[NO. OF DAYS WITH] [WEATHER - DAYS WITH] 9 = BLOWING SNOW
X = TORNADO
MAX 32 OR BELOW: 0 0.01 INCH OR MORE: 3
MAX 90 OR ABOVE: 19 0.10 INCH OR MORE: 3
MIN 32 OR BELOW: 0 0.50 INCH OR MORE: 1
MIN 0 OR BELOW: 0 1.00 INCH OR MORE: 1
[HDD (BASE 65) ]
TOTAL THIS MO. 0 CLEAR (SCALE 0-3) 25
DPTR FM NORMAL 0 PTCLDY (SCALE 4-7) 6
TOTAL FM JUL 1 0 CLOUDY (SCALE 8-10) 0
DPTR FM NORMAL 0
[CDD (BASE 65) ]
TOTAL THIS MO. 470
DPTR FM NORMAL -24 [PRESSURE DATA]
TOTAL FM JAN 1 978 HIGHEST SLP 30.17 ON 20
DPTR FM NORMAL 12 LOWEST SLP 29.75 ON 10
[REMARKS]
#FINAL-07-21#