000
CXUS56 KSGX 011145
CF6SNA
PRELIMINARY LOCAL CLIMATOLOGICAL DATA (WS FORM: F-6)
STATION: JOHN WAYNE AIRPORT CA
MONTH: DECEMBER
YEAR: 2023
LATITUDE: 33 40 N
LONGITUDE: 117 53 W
TEMPERATURE IN F: :PCPN: SNOW: WIND :SUNSHINE: SKY :PK WND
================================================================================
1 2 3 4 5 6A 6B 7 8 9 10 11 12 13 14 15 16 17 18
12Z AVG MX 2MIN
DY MAX MIN AVG DEP HDD CDD WTR SNW DPTH SPD SPD DIR MIN PSBL S-S WX SPD DR
================================================================================
1 68 51 60 1 5 0 0.00 M M 3.0 12 230 M M 3 15 230
2 66 50 58 -1 7 0 0.00 M M 3.6 12 210 M M 2 14 210
3 69 49 59 0 6 0 0.00 M M 2.3 8 210 M M 1 12 220
4 74 52 63 5 2 0 0.00 M M 2.0 9 200 M M 3 11 200
5 79 53 66 8 0 1 0.00 M M 2.2 10 190 M M 1 12 190
6 74 53 64 6 1 0 0.00 M M 3.5 12 200 M M 2 1 14 200
7 67 56 62 4 3 0 0.00 M M 4.6 13 200 M M 6 16 180
8 67 51 59 1 6 0 0.00 M M 3.1 10 200 M M 2 14 200
9 76 48 62 4 3 0 0.00 M M 5.3 17 50 M M 1 25 80
10 76 46 61 3 4 0 0.00 M M 2.3 9 200 M M 1 11 100
11 71 48 60 2 5 0 0.00 M M 2.3 10 200 M M 3 13 200
12 65 47 56 -1 9 0 0.00 M M 3.5 10 210 M M 1 13 210
13 70 51 61 4 4 0 0.00 M M 2.1 9 220 M M 2 8 12 220
14 76 49 63 6 2 0 0.00 M M 2.1 9 200 M M 3 18 10 210
15 78 48 63 6 2 0 0.00 M M 1.9 10 210 M M 2 12 230
16 79 50 65 8 0 0 0.00 M M 1.7 9 230 M M 4 14 220
17 77 50 64 7 1 0 0.00 M M 2.8 10 210 M M 6 12 200
18 74 58 66 9 0 1 0.01 M M 3.2 16 110 M M 6 8 21 110
19 67 60 64 7 1 0 0.05 M M 3.6 10 200 M M 10 1 14 200
20 69 61 65 8 0 0 0.31 M M 6.3 15 160 M M 9 1 20 150
21 71 60 66 9 0 1 0.27 M M 5.4 16 170 M M 9 13 24 160
22 67 58 63 6 2 0 0.50 M M 4.4 16 80 M M 6 1 23 90
23 66 55 61 4 4 0 0.00 M M 4.2 13 210 M M 4 17 210
24 68 53 61 4 4 0 0.00 M M 1.6 12 200 M M 4 14 210
25 67 49 58 1 7 0 0.00 M M 2.0 9 250 M M 2 18 12 220
26 67 51 59 2 6 0 0.00 M M 1.4 7 210 M M 5 18 9 270
27 65 53 59 2 6 0 0.00 M M 1.7 12 100 M M 6 18 12 100
28 68 56 62 5 3 0 0.00 M M 2.2 9 60 M M 6 18 12 350
29 66 52 59 2 6 0 0.00 M M 2.3 10 210 M M 7 18 13 210
30 65 57 61 4 4 0 0.32 0.0 0 4.6 14 190 M M 7 1 18 250
31 62 54 58 1 7 0 0.11 0.0 0 2.8 9 120 M M 8 1 11 100
================================================================================
SM 2174 1629 110 3 1.57 0.0 94.0 M 132
================================================================================
AV 70.1 52.5 3.0 FASTST M M 4 MAX(MPH)
MISC ----> 17 50 25 80
================================================================================
NOTES:
# LAST OF SEVERAL OCCURRENCES
COLUMN 17 PEAK WIND IN M.P.H.
PRELIMINARY LOCAL CLIMATOLOGICAL DATA (WS FORM: F-6) , PAGE 2
STATION: JOHN WAYNE AIRPORT CA
MONTH: DECEMBER
YEAR: 2023
LATITUDE: 33 40 N
LONGITUDE: 117 53 W
[TEMPERATURE DATA] [PRECIPITATION DATA] SYMBOLS USED IN COLUMN 16
AVERAGE MONTHLY: 61.3 TOTAL FOR MONTH: 1.57 1 = FOG OR MIST
DPTR FM NORMAL: 3.9 DPTR FM NORMAL: -0.47 2 = FOG REDUCING VISIBILITY
HIGHEST: 79 ON 16, 5 GRTST 24HR 0.76 ON 21-22 TO 1/4 MILE OR LESS
LOWEST: 46 ON 10 3 = THUNDER
SNOW, ICE PELLETS, HAIL 4 = ICE PELLETS
TOTAL MONTH: 0.0 INCH 5 = HAIL
GRTST 24HR 0.0 6 = FREEZING RAIN OR DRIZZLE
GRTST DEPTH: 0 7 = DUSTSTORM OR SANDSTORM:
VSBY 1/2 MILE OR LESS
8 = SMOKE OR HAZE
[NO. OF DAYS WITH] [WEATHER - DAYS WITH] 9 = BLOWING SNOW
X = TORNADO
MAX 32 OR BELOW: 0 0.01 INCH OR MORE: 7
MAX 90 OR ABOVE: 0 0.10 INCH OR MORE: 5
MIN 32 OR BELOW: 0 0.50 INCH OR MORE: 1
MIN 0 OR BELOW: 0 1.00 INCH OR MORE: 0
[HDD (BASE 65) ]
TOTAL THIS MO. 110 CLEAR (SCALE 0-3) 14
DPTR FM NORMAL -128 PTCLDY (SCALE 4-7) 13
TOTAL FM JUL 1 134 CLOUDY (SCALE 8-10) 4
DPTR FM NORMAL -229
[CDD (BASE 65) ]
TOTAL THIS MO. 3
DPTR FM NORMAL 0 [PRESSURE DATA]
TOTAL FM JAN 1 1097 HIGHEST SLP 30.24 ON 3
DPTR FM NORMAL 21 LOWEST SLP 29.83 ON 22
[REMARKS]
#FINAL-12-23#