649
CXAK56 PAFC 290635
CF6SNP
PRELIMINARY LOCAL CLIMATOLOGICAL DATA (WS FORM: F-6)
STATION: SAINT PAUL ISLAND
MONTH: SEPTEMBER
YEAR: 2020
LATITUDE: 57 9 N
LONGITUDE: 170 13 W
TEMPERATURE IN F: :PCPN: SNOW: WIND :SUNSHINE: SKY :PK WND
================================================================================
1 2 3 4 5 6A 6B 7 8 9 10 11 12 13 14 15 16 17 18
12Z AVG MX 2MIN
DY MAX MIN AVG DEP HDD CDD WTR SNW DPTH SPD SPD DIR MIN PSBL S-S WX SPD DR
================================================================================
1 M 44 M M M M 0.02 M M 8.4 13 270 M M 7 M M
2 M 42 M M M M 0.01 M M 9.1 13 330 M M 5 22 300
3 M 42 M M M M 0.00 M M 9.4 14 160 M M 2 M M
4 M M M M M M 0.01 M M 14.4 16 110 M M 1 M M
5 M M M M M M 0.00 M M 18.0 23 50 M M 1 31 50
6 M M M M M M 0.63 M M 22.0 32 30 M M 9 18 47 20
7 M M M M M M 0.04 M M 18.0 24 290 M M 9 18 36 310
8 M M M M M M 0.01 M M 9.4 15 260 M M 8 M M
9 54 47 51 4 14 0 T M M 6.8 12 160 M M 1 12 M M
10 51 46 49 2 16 0 0.00 M M 11.2 15 150 M M 7 M M
11 52 42 47 1 18 0 0.00 M M 7.6 17 150 M M 5 M M
12 49 47 48 2 17 0 0.35 M M 20.1 25 150 M M 10 1 31 160
13 51 49 50 4 15 0 0.03 M M 20.1 23 160 M M 10 1 32 160
14 52 46 49 3 16 0 0.70 M M 12.2 23 300 M M 9 1 30 M
15 53 45 49 3 16 0 T M M 9.8 15 180 M M 9 1 M M
16 53 43 48 3 17 0 0.00 M M 8.3 16 330 M M 9 1 M M
17 54 46 50 5 15 0 0.08 M M 17.8 24 280 M M 8 35 280
18 55 39 47 2 18 0 T M M 12.3 18 260 M M 4 25 260
19 52 36 44 -1 21 0 0.08 M M 11.2 24 140 M M 4 37 150
20 50 47 49 5 16 0 0.56 M M 26.1 29 30 M M 10 1 44 40
21 51 43 47 3 18 0 0.02 M M 22.8 30 10 M M 8 1 39 30
22 50 44 47 3 18 0 0.06 M M 20.1 25 350 M M 8 36 350
23 50 42 46 2 19 0 0.05 M M 13.1 18 340 M M 8 M M
24 50 37 44 0 21 0 T M M 7.4 13 340 M M 7 M M
25 50 31 41 -2 24 0 0.00 M M 6.4 10 360 M M 1 M M
26 48 36 42 -1 23 0 0.08 M M 15.1 22 350 M M 6 1 38 M
27 46 37 42 -1 23 0 0.08 M M 23.4 32 350 M M 7 1 43 330
28 48 34 41 -1 24 0 0.01 M M 16.1 22 350 M M 7 36 M
29 48 33 41 -1 24 0 T M M 10.6 18 40 M M 9 25 40
30 44 42 43 1 22 0 T M M 23.1 31 360 M M 10 41 350
================================================================================
SM 1111 1040 415 0 2.82 M 430.5 M 199
================================================================================
AV 50.5 41.6 14.3 FASTST M M 7 MAX(MPH)
MISC ----> # 32 30 47 20
================================================================================
NOTES:
# LAST OF SEVERAL OCCURRENCES
COLUMN 17 PEAK WIND IN M.P.H.
PRELIMINARY LOCAL CLIMATOLOGICAL DATA (WS FORM: F-6) , PAGE 2
STATION: SAINT PAUL ISLAND
MONTH: SEPTEMBER
YEAR: 2020
LATITUDE: 57 9 N
LONGITUDE: 170 13 W
[TEMPERATURE DATA] [PRECIPITATION DATA] SYMBOLS USED IN COLUMN 16
AVERAGE MONTHLY: 46.1 TOTAL FOR MONTH: 2.82 1 = FOG OR MIST
DPTR FM NORMAL: 0.8 DPTR FM NORMAL: -0.17 2 = FOG REDUCING VISIBILITY
HIGHEST: 55 ON 18 GRTST 24HR 0.70 ON 14-14 TO 1/4 MILE OR LESS
LOWEST: 31 ON 25 3 = THUNDER
SNOW, ICE PELLETS, HAIL 4 = ICE PELLETS
TOTAL MONTH: M 5 = HAIL
GRTST 24HR M ON M 6 = FREEZING RAIN OR DRIZZLE
GRTST DEPTH: M ON M 7 = DUSTSTORM OR SANDSTORM:
VSBY 1/2 MILE OR LESS
8 = SMOKE OR HAZE
[NO. OF DAYS WITH] [WEATHER - DAYS WITH] 9 = BLOWING SNOW
X = TORNADO
MAX 32 OR BELOW: 0 0.01 INCH OR MORE: 18
MAX 90 OR ABOVE: 0 0.10 INCH OR MORE: 4
MIN 32 OR BELOW: 1 0.50 INCH OR MORE: 3
MIN 0 OR BELOW: 0 1.00 INCH OR MORE: 0
[HDD (BASE 65) ]
TOTAL THIS MO. 415 CLEAR (SCALE 0-3) 5
DPTR FM NORMAL -175 PTCLDY (SCALE 4-7) 14
TOTAL FM JUL 1 977 CLOUDY (SCALE 8-10) 11
DPTR FM NORMAL -667
[CDD (BASE 65) ]
TOTAL THIS MO. 0
DPTR FM NORMAL 0 [PRESSURE DATA]
TOTAL FM JAN 1 2 HIGHEST SLP M ON M
DPTR FM NORMAL 2 LOWEST SLP M ON M
[REMARKS]
#FINAL-09-20#