000
CXUS56 KMTR 012142
CF6SNS
PRELIMINARY LOCAL CLIMATOLOGICAL DATA (WS FORM: F-6)
STATION: SALINAS AIRPORT
MONTH: MARCH
YEAR: 2021
LATITUDE: 36 40 N
LONGITUDE: 121 36 W
TEMPERATURE IN F: :PCPN: SNOW: WIND :SUNSHINE: SKY :PK WND
================================================================================
1 2 3 4 5 6A 6B 7 8 9 10 11 12 13 14 15 16 17 18
12Z AVG MX 2MIN
DY MAX MIN AVG DEP HDD CDD WTR SNW DPTH SPD SPD DIR MIN PSBL S-S WX SPD DR
================================================================================
1 66 43 55 1 10 0 0.00 M M 9.7 22 130 M M 0 26 130
2 66 38 52 -2 13 0 0.00 M M 6.8 17 320 M M 0 21 130
3 63 45 54 0 11 0 0.00 M M 6.8 22 310 M M 2 26 330
4 63 40 52 -2 13 0 0.00 M M 8.1 18 140 M M 1 1 21 140
5 65 39 52 -2 13 0 0.00 M M 5.7 16 290 M M 1 20 310
6 61 49 55 1 10 0 0.05 M M 8.6 16 290 M M 5 1 21 270
7 62 37 50 -4 15 0 0.00 M M 6.2 17 270 M M 0 22 270
8 59 43 51 -3 14 0 0.00 M M 6.1 17 310 M M 5 21 300
9 61 40 51 -3 14 0 0.27 M M 9.4 20 280 M M 5 1 24 270
10 55 44 50 -4 15 0 0.33 M M 7.7 16 140 M M 6 20 280
11 60 42 51 -3 14 0 T M M 5.7 16 50 M M 5 20 20
12 63 45 54 0 11 0 0.00 M M 6.2 17 300 M M 5 21 290
13 58 50 54 -1 11 0 0.00 M M 10.3 17 290 M M 10 20 310
14 62 48 55 0 10 0 0.12 M M 8.2 23 290 M M 9 1 29 300
15 54 41 48 -7 17 0 T M M 12.2 31 290 M M 5 40 290
16 58 37 48 -7 17 0 0.00 M M 6.2 17 290 M M 4 20 290
17 57 38 48 -7 17 0 0.00 M M 6.3 15 320 M M 5 20 310
18 64 46 55 0 10 0 0.17 M M 5.5 20 150 M M 8 1 23 140
19 57 48 53 -2 12 0 0.03 M M 6.3 14 260 M M 9 1 17 260
20 59 41 50 -5 15 0 0.00 M M 7.5 18 270 M M 1 24 280
21 62 42 52 -3 13 0 0.00 M M 8.3 17 270 M M 1 21 280
22 61 49 55 0 10 0 0.00 M M 11.6 21 270 M M 6 27 260
23 71 43 57 2 8 0 0.00 M M 9.8 22 260 M M 0 28 260
24 70 37 54 -1 11 0 0.00 M M 7.4 18 280 M M 3 24 270
25 57 50 54 -1 11 0 T M M 14.1 24 270 M M 10 30 290
26 72 40 56 1 9 0 0.00 M M 6.0 16 320 M M 1 20 290
27 79 43 61 6 4 0 0.00 M M 7.8 20 300 M M 0 25 300
28 77 43 60 5 5 0 0.00 M M 7.0 17 300 M M 1 21 290
29 62 46 54 -1 11 0 0.00 M M 7.6 16 290 M M 5 1 24 290
30 83 40 62 7 3 0 0.00 M M 5.0 17 300 M M 0 21 270
31 87 47 67 11 0 2 0.00 M M 9.9 21 130 M M 0 27 130
================================================================================
SM 1994 1334 347 2 0.97 M 244.0 M 113
================================================================================
AV 64.3 43.0 7.9 FASTST M M 4 MAX(MPH)
MISC ----> 31 290 40 290
================================================================================
NOTES:
# LAST OF SEVERAL OCCURRENCES
COLUMN 17 PEAK WIND IN M.P.H.
PRELIMINARY LOCAL CLIMATOLOGICAL DATA (WS FORM: F-6) , PAGE 2
STATION: SALINAS AIRPORT
MONTH: MARCH
YEAR: 2021
LATITUDE: 36 40 N
LONGITUDE: 121 36 W
[TEMPERATURE DATA] [PRECIPITATION DATA] SYMBOLS USED IN COLUMN 16
AVERAGE MONTHLY: 53.7 TOTAL FOR MONTH: 0.97 1 = FOG OR MIST
DPTR FM NORMAL: -1.0 DPTR FM NORMAL: -1.29 2 = FOG REDUCING VISIBILITY
HIGHEST: 87 ON 31 GRTST 24HR 0.58 ON 9-10 TO 1/4 MILE OR LESS
LOWEST: 37 ON 24,16 3 = THUNDER
SNOW, ICE PELLETS, HAIL 4 = ICE PELLETS
TOTAL MONTH: M 5 = HAIL
GRTST 24HR M ON M 6 = FREEZING RAIN OR DRIZZLE
GRTST DEPTH: M ON M 7 = DUSTSTORM OR SANDSTORM:
VSBY 1/2 MILE OR LESS
8 = SMOKE OR HAZE
[NO. OF DAYS WITH] [WEATHER - DAYS WITH] 9 = BLOWING SNOW
X = TORNADO
MAX 32 OR BELOW: 0 0.01 INCH OR MORE: 6
MAX 90 OR ABOVE: 0 0.10 INCH OR MORE: 4
MIN 32 OR BELOW: 0 0.50 INCH OR MORE: 0
MIN 0 OR BELOW: 0 1.00 INCH OR MORE: 0
[HDD (BASE 65) ]
TOTAL THIS MO. 347 CLEAR (SCALE 0-3) 15
DPTR FM NORMAL 27 PTCLDY (SCALE 4-7) 11
TOTAL FM JUL 1 1725 CLOUDY (SCALE 8-10) 5
DPTR FM NORMAL -411
[CDD (BASE 65) ]
TOTAL THIS MO. 2
DPTR FM NORMAL 1 [PRESSURE DATA]
TOTAL FM JAN 1 3 HIGHEST SLP 30.38 ON 13
DPTR FM NORMAL 2 LOWEST SLP 29.79 ON 3
[REMARKS]
#FINAL-03-21#