000
CXUS56 KMTR 010845
CLMSNS
CLIMATE REPORT
NATIONAL WEATHER SERVICE SAN FRANCISCO BAY AREA
145 AM PDT MON MAY 01 2023
...................................
...THE SALINAS AIRPORT CLIMATE SUMMARY FOR THE MONTH OF APRIL 2023...
CLIMATE NORMAL PERIOD: 1991 TO 2020
CLIMATE RECORD PERIOD: 1930 TO 2023
WEATHER OBSERVED NORMAL DEPART LAST YEAR`S
VALUE DATE(S) VALUE FROM VALUE DATE(S)
NORMAL
................................................................
TEMPERATURE (F)
RECORD
HIGH 100 04/26/2004
LOW 29 04/09/1933
HIGHEST 81 04/21 95 04/07
LOWEST 37 04/04 36 04/12
AVG. MAXIMUM 66.1 67.1 -1.0 69.2
AVG. MINIMUM 47.2 46.4 0.8 47.5
MEAN 56.6 56.7 -0.1 58.4
DAYS MAX >= 90 0 2
DAYS MAX <= 32 0 0
DAYS MIN <= 32 0 0
DAYS MIN <= 0 0 0
PRECIPITATION (INCHES)
TOTALS 0.03R 0.95 -0.92 0.44
DAILY AVG. 0.00 0.01
DAYS >= .01 2 4
DAYS >= .10 0 2
DAYS >= .50 0 0
DAYS >= 1.00 0 0
GREATEST
24 HR. TOTAL 0.02 04/18 TO 04/18 0.22 04/16 TO 04/16
04/07 TO 04/07
04/18 TO 04/18
DEGREE DAYS
HEATING TOTAL 244 252 -8 206
SINCE 7/1 2336 2337 -1 MM
COOLING TOTAL 0 5 -5 14
SINCE 1/1 0 6 -6 MM
................................................................
WIND (MPH)
AVERAGE WIND SPEED 8.2
RESULTANT WIND SPEED/DIRECTION 6/290
HIGHEST WIND SPEED/DIRECTION 31/290 DATE 04/03
HIGHEST GUST SPEED/DIRECTION 42/290 DATE 04/03
SKY COVER
POSSIBLE SUNSHINE (PERCENT) MM
AVERAGE SKY COVER 0.34
NUMBER OF DAYS FAIR 16
NUMBER OF DAYS PC 11
NUMBER OF DAYS CLOUDY 3
AVERAGE RH (PERCENT) 67
WEATHER CONDITIONS. NUMBER OF DAYS WITH
THUNDERSTORM 0 MIXED PRECIP 0
HEAVY RAIN 0 RAIN 0
LIGHT RAIN 4 FREEZING RAIN 0
LT FREEZING RAIN 0 HAIL 0
HEAVY SNOW 0 SNOW 0
LIGHT SNOW 0 SLEET 0
FOG 14 FOG W/VIS <= 1/4 MILE 3
HAZE 4
- INDICATES NEGATIVE NUMBERS.
R INDICATES RECORD WAS SET OR TIED.
MM INDICATES DATA IS MISSING.
T INDICATES TRACE AMOUNT.
$$