000
CXUS55 KPUB 011210
CF6SPD
PRELIMINARY LOCAL CLIMATOLOGICAL DATA (WS FORM: F-6)
STATION: SPRINGFIELD CO
MONTH: AUGUST
YEAR: 2022
LATITUDE: 37 16 N
LONGITUDE: 102 37 W
TEMPERATURE IN F: :PCPN: SNOW: WIND :SUNSHINE: SKY :PK WND
================================================================================
1 2 3 4 5 6A 6B 7 8 9 10 11 12 13 14 15 16 17 18
12Z AVG MX 2MIN
DY MAX MIN AVG DEP HDD CDD WTR SNW DPTH SPD SPD DIR MIN PSBL S-S WX SPD DR
================================================================================
1 95 65 80 5 0 15 0.00 M M 6.8 22 180 M M 0 29 180
2 98 64 81 6 0 16 0.00 M M 7.6 18 180 M M 0 22 190
3 95 69 82 7 0 17 0.00 M M 12.5 28 360 M M 0 44 10
4 93 65 79 4 0 14 0.00 M M 4.9 18 110 M M 0 24 110
5 100 66 83 8 0 18 0.00 M M 13.9 30 190 M M M 39 190
6 100 67 84 9 0 19 0.00 M M 9.8 23 190 M M M 33 190
7 101 66 84 9 0 19 0.21 M M 12.4 28 360 M M M 37 310
8 85 65 75 0 0 10 0.00 M M 6.5 18 270 M M M 31 280
9 93 58 76 1 0 11 0.00 M M 5.8 20 130 M M 0 26 130
10 91 58 75 1 0 10 0.00 M M 8.1 18 130 M M 0 26 190
11 93 60 77 3 0 12 0.00 M M 10.0 21 130 M M 0 29 140
12 96 56 76 2 0 11 0.00 M M 11.4 23 190 M M 0 33 200
13 98 64 81 7 0 16 0.00 M M 12.6 24 170 M M 0 32 220
14 100 65 83 9 0 18 0.00 M M 12.3 22 180 M M 0 32 200
15 99 62 81 7 0 16 0.00 M M 10.4 24 340 M M 0 33 330
16 85 63 74 0 0 9 2.03 M M 7.1 26 230 M M 0 37 250
17 74 63 69 -5 0 4 0.41 M M 6.5 13 50 M M 0 17 50
18 86 59 73 0 0 8 0.00 M M 4.3 12 200 M M 0 16 190
19 90 61 76 3 0 11 0.00 M M 7.6 20 290 M M 0 26 290
20 77 60 69 -4 0 4 0.00 M M 7.7 21 80 M M 0 27 80
21 78 56 67 -6 0 2 0.00 M M 5.7 13 170 M M 0 22 120
22 81 56 69 -4 0 4 0.00 M M 4.2 12 130 M M 0 18 110
23 85 53 69 -4 0 4 0.00 M M 4.8 12 70 M M 0 18 70
24 85 53 69 -3 0 4 0.00 M M 7.2 15 180 M M 0 19 190
25 87 54 71 -1 0 6 0.00 M M 9.7 18 140 M M 0 26 170
26 88 55 72 0 0 7 0.00 M M 14.7 28 170 M M 0 37 170
27 90 60 75 3 0 10 0.00 M M 6.8 20 190 M M 0 29 220
28 95 58 77 5 0 12 0.00 M M 7.1 16 290 M M 0 20 290
29 92 63 78 6 0 13 0.00 M M 9.0 20 70 M M 0 31 40
30 88 59 74 3 0 9 0.00 M M 9.2 16 10 M M 0 22 70
31 89 59 74 3 0 9 0.37 M M 11.1 36 360 M M 0 53 10
================================================================================
SM 2807 1882 0 338 3.02 M 267.7 M 0
================================================================================
AV 90.5 60.7 8.6 FASTST M M 0 MAX(MPH)
MISC ----> 36 360 53 10
================================================================================
NOTES:
# LAST OF SEVERAL OCCURRENCES
COLUMN 17 PEAK WIND IN M.P.H.
PRELIMINARY LOCAL CLIMATOLOGICAL DATA (WS FORM: F-6) , PAGE 2
STATION: SPRINGFIELD CO
MONTH: AUGUST
YEAR: 2022
LATITUDE: 37 16 N
LONGITUDE: 102 37 W
[TEMPERATURE DATA] [PRECIPITATION DATA] SYMBOLS USED IN COLUMN 16
AVERAGE MONTHLY: 75.6 TOTAL FOR MONTH: 3.02 1 = FOG OR MIST
DPTR FM NORMAL: 2.1 DPTR FM NORMAL: 0.49 2 = FOG REDUCING VISIBILITY
HIGHEST: 101 ON 7 GRTST 24HR 2.44 ON 16-17 TO 1/4 MILE OR LESS
LOWEST: 53 ON 24,23 3 = THUNDER
SNOW, ICE PELLETS, HAIL 4 = ICE PELLETS
TOTAL MONTH: M 5 = HAIL
GRTST 24HR M ON M 6 = FREEZING RAIN OR DRIZZLE
GRTST DEPTH: M ON M 7 = DUSTSTORM OR SANDSTORM:
VSBY 1/2 MILE OR LESS
8 = SMOKE OR HAZE
[NO. OF DAYS WITH] [WEATHER - DAYS WITH] 9 = BLOWING SNOW
X = TORNADO
MAX 32 OR BELOW: 0 0.01 INCH OR MORE: 4
MAX 90 OR ABOVE: 18 0.10 INCH OR MORE: 4
MIN 32 OR BELOW: 0 0.50 INCH OR MORE: 1
MIN 0 OR BELOW: 0 1.00 INCH OR MORE: 1
[HDD (BASE 65) ]
TOTAL THIS MO. 0 CLEAR (SCALE 0-3) 27
DPTR FM NORMAL -6 PTCLDY (SCALE 4-7) 0
TOTAL FM JUL 1 0 CLOUDY (SCALE 8-10) 4
DPTR FM NORMAL -3
[CDD (BASE 65) ]
TOTAL THIS MO. 338
DPTR FM NORMAL 68 [PRESSURE DATA]
TOTAL FM JAN 1 1187 HIGHEST SLP 30.14 ON 17
DPTR FM NORMAL 330 LOWEST SLP 29.62 ON 28
[REMARKS]
#FINAL-08-22#