000
CXUS53 KILX 130207 CCA
CLMSPI

CLIMATE REPORT...CORRECTED
NATIONAL WEATHER SERVICE LINCOLN IL
806 PM CST FRI DEC 12 2014

CORRECTED SNOWFALL DATA

...................................

...THE SPRINGFIELD IL CLIMATE SUMMARY FOR THE MONTH OF NOVEMBER 2014...

CLIMATE NORMAL PERIOD 1981 TO 2010
CLIMATE RECORD PERIOD 1879 TO 2014

WEATHER         OBSERVED          NORMAL  DEPART  LAST YEAR`S
                 VALUE   DATE(S)  VALUE   FROM    VALUE
                                          NORMAL
.............................................................
TEMPERATURE (F)
RECORD
 HIGH              83   11/01/1950
 LOW               -3   11/30/1964
HIGHEST            69   11/03        51      18       74
LOWEST              9   11/27        34     -25        8
AVG. MAXIMUM     46.2              52.3    -6.1     49.0
AVG. MINIMUM     26.4              33.9    -7.5     28.8
MEAN             36.3              43.1    -6.8     38.9
DAYS MAX >= 90      0               0.0     0.0        0
DAYS MAX <= 32      5               1.2     3.8        3
DAYS MIN <= 32     23              13.4     9.6       20
DAYS MIN <= 0       0               0.0     0.0        0

PRECIPITATION (INCHES)
RECORD
 MAXIMUM         6.94   1985
 MINIMUM         0.02   1904
TOTALS           1.86              3.21   -1.35     1.23
DAILY AVG.       0.06              0.11   -0.05     0.04
DAYS >= .01         8               9.6    -1.6        9
DAYS >= .10         5               6.0    -1.0        5
DAYS >= .50         1               2.4    -1.4        0
DAYS >= 1.00        0               0.7    -0.7        0
GREATEST
 24 HR. TOTAL    1.06   11/23 TO 11/24              1.06

SNOWFALL (INCHES)
RECORDS
 TOTAL            9.2   1926
TOTALS            3.7               0.6     3.1      0.7
SINCE 7/1         3.7               0.6     3.1      0.7
DAYS >= 1.0         1               0.2     0.8        0
GREATEST
 SNOW DEPTH         3   11/28                          1
                        11/27
 24 HR TOTAL      3.1   11/26                        0.7

DEGREE_DAYS
HEATING TOTAL     855               658     197      775
 SINCE 7/1       1236              1068     168     1182
COOLING TOTAL       0                 1      -1        0
 SINCE 1/1       1162              1122      40     1145
..............................................................

WIND (MPH)
AVERAGE WIND SPEED              12.0
HIGHEST WIND SPEED/DIRECTION    32/270    DATE  11/24
HIGHEST GUST SPEED/DIRECTION    40/170    DATE  11/10

SKY COVER
POSSIBLE SUNSHINE (PERCENT)   MM
AVERAGE SKY COVER           0.40
NUMBER OF DAYS FAIR           13
NUMBER OF DAYS PC             12
NUMBER OF DAYS CLOUDY          5

AVERAGE RH (PERCENT)     68

WEATHER CONDITIONS. NUMBER OF DAYS WITH
THUNDERSTORM              0     MIXED PRECIP               0
HEAVY RAIN                1     RAIN                       3
LIGHT RAIN                8     FREEZING RAIN              0
LT FREEZING RAIN          0     HAIL                       0
HEAVY SNOW                0     SNOW                       1
LIGHT SNOW                9     SLEET                      0
FOG                       8     FOG W/VIS <= 1/4 MILE      0
HAZE                      4

-  INDICATES NEGATIVE NUMBERS.
R  INDICATES RECORD WAS SET OR TIED.
MM INDICATES DATA IS MISSING.
T  INDICATES TRACE AMOUNT.

&&

RECORDS ESTABLISHED THIS MONTH:

* 8TH COLDEST NOVEMBER ON RECORD WITH 36.3 DEGREE AVERAGE TEMPERATURE

$$
GEELHART
