000
CXUS53 KILX 011648
CLMSPI


CLIMATE REPORT
NATIONAL WEATHER SERVICE LINCOLN IL
1002 AM CST THU DEC 1 2016

...................................

...THE SPRINGFIELD IL CLIMATE SUMMARY FOR THE MONTH OF NOVEMBER 2016...

CLIMATE NORMAL PERIOD 1981 TO 2010
CLIMATE RECORD PERIOD 1879 TO 2016

WEATHER         OBSERVED          NORMAL  DEPART  LAST YEAR`S
                 VALUE   DATE(S)  VALUE   FROM    VALUE
                                          NORMAL
.............................................................
TEMPERATURE (F)
RECORD
 HIGH              83   11/01/1950
 LOW               -3   11/30/1964
HIGHEST            82   11/02        51      31       73
                        11/01
LOWEST             23   11/21        34     -11       16
AVG. MAXIMUM     59.2              52.3     6.9     58.5
AVG. MINIMUM     39.7              33.9     5.8     38.3
MEAN             49.4              43.1     6.3     48.4
DAYS MAX >= 90      0               0.0     0.0        0
DAYS MAX <= 32      0               1.2    -1.2        0
DAYS MIN <= 32      6              13.4    -7.4       10
DAYS MIN <= 0       0               0.0     0.0        0

PRECIPITATION (INCHES)
RECORD
 MAXIMUM         6.94   1985
 MINIMUM         0.02   1904
TOTALS           2.14              3.21   -1.07     4.01
DAILY AVG.       0.07              0.11   -0.04     0.13
DAYS >= .01         7               9.6    -2.6       12
DAYS >= .10         6               6.0     0.0        8
DAYS >= .50         2               2.4    -0.4        3
DAYS >= 1.00        0               0.7    -0.7        1
GREATEST
 24 HR. TOTAL    0.78   11/22 TO 11/23              1.21

SNOWFALL (INCHES)
RECORDS
 TOTAL            9.2   1926
TOTALS            0.0               0.6    -0.6      0.5
SINCE 7/1         0.0               0.6    -0.6      0.5
DAYS >= 1.0         0               0.2    -0.2        0
GREATEST
 SNOW DEPTH         0   MM                            -1
 24 HR TOTAL      0.0   MM                           0.5

DEGREE_DAYS
HEATING TOTAL     477               658    -181      490
 SINCE 7/1        651              1068    -417      770
COOLING TOTAL      18                 1      17        0
 SINCE 1/1       1626              1122     504     1375
..............................................................

WIND (MPH)
AVERAGE WIND SPEED              9.0
HIGHEST WIND SPEED/DIRECTION    36/310    DATE  11/02
HIGHEST GUST SPEED/DIRECTION    47/310    DATE  11/02

SKY COVER
POSSIBLE SUNSHINE (PERCENT)   MM
AVERAGE SKY COVER           0.30
NUMBER OF DAYS FAIR           19
NUMBER OF DAYS PC              6
NUMBER OF DAYS CLOUDY          5

AVERAGE RH (PERCENT)     70

WEATHER CONDITIONS. NUMBER OF DAYS WITH
THUNDERSTORM              3     MIXED PRECIP               0
HEAVY RAIN                4     RAIN                       6
LIGHT RAIN                8     FREEZING RAIN              0
LT FREEZING RAIN          0     HAIL                       0
HEAVY SNOW                0     SNOW                       0
LIGHT SNOW                0     SLEET                      0
FOG                      15     FOG W/VIS <= 1/4 MILE      1
HAZE                      5

-  INDICATES NEGATIVE NUMBERS.
R  INDICATES RECORD WAS SET OR TIED.
MM INDICATES DATA IS MISSING.
T  INDICATES TRACE AMOUNT.

&&

RECORDS ESTABLISHED DURING NOVEMBER 2016:
- SET RECORD WARM LOW TEMPERATURE ON NOVEMBER 1 WITH 66 DEGREES.
- SET RECORD HIGH TEMPERATURE ON NOVEMBER 2 WITH 82 DEGREES.
- SET RECORD HIGH TEMPERATURE ON NOVEMBER 17 WITH 79 DEGREES.
- 4TH WARMEST NOVEMBER ON RECORD.


$$
