000
CXUS53 KILX 012313 CCA
CLMSPI

CLIMATE REPORT
NATIONAL WEATHER SERVICE LINCOLN IL
513 PM CST TUE MAR 1 2016

...CORRECTED THUNDERSTORM DAYS...

...................................

...THE SPRINGFIELD IL CLIMATE SUMMARY FOR THE MONTH OF FEBRUARY 2016...

CLIMATE NORMAL PERIOD 1981 TO 2010
CLIMATE RECORD PERIOD 1879 TO 2016

WEATHER         OBSERVED          NORMAL  DEPART  LAST YEAR`S
                 VALUE   DATE(S)  VALUE   FROM    VALUE
                                          NORMAL
.............................................................
TEMPERATURE (F)
RECORD
 HIGH              78   02/24/1930
 LOW              -24   02/13/1905
HIGHEST            74   02/20        39      35       57
LOWEST              7   02/13        23     -16      -14
                        02/10
AVG. MAXIMUM     44.4              39.9     4.5     30.5
AVG. MINIMUM     26.3              22.6     3.7     10.5
MEAN             35.4              31.2     4.2     20.5
DAYS MAX >= 90      0               0.0     0.0        0
DAYS MAX <= 32      7               7.2    -0.2       15
DAYS MIN <= 32     21              22.5    -1.5       26
DAYS MIN <= 0       0               1.3    -1.3        4

PRECIPITATION (INCHES)
RECORD
 MAXIMUM         7.92   1882
 MINIMUM         0.30   1907
TOTALS           1.24              1.81   -0.57     1.88
DAILY AVG.       0.04                MM      MM     0.07
DAYS >= .01         6               8.1    -2.1       11
DAYS >= .10         4               4.0     0.0        5
DAYS >= .50         0               1.0    -1.0        1
DAYS >= 1.00        0               0.2    -0.2        0
GREATEST
 24 HR. TOTAL    0.42   02/01 TO 02/02              0.60
                        02/02 TO 02/02
                        02/02 TO 02/03

SNOWFALL (INCHES)
RECORDS
 TOTAL           24.4   1900
TOTALS            8.3               5.5     2.8     22.6
SINCE 7/1        15.6              18.1    -2.5     30.2
DAYS >= 1.0         3               1.5     1.5        6
GREATEST
 SNOW DEPTH         4   02/15                         12
 24 HR TOTAL      3.3   MM                           8.9

DEGREE_DAYS
HEATING TOTAL     851               945     -94     1240
 SINCE 7/1       3426              4300    -874     4569
COOLING TOTAL       0                 0       0        0
 SINCE 1/1          0                 0       0        0
..............................................................

WIND (MPH)
AVERAGE WIND SPEED              11.0
HIGHEST WIND SPEED/DIRECTION    38/270    DATE  02/19
HIGHEST GUST SPEED/DIRECTION    50/280    DATE  02/19

SKY COVER
POSSIBLE SUNSHINE (PERCENT)   MM
AVERAGE SKY COVER           0.50
NUMBER OF DAYS FAIR           15
NUMBER OF DAYS PC              4
NUMBER OF DAYS CLOUDY         10

AVERAGE RH (PERCENT)     68

WEATHER CONDITIONS. NUMBER OF DAYS WITH
THUNDERSTORM              1     MIXED PRECIP               0
HEAVY RAIN                1     RAIN                       1
LIGHT RAIN                6     FREEZING RAIN              0
LT FREEZING RAIN          0     HAIL                       0
HEAVY SNOW                1     SNOW                       2
LIGHT SNOW                6     SLEET                      0
FOG                      14     FOG W/VIS <= 1/4 MILE      5
HAZE                      7

-  INDICATES NEGATIVE NUMBERS.
R  INDICATES RECORD WAS SET OR TIED.
MM INDICATES DATA IS MISSING.
T  INDICATES TRACE AMOUNT.

&&

RECORD HIGH TEMPERATURE OF 74 DEGREES WAS SET ON FEB 20TH.
RECORD HIGH TEMPERATURE OF 71 DEGREES WAS SET ON FEB 28TH.


$$
